CRAN Package Check Results for Package enaR

Last updated on 2014-04-24 03:47:43.

Flavor Version Tinstall Tcheck Ttotal Status Flags
r-devel-linux-x86_64-debian-clang 2.5 3.87 403.96 407.83 NOTE
r-devel-linux-x86_64-debian-gcc 2.5 3.64 386.11 389.75 NOTE
r-devel-linux-x86_64-fedora-clang 2.5 819.70 NOTE
r-devel-linux-x86_64-fedora-gcc 2.5 802.88 NOTE
r-devel-osx-x86_64-clang 2.5 566.82 NOTE
r-devel-osx-x86_64-gcc 2.5 WARN
r-devel-windows-ix86+x86_64 2.5 11.00 520.00 531.00 NOTE
r-patched-linux-x86_64 2.5 3.76 376.74 380.50 NOTE
r-patched-solaris-sparc 2.5 586.20 NOTE --no-vignettes
r-patched-solaris-x86 2.5 990.30 NOTE
r-release-linux-ix86 2.5 6.00 537.00 543.00 NOTE
r-release-linux-x86_64 2.5 3.72 373.45 377.17 NOTE
r-release-osx-x86_64-mavericks 2.5 WARN
r-release-osx-x86_64-snowleopard 2.5 NOTE
r-release-windows-ix86+x86_64 2.5 11.00 549.00 560.00 NOTE
r-oldrel-windows-ix86+x86_64 2.5 11.00 521.00 532.00 NOTE

Check Details

Version: 2.5
Check: dependencies in R code
Result: NOTE
    Packages in Depends field not imported from:
     ‘MASS’ ‘network’ ‘sna’ ‘stringr’ ‘xlsx’
     These packages need to be imported from (in the NAMESPACE file)
     for when this namespace is loaded but not attached.
    See the information on DESCRIPTION files in the chapter ‘Creating R
    packages’ of the ‘Writing R Extensions’ manual.
Flavors: r-devel-linux-x86_64-debian-clang, r-devel-linux-x86_64-debian-gcc, r-devel-linux-x86_64-fedora-clang, r-devel-linux-x86_64-fedora-gcc, r-devel-osx-x86_64-clang, r-devel-osx-x86_64-gcc, r-devel-windows-ix86+x86_64, r-patched-linux-x86_64, r-patched-solaris-x86, r-release-linux-ix86, r-release-linux-x86_64, r-release-osx-x86_64-mavericks, r-release-windows-ix86+x86_64, r-oldrel-windows-ix86+x86_64

Version: 2.5
Check: package dependencies
Result: NOTE
    Package suggested but not available for checking: ‘igraph’
Flavor: r-devel-osx-x86_64-gcc

Version: 2.5
Check: running R code from vignettes
Result: WARNING
    Errors in running code in vignettes:
    when running code in ‘enaR.Rnw’
     ...
    [1] 0.75
    
    > centralization(oyster, betweenness)
    [1] 0.41
    
    > library(igraph)
    
     When sourcing ‘enaR.R’:
    Error: there is no package called ‘igraph’
    Execution halted
Flavor: r-devel-osx-x86_64-gcc

Version: 2.5
Check: re-building of vignette outputs
Result: NOTE
    Error in re-building vignettes:
     ...
    Warning in pack(flow = flow.mat, input = inputs, export = exports, living = TRUE) :
     Missing model components: respiration, storage
    Warning in enaAscendency(oyster) :
     Model is missing either export or respiration. Calculations may not be correct.
    Warning in set.orient(user.orient) :
     NOTE: output of functions from a particular analytical school will be returned in the standard orientation of that school.
    Warning in enaAscendency(x) :
     Model is missing either export or respiration. Calculations may not be correct.
    Warning in enaAscendency(x) :
     Model is missing either export or respiration. Calculations may not be correct.
    Warning in set.orient("school") :
     NOTE: output of functions from a particular analytical school will be returned in the standard orientation of that school.
    Warning in enaAscendency(x) :
     Model is missing either export or respiration. Calculations may not be correct.
    Warning in enaAscendency(x) :
     Model is missing either export or respiration. Calculations may not be correct.
    Warning in enaAscendency(x) :
     Model is missing either export or respiration. Calculations may not be correct.
    Warning in enaAscendency(x) :
     Model is missing either export or respiration. Calculations may not be correct.
    
    Error: processing vignette 'enaR.Rnw' failed with diagnostics:
     chunk 52 (label = e)
    Error in library(igraph) : there is no package called ‘igraph’
    Execution halted
Flavor: r-devel-osx-x86_64-gcc

Version: 2.5
Flags: --no-vignettes
Check: dependencies in R code
Result: NOTE
    Packages in Depends field not imported from:
     ‘MASS’ ‘network’ ‘sna’ ‘stringr’ ‘xlsx’
     These packages need to be imported from (in the NAMESPACE file)
     for when this namespace is loaded but not attached.
    See the information on DESCRIPTION files in the chapter ‘Creating R
    packages’ of the ‘Writing R Extensions’ manual.
Flavor: r-patched-solaris-sparc

Version: 2.5
Check: re-building of vignette outputs
Result: NOTE
    Error in re-building vignettes:
     ...
    The following objects are masked from ‘package:network’:
    
     %c%, %s%, add.edges, add.vertices, delete.edges,
     delete.vertices, get.edge.attribute, get.edges,
     get.vertex.attribute, is.bipartite, is.directed,
     list.edge.attributes, list.vertex.attributes,
     set.edge.attribute, set.vertex.attribute
    
    The following objects are masked from ‘package:sna’:
    
     %c%, betweenness, bonpow, closeness, degree, dyad.census,
     evcent, hierarchy, is.connected, neighborhood, triad.census
    
    Error in texi2dvi(file = file, pdf = TRUE, clean = clean, quiet = quiet, :
     Running 'texi2dvi' on 'enaR.tex' failed.
    LaTeX errors:
    ! LaTeX Error: File `ucs.sty' not found.
    
    Type X to quit or <RETURN> to proceed,
    or enter new name. (Default extension: sty)
    
    st/enaR/vignettes/enaR.tex:11: ==> Fatal error occurred, no output PDF file pr
    oduced!
    Calls: buildVignettes -> texi2pdf -> texi2dvi
    Execution halted
Flavor: r-release-osx-x86_64-mavericks

Version: 2.5
Check: PDF version of manual
Result: WARNING
    LaTeX errors when creating PDF version.
    This typically indicates Rd problems.
    LaTeX errors found:
    ! LaTeX Error: File `upquote.sty' not found.
    
    Type X to quit or <RETURN> to proceed,
    or enter new name. (Default extension: sty)
    
    3e7bbc3/Rd2.tex:8: ==> Fatal error occurred, no output PDF file produced!
Flavor: r-release-osx-x86_64-mavericks

Version: 2.5
Check: re-building of vignette outputs
Result: NOTE
    Error in re-building vignettes:
     ...
    The following objects are masked from 'package:network':
    
     %c%, %s%, add.edges, add.vertices, delete.edges,
     delete.vertices, get.edge.attribute, get.edges,
     get.vertex.attribute, is.bipartite, is.directed,
     list.edge.attributes, list.vertex.attributes,
     set.edge.attribute, set.vertex.attribute
    
    The following objects are masked from 'package:sna':
    
     %c%, betweenness, bonpow, closeness, degree, dyad.census,
     evcent, hierarchy, is.connected, neighborhood, triad.census
    
    Error in texi2dvi(file = file, pdf = TRUE, clean = clean, quiet = quiet, :
     Running 'texi2dvi' on 'enaR.tex' failed.
    LaTeX errors:
    ! LaTeX Error: File `ucs.sty' not found.
    
    Type X to quit or <RETURN> to proceed,
    or enter new name. (Default extension: sty)
    
    enaR.Rcheck/vign_test/enaR/vignettes/enaR.tex:11: ==> Fatal error occurred, no
     output PDF file produced!
    Calls: buildVignettes -> texi2pdf -> texi2dvi
    Execution halted
Flavor: r-release-osx-x86_64-snowleopard