CRAN Package Check Results for Package enaR

Last updated on 2014-08-01 05:48:24.

Flavor Version Tinstall Tcheck Ttotal Status Flags
r-devel-linux-x86_64-debian-clang 2.7 1.80 349.06 350.86 OK
r-devel-linux-x86_64-debian-gcc 2.7 1.93 319.92 321.85 OK
r-devel-linux-x86_64-fedora-clang 2.7 758.45 OK
r-devel-linux-x86_64-fedora-gcc 2.7 719.23 OK
r-devel-osx-x86_64-clang 2.7 589.73 OK
r-devel-windows-ix86+x86_64 2.7 7.00 485.00 492.00 OK
r-patched-linux-x86_64 2.7 1.98 348.67 350.66 OK
r-patched-solaris-sparc 2.7 404.20 OK --no-vignettes
r-patched-solaris-x86 2.7 925.80 OK
r-release-linux-ix86 2.7 2.63 404.08 406.71 OK
r-release-linux-x86_64 2.7 1.96 341.52 343.48 OK
r-release-osx-x86_64-mavericks 2.7 NOTE
r-release-osx-x86_64-snowleopard 2.7 OK
r-release-windows-ix86+x86_64 2.7 11.00 725.00 736.00 OK
r-oldrel-windows-ix86+x86_64 2.7 12.00 677.00 689.00 OK

Check Details

Version: 2.7
Check: re-building of vignette outputs
Result: NOTE
    Error in re-building vignettes:
     ...
    The following objects are masked from package:network :
    
     %c%, %s%, add.edges, add.vertices, delete.edges,
     delete.vertices, get.edge.attribute, get.edges,
     get.vertex.attribute, is.bipartite, is.directed,
     list.edge.attributes, list.vertex.attributes,
     set.edge.attribute, set.vertex.attribute
    
    The following objects are masked from package:sna :
    
     %c%, betweenness, bonpow, closeness, degree, dyad.census,
     evcent, hierarchy, is.connected, neighborhood, triad.census
    
    Error in texi2dvi(file = file, pdf = TRUE, clean = clean, quiet = quiet, :
     Running 'texi2dvi' on 'enaR-vignette.tex' failed.
    LaTeX errors:
    ! LaTeX Error: File `ucs.sty' not found.
    
    Type X to quit or <RETURN> to proceed,
    or enter new name. (Default extension: sty)
    
    st/enaR/vignettes/enaR-vignette.tex:11: ==> Fatal error occurred, no output PD
    F file produced!
    Calls: buildVignettes -> texi2pdf -> texi2dvi
    Execution halted
Flavor: r-release-osx-x86_64-mavericks