CRAN Package Check Results for Package enaR

Last updated on 2014-07-25 10:51:57.

Flavor Version Tinstall Tcheck Ttotal Status Flags
r-devel-linux-x86_64-debian-clang 2.7 1.82 366.60 368.42 OK
r-devel-linux-x86_64-debian-gcc 2.7 1.81 329.46 331.27 OK
r-devel-linux-x86_64-fedora-clang 2.7 758.45 OK
r-devel-linux-x86_64-fedora-gcc 2.7 743.63 OK
r-devel-osx-x86_64-clang 2.7 581.19 OK
r-devel-windows-ix86+x86_64 2.7 8.00 509.00 517.00 OK
r-patched-linux-x86_64 2.7 1.93 334.84 336.77 OK
r-patched-solaris-sparc 2.7 358.20 OK --no-vignettes
r-patched-solaris-x86 2.7 896.40 OK
r-release-linux-ix86 2.7 2.68 410.86 413.54 OK
r-release-linux-x86_64 2.7 1.84 345.04 346.88 OK
r-release-osx-x86_64-mavericks 2.7 NOTE
r-release-osx-x86_64-snowleopard 2.7 OK
r-release-windows-ix86+x86_64 2.7 7.00 565.00 572.00 OK
r-oldrel-windows-ix86+x86_64 2.7 8.00 497.00 505.00 OK

Check Details

Version: 2.7
Check: re-building of vignette outputs
Result: NOTE
    Error in re-building vignettes:
     ...
    The following objects are masked from ‘package:network’:
    
     %c%, %s%, add.edges, add.vertices, delete.edges,
     delete.vertices, get.edge.attribute, get.edges,
     get.vertex.attribute, is.bipartite, is.directed,
     list.edge.attributes, list.vertex.attributes,
     set.edge.attribute, set.vertex.attribute
    
    The following objects are masked from ‘package:sna’:
    
     %c%, betweenness, bonpow, closeness, degree, dyad.census,
     evcent, hierarchy, is.connected, neighborhood, triad.census
    
    Error in texi2dvi(file = file, pdf = TRUE, clean = clean, quiet = quiet, :
     Running 'texi2dvi' on 'enaR-vignette.tex' failed.
    LaTeX errors:
    ! LaTeX Error: File `ucs.sty' not found.
    
    Type X to quit or <RETURN> to proceed,
    or enter new name. (Default extension: sty)
    
    st/enaR/vignettes/enaR-vignette.tex:11: ==> Fatal error occurred, no output PD
    F file produced!
    Calls: buildVignettes -> texi2pdf -> texi2dvi
    Execution halted
Flavor: r-release-osx-x86_64-mavericks