CRAN Package Check Results for Package enaR

Last updated on 2015-03-29 06:49:46.

Flavor Version Tinstall Tcheck Ttotal Status Flags
r-devel-linux-x86_64-debian-clang 2.8.1 2.33 31.28 33.60 NOTE
r-devel-linux-x86_64-debian-gcc 2.8.1 1.74 29.42 31.17 NOTE
r-devel-linux-x86_64-fedora-clang 2.8.1 64.02 NOTE
r-devel-linux-x86_64-fedora-gcc 2.8.1 62.88 NOTE
r-devel-osx-x86_64-clang 2.8.1 66.73 NOTE
r-prerel-windows-ix86+x86_64 2.8.1 9.00 49.00 58.00 NOTE
r-prerel-linux-x86_64 2.8.1 1.77 30.06 31.83 NOTE
r-prerel-solaris-sparc 2.8.1 414.80 NOTE --no-vignettes
r-prerel-solaris-x86 2.8.1 81.30 NOTE
r-release-linux-x86_64 2.8.1 2.04 35.25 37.29 OK
r-release-osx-x86_64-mavericks 2.8.1 OK
r-release-osx-x86_64-snowleopard 2.8.1 OK
r-release-windows-ix86+x86_64 2.8.1 8.00 56.00 64.00 OK
r-oldrel-windows-ix86+x86_64 2.8.1 9.00 88.00 97.00 OK

Check Details

Version: 2.8.1
Check: DESCRIPTION meta-information
Result: NOTE
    Malformed Description field: should contain one or more complete sentences.
Flavors: r-devel-linux-x86_64-debian-clang, r-devel-linux-x86_64-debian-gcc, r-devel-linux-x86_64-fedora-clang, r-devel-linux-x86_64-fedora-gcc, r-devel-osx-x86_64-clang, r-prerel-windows-ix86+x86_64, r-prerel-linux-x86_64, r-prerel-solaris-x86

Version: 2.8.1
Flags: --no-vignettes
Check: DESCRIPTION meta-information
Result: NOTE
    Malformed Description field: should contain one or more complete sentences.
Flavor: r-prerel-solaris-sparc