CRAN Package Check Results for Package enaR

Last updated on 2015-05-06 10:47:18.

Flavor Version Tinstall Tcheck Ttotal Status Flags
r-devel-linux-x86_64-debian-clang 2.8.1 2.18 32.08 34.26 NOTE
r-devel-linux-x86_64-debian-gcc 2.8.1 2.05 30.69 32.74 NOTE
r-devel-linux-x86_64-fedora-clang 2.8.1 64.59 NOTE
r-devel-linux-x86_64-fedora-gcc 2.8.1 61.29 NOTE
r-devel-osx-x86_64-clang 2.8.1 60.02 NOTE
r-devel-windows-ix86+x86_64 2.8.1 6.00 47.00 53.00 NOTE
r-patched-linux-x86_64 2.8.1 2.12 30.82 32.94 NOTE
r-patched-solaris-sparc 2.8.1 414.80 NOTE --no-vignettes
r-patched-solaris-x86 2.8.1 82.50 NOTE
r-release-linux-x86_64 2.8.1 1.94 30.68 32.63 NOTE
r-release-osx-x86_64-mavericks 2.8.1 NOTE
r-release-osx-x86_64-snowleopard 2.8.1 NOTE
r-release-windows-ix86+x86_64 2.8.1 7.00 44.00 51.00 NOTE
r-oldrel-windows-ix86+x86_64 2.8.1 10.00 83.00 93.00 OK

Check Details

Version: 2.8.1
Check: DESCRIPTION meta-information
Result: NOTE
    Malformed Description field: should contain one or more complete sentences.
Flavors: r-devel-linux-x86_64-debian-clang, r-devel-linux-x86_64-debian-gcc, r-devel-linux-x86_64-fedora-clang, r-devel-linux-x86_64-fedora-gcc, r-devel-osx-x86_64-clang, r-devel-windows-ix86+x86_64, r-patched-linux-x86_64, r-patched-solaris-x86, r-release-linux-x86_64, r-release-osx-x86_64-mavericks, r-release-osx-x86_64-snowleopard, r-release-windows-ix86+x86_64

Version: 2.8.1
Flags: --no-vignettes
Check: DESCRIPTION meta-information
Result: NOTE
    Malformed Description field: should contain one or more complete sentences.
Flavor: r-patched-solaris-sparc

Version: 2.8.1
Check: package dependencies
Result: NOTE
    Package suggested but not available for checking: ‘igraph’
Flavor: r-release-osx-x86_64-snowleopard