CRAN Package Check Results for Package enaR

Last updated on 2014-09-18 14:46:52.

Flavor Version Tinstall Tcheck Ttotal Status Flags
r-devel-linux-x86_64-debian-clang 2.7 2.04 341.53 343.56 NOTE
r-devel-linux-x86_64-debian-gcc 2.7 1.75 332.65 334.40 NOTE
r-devel-linux-x86_64-fedora-clang 2.7 747.33 NOTE
r-devel-linux-x86_64-fedora-gcc 2.7 686.02 NOTE
r-devel-osx-x86_64-clang 2.7 571.56 NOTE
r-devel-windows-ix86+x86_64 2.7 7.00 483.00 490.00 NOTE
r-patched-linux-x86_64 2.7 2.06 346.42 348.48 OK
r-patched-solaris-sparc 2.7 404.20 OK --no-vignettes
r-patched-solaris-x86 2.7 916.00 OK
r-release-linux-ix86 2.7 2.66 410.20 412.86 OK
r-release-linux-x86_64 2.7 2.06 348.16 350.23 OK
r-release-osx-x86_64-mavericks 2.7 NOTE
r-release-osx-x86_64-snowleopard 2.7 OK
r-release-windows-ix86+x86_64 2.7 7.00 537.00 544.00 OK
r-oldrel-windows-ix86+x86_64 2.7 7.00 474.00 481.00 OK

Check Details

Version: 2.7
Check: package namespace information
Result: NOTE
     Namespaces with empty importFrom:
     ‘MASS’ ‘gdata’ ‘network’ ‘sna’ ‘stringr’
Flavors: r-devel-linux-x86_64-debian-clang, r-devel-linux-x86_64-debian-gcc, r-devel-linux-x86_64-fedora-clang, r-devel-linux-x86_64-fedora-gcc, r-devel-osx-x86_64-clang, r-devel-windows-ix86+x86_64

Version: 2.7
Check: R code for possible problems
Result: NOTE
    TES: no visible global function definition for
     ‘list.network.attributes’
    TES: no visible global function definition for ‘%n%<-’
    TES: no visible global function definition for ‘%n%’
    TET: no visible global function definition for
     ‘list.network.attributes’
    TET: no visible global function definition for ‘%n%<-’
    TET: no visible global function definition for ‘%n%’
    as.extended: no visible global function definition for ‘%n%’
    as.extended: no visible global function definition for ‘%v%’
    bal: no visible global function definition for ‘ginv’
    balance: no visible global function definition for ‘%n%’
    balance: no visible global function definition for ‘%n%<-’
    balance: no visible global function definition for ‘%v%<-’
    balance: no visible global function definition for ‘%v%’
    enaAscendency: no visible global function definition for ‘%v%’
    enaControl: no visible global function definition for ‘%v%’
    enaControl: no visible global function definition for
     ‘list.network.attributes’
    enaControl: no visible global function definition for ‘%n%<-’
    enaControl: no visible global function definition for ‘%n%’
    enaControl: no visible global function definition for ‘ginv’
    enaEnviron: no visible global function definition for
     ‘list.network.attributes’
    enaEnviron: no visible global function definition for ‘%n%<-’
    enaEnviron: no visible global function definition for ‘%n%’
    enaFlow: no visible global function definition for
     ‘list.network.attributes’
    enaFlow: no visible global function definition for ‘%n%<-’
    enaFlow: no visible global function definition for ‘%n%’
    enaFlow: no visible global function definition for ‘%v%’
    enaFlow: no visible global function definition for ‘ginv’
    enaMTI: no visible global function definition for ‘%v%’
    enaMTI: no visible global function definition for ‘%n%’
    enaMTI: no visible global function definition for
     ‘list.network.attributes’
    enaMTI: no visible global function definition for ‘%n%<-’
    enaMTI: no visible global function definition for ‘ginv’
    enaStorage: no visible global function definition for ‘%v%’
    enaStorage: no visible global function definition for
     ‘list.network.attributes’
    enaStorage: no visible global function definition for ‘%n%<-’
    enaStorage: no visible global function definition for ‘%n%’
    enaStorage: no visible global function definition for ‘ginv’
    enaStructure: no visible global function definition for ‘%n%’
    enaUtility: no visible global function definition for ‘%v%’
    enaUtility: no visible global function definition for
     ‘list.network.attributes’
    enaUtility: no visible global function definition for ‘%n%<-’
    enaUtility: no visible global function definition for ‘%n%’
    enaUtility: no visible global function definition for ‘ginv’
    findPathLength : <anonymous>: no visible global function definition for
     ‘%v%’
    get.ns: no visible global function definition for
     ‘list.network.attributes’
    get.ns: no visible global function definition for ‘%n%<-’
    get.ns: no visible global function definition for ‘%n%’
    pack: no visible global function definition for ‘network’
    pack: no visible global function definition for ‘set.edge.attribute’
    pack: no visible global function definition for ‘set.vertex.attribute’
    pack: no visible global function definition for ‘%n%<-’
    read.enam: no visible global function definition for ‘read.xls’
    read.enam: no visible global function definition for ‘network’
    read.enam: no visible global function definition for
     ‘set.vertex.attribute’
    read.enam: no visible global function definition for ‘%v%<-’
    read.enam: no visible global function definition for ‘%n%<-’
    read.scor: no visible global function definition for ‘str_trim’
    read.wand: no visible global function definition for ‘read.xls’
    read.wand: no visible global function definition for ‘network’
    read.wand: no visible global function definition for
     ‘set.vertex.attribute’
    read.wand: no visible global function definition for ‘%v%<-’
    read.wand: no visible global function definition for ‘%n%<-’
    scc: no visible global function definition for ‘component.dist’
    ssCheck: no visible global function definition for
     ‘get.network.attribute’
    unpack: no visible global function definition for ‘%n%’
    unpack: no visible global function definition for ‘%v%’
Flavors: r-devel-linux-x86_64-debian-clang, r-devel-linux-x86_64-debian-gcc, r-devel-linux-x86_64-fedora-clang, r-devel-linux-x86_64-fedora-gcc, r-devel-osx-x86_64-clang, r-devel-windows-ix86+x86_64

Version: 2.7
Check: re-building of vignette outputs
Result: NOTE
    Error in re-building vignettes:
     ...
    The following objects are masked from ‘package:network’:
    
     %c%, %s%, add.edges, add.vertices, delete.edges,
     delete.vertices, get.edge.attribute, get.edges,
     get.vertex.attribute, is.bipartite, is.directed,
     list.edge.attributes, list.vertex.attributes,
     set.edge.attribute, set.vertex.attribute
    
    The following objects are masked from ‘package:sna’:
    
     %c%, betweenness, bonpow, closeness, degree, dyad.census,
     evcent, hierarchy, is.connected, neighborhood, triad.census
    
    Error in texi2dvi(file = file, pdf = TRUE, clean = clean, quiet = quiet, :
     Running 'texi2dvi' on 'enaR-vignette.tex' failed.
    LaTeX errors:
    ! LaTeX Error: File `ucs.sty' not found.
    
    Type X to quit or <RETURN> to proceed,
    or enter new name. (Default extension: sty)
    
    st/enaR/vignettes/enaR-vignette.tex:11: ==> Fatal error occurred, no output PD
    F file produced!
    Calls: buildVignettes -> texi2pdf -> texi2dvi
    Execution halted
Flavor: r-release-osx-x86_64-mavericks