CRAN Package Check Results for Package encryptr

Last updated on 2020-02-25 05:46:52 CET.

Flavor Version Tinstall Tcheck Ttotal Status Flags
r-devel-linux-x86_64-debian-clang 0.1.3 4.13 40.72 44.85 NOTE
r-devel-linux-x86_64-debian-gcc 0.1.3 3.38 30.94 34.32 NOTE
r-devel-linux-x86_64-fedora-clang 0.1.3 55.88 NOTE
r-devel-linux-x86_64-fedora-gcc 0.1.3 52.17 NOTE
r-devel-windows-ix86+x86_64 0.1.3 8.00 56.00 64.00 OK
r-devel-windows-ix86+x86_64-gcc8 0.1.3 13.00 85.00 98.00 OK
r-patched-linux-x86_64 0.1.3 3.57 37.15 40.72 OK
r-patched-solaris-x86 0.1.3 91.70 NOTE
r-release-linux-x86_64 0.1.3 2.78 36.87 39.65 OK
r-release-windows-ix86+x86_64 0.1.3 9.00 52.00 61.00 OK
r-release-osx-x86_64 0.1.3 NOTE
r-oldrel-windows-ix86+x86_64 0.1.3 6.00 55.00 61.00 OK
r-oldrel-osx-x86_64 0.1.3 NOTE

Check Details

Version: 0.1.3
Check: for non-standard things in the check directory
Result: NOTE
    Found the following files/directories:
     'file.path(temp_dir, gp2.csv)'
Flavors: r-devel-linux-x86_64-debian-clang, r-devel-linux-x86_64-debian-gcc, r-devel-linux-x86_64-fedora-clang, r-devel-linux-x86_64-fedora-gcc

Version: 0.1.3
Check: dependencies in R code
Result: NOTE
    Namespace in Imports field not imported from: ‘knitr’
     All declared Imports should be used.
Flavors: r-devel-linux-x86_64-fedora-clang, r-devel-linux-x86_64-fedora-gcc, r-patched-solaris-x86, r-release-osx-x86_64, r-oldrel-osx-x86_64