Last updated on 2022-08-12 06:49:19 CEST.
Flavor | Version | Tinstall | Tcheck | Ttotal | Status | Flags |
---|---|---|---|---|---|---|
r-devel-linux-x86_64-debian-clang | 0.1.3 | 4.96 | 67.72 | 72.68 | NOTE | |
r-devel-linux-x86_64-debian-gcc | 0.1.3 | 4.21 | 49.86 | 54.07 | NOTE | |
r-devel-linux-x86_64-fedora-clang | 0.1.3 | 85.57 | NOTE | |||
r-devel-linux-x86_64-fedora-gcc | 0.1.3 | 83.88 | NOTE | |||
r-devel-windows-x86_64 | 0.1.3 | 16.00 | 76.00 | 92.00 | OK | |
r-patched-linux-x86_64 | 0.1.3 | 8.91 | 61.89 | 70.80 | NOTE | |
r-release-linux-x86_64 | 0.1.3 | 5.09 | 63.43 | 68.52 | NOTE | |
r-release-macos-arm64 | 0.1.3 | 27.00 | NOTE | |||
r-release-macos-x86_64 | 0.1.3 | 51.00 | NOTE | |||
r-release-windows-x86_64 | 0.1.3 | 21.00 | 85.00 | 106.00 | OK | |
r-oldrel-macos-arm64 | 0.1.3 | 30.00 | NOTE | |||
r-oldrel-macos-x86_64 | 0.1.3 | 38.00 | NOTE | |||
r-oldrel-windows-ix86+x86_64 | 0.1.3 | 14.00 | 72.00 | 86.00 | OK |
Version: 0.1.3
Check: for non-standard things in the check directory
Result: NOTE
Found the following files/directories:
'file.path(temp_dir, gp2.csv)'
Flavors: r-devel-linux-x86_64-debian-clang, r-devel-linux-x86_64-debian-gcc, r-devel-linux-x86_64-fedora-clang, r-devel-linux-x86_64-fedora-gcc, r-patched-linux-x86_64, r-release-linux-x86_64
Version: 0.1.3
Check: dependencies in R code
Result: NOTE
Namespace in Imports field not imported from: ‘knitr’
All declared Imports should be used.
Flavors: r-devel-linux-x86_64-fedora-clang, r-devel-linux-x86_64-fedora-gcc, r-release-macos-arm64, r-release-macos-x86_64, r-oldrel-macos-arm64, r-oldrel-macos-x86_64