CRAN Package Check Results for Package endorse

Last updated on 2015-09-02 00:47:36.

Flavor Version Tinstall Tcheck Ttotal Status Flags
r-devel-linux-x86_64-debian-clang 1.4.1 5.55 12.51 18.06 NOTE
r-devel-linux-x86_64-debian-gcc 1.4.1 5.14 12.00 17.14 NOTE
r-devel-linux-x86_64-fedora-clang 1.4.1 32.94 NOTE
r-devel-linux-x86_64-fedora-gcc 1.4.1 28.97 NOTE
r-devel-osx-x86_64-clang 1.4.1 31.54 OK
r-devel-windows-ix86+x86_64 1.4.1 23.00 30.00 53.00 NOTE
r-patched-linux-x86_64 1.4.1 6.72 12.74 19.45 OK
r-patched-solaris-sparc 1.4.1 199.50 OK
r-patched-solaris-x86 1.4.1 51.30 OK
r-release-linux-x86_64 1.4.1 5.24 12.76 18.00 OK
r-release-osx-x86_64-mavericks 1.4.1 OK
r-release-windows-ix86+x86_64 1.4.1 20.00 30.00 50.00 OK
r-oldrel-windows-ix86+x86_64 1.4.1 25.00 35.00 60.00 OK

Check Details

Version: 1.4.1
Check: R code for possible problems
Result: NOTE
    .onAttach: no visible global function definition for
     ‘packageDescription’
    endorse: no visible global function definition for ‘model.matrix’
    endorse: no visible global function definition for ‘complete.cases’
    endorse.plot: no visible global function definition for ‘grey’
    endorse.plot: no visible global function definition for ‘rgb’
    endorse.plot: no visible global function definition for ‘barplot’
    Undefined global functions or variables:
     barplot complete.cases grey model.matrix packageDescription rgb
    Consider adding
     importFrom("grDevices", "grey", "rgb")
     importFrom("graphics", "barplot")
     importFrom("stats", "complete.cases", "model.matrix")
     importFrom("utils", "packageDescription")
    to your NAMESPACE.
Flavors: r-devel-linux-x86_64-debian-clang, r-devel-linux-x86_64-debian-gcc, r-devel-linux-x86_64-fedora-clang, r-devel-linux-x86_64-fedora-gcc, r-devel-windows-ix86+x86_64