CRAN Package Check Results for Package endorse

Last updated on 2017-02-26 10:47:53.

Flavor Version Tinstall Tcheck Ttotal Status Flags
r-devel-linux-x86_64-debian-clang 1.5.0 6.16 15.35 21.51 NOTE
r-devel-linux-x86_64-debian-gcc 1.5.0 6.21 15.35 21.56 NOTE
r-devel-linux-x86_64-fedora-clang 1.5.0 36.09 NOTE --no-stop-on-test-error
r-devel-linux-x86_64-fedora-gcc 1.5.0 30.81 NOTE --no-stop-on-test-error
r-devel-macos-x86_64-clang 1.5.0 33.33 NOTE --no-stop-on-test-error
r-devel-windows-ix86+x86_64 1.5.0 23.00 49.00 72.00 OK
r-patched-linux-x86_64 1.5.0 5.37 12.73 18.11 OK
r-patched-solaris-sparc 1.5.0 184.10 OK
r-patched-solaris-x86 1.5.0 42.30 OK
r-release-linux-x86_64 1.5.0 5.79 12.95 18.74 OK
r-release-osx-x86_64-mavericks 1.5.0 OK
r-release-windows-ix86+x86_64 1.5.0 21.00 51.00 72.00 OK
r-oldrel-windows-ix86+x86_64 1.5.0 22.00 33.00 55.00 OK

Check Details

Version: 1.5.0
Check: compiled code
Result: NOTE
    File ‘endorse/libs/endorse.so’:
     Found no calls to: ‘R_registerRoutines’, ‘R_useDynamicSymbols’
    
    It is good practice to register native routines and to disable symbol
    search.
    
    See ‘Writing portable packages’ in the ‘Writing R Extensions’ manual.
Flavors: r-devel-linux-x86_64-debian-clang, r-devel-linux-x86_64-debian-gcc

Version: 1.5.0
Flags: --no-stop-on-test-error
Check: compiled code
Result: NOTE
    File ‘endorse/libs/endorse.so’:
     Found no calls to: ‘R_registerRoutines’, ‘R_useDynamicSymbols’
    
    It is good practice to register native routines and to disable symbol
    search.
    
    See ‘Writing portable packages’ in the ‘Writing R Extensions’ manual.
Flavors: r-devel-linux-x86_64-fedora-clang, r-devel-linux-x86_64-fedora-gcc, r-devel-macos-x86_64-clang