CRAN Package Check Results for Package endorse

Last updated on 2015-06-30 18:47:12.

Flavor Version Tinstall Tcheck Ttotal Status Flags
r-devel-linux-x86_64-debian-clang 1.4.1 6.03 12.33 18.36 NOTE
r-devel-linux-x86_64-debian-gcc 1.4.1 5.18 12.01 17.19 NOTE
r-devel-linux-x86_64-fedora-clang 1.4.1 33.07 NOTE
r-devel-linux-x86_64-fedora-gcc 1.4.1 29.35 OK
r-devel-osx-x86_64-clang 1.4.1 34.77 OK
r-devel-windows-ix86+x86_64 1.4.1 27.00 41.00 68.00 NOTE
r-patched-linux-x86_64 1.4.1 5.24 12.48 17.72 OK
r-patched-solaris-sparc 1.4.1 205.20 OK
r-patched-solaris-x86 1.4.1 49.30 OK
r-release-linux-x86_64 1.4.1 5.24 12.76 18.00 OK
r-release-osx-x86_64-mavericks 1.4.1 OK
r-release-windows-ix86+x86_64 1.4.1 22.00 29.00 51.00 OK
r-oldrel-windows-ix86+x86_64 1.4.1 16.00 46.00 62.00 OK

Check Details

Version: 1.4.1
Check: R code for possible problems
Result: NOTE
    .onAttach: no visible global function definition for
     ‘packageDescription’
    endorse: no visible global function definition for ‘model.matrix’
    endorse: no visible global function definition for ‘complete.cases’
    endorse.plot: no visible global function definition for ‘grey’
    endorse.plot: no visible global function definition for ‘rgb’
    endorse.plot: no visible global function definition for ‘barplot’
Flavors: r-devel-linux-x86_64-debian-clang, r-devel-linux-x86_64-debian-gcc, r-devel-linux-x86_64-fedora-clang, r-devel-windows-ix86+x86_64