CRAN Package Check Results for Package endorse

Last updated on 2016-02-08 03:46:46.

Flavor Version Tinstall Tcheck Ttotal Status Flags
r-devel-linux-x86_64-debian-gcc 1.4.1 5.35 11.77 17.12 NOTE
r-devel-linux-x86_64-fedora-clang 1.4.1 31.78 NOTE
r-devel-linux-x86_64-fedora-gcc 1.4.1 28.44 NOTE
r-devel-osx-x86_64-clang 1.4.1 33.58 NOTE
r-devel-windows-ix86+x86_64 1.4.1 25.00 30.00 55.00 NOTE
r-patched-linux-x86_64 1.4.1 5.36 12.63 17.99 OK
r-patched-solaris-sparc 1.4.1 181.90 OK
r-patched-solaris-x86 1.4.1 45.00 OK
r-release-linux-x86_64 1.4.1 5.69 12.49 18.18 OK
r-release-osx-x86_64-mavericks 1.4.1 OK
r-release-windows-ix86+x86_64 1.4.1 22.00 30.00 52.00 OK
r-oldrel-windows-ix86+x86_64 1.4.1 24.00 43.00 67.00 OK

Check Details

Version: 1.4.1
Check: R code for possible problems
Result: NOTE
    .onAttach: no visible global function definition for
     ‘packageDescription’
    endorse: no visible global function definition for ‘model.matrix’
    endorse: no visible global function definition for ‘complete.cases’
    endorse.plot: no visible global function definition for ‘grey’
    endorse.plot: no visible global function definition for ‘rgb’
    endorse.plot: no visible global function definition for ‘barplot’
    Undefined global functions or variables:
     barplot complete.cases grey model.matrix packageDescription rgb
    Consider adding
     importFrom("grDevices", "grey", "rgb")
     importFrom("graphics", "barplot")
     importFrom("stats", "complete.cases", "model.matrix")
     importFrom("utils", "packageDescription")
    to your NAMESPACE file.
Flavors: r-devel-linux-x86_64-debian-gcc, r-devel-linux-x86_64-fedora-clang, r-devel-linux-x86_64-fedora-gcc, r-devel-osx-x86_64-clang, r-devel-windows-ix86+x86_64