CRAN Package Check Results for Package endorse

Last updated on 2016-06-30 06:46:58.

Flavor Version Tinstall Tcheck Ttotal Status Flags
r-devel-linux-x86_64-debian-gcc 1.4.1 6.60 14.31 20.91 NOTE
r-devel-linux-x86_64-fedora-clang 1.4.1 32.91 NOTE
r-devel-linux-x86_64-fedora-gcc 1.4.1 27.97 NOTE
r-devel-osx-x86_64-clang 1.4.1 32.18 NOTE
r-devel-windows-ix86+x86_64 1.4.1 15.00 44.00 59.00 NOTE
r-patched-linux-x86_64 1.4.1 6.43 13.16 19.59 NOTE
r-patched-solaris-sparc 1.4.1 182.30 NOTE
r-patched-solaris-x86 1.4.1 45.10 NOTE
r-release-linux-x86_64 1.4.1 5.30 13.25 18.56 NOTE
r-release-osx-x86_64-mavericks 1.4.1 NOTE
r-release-windows-ix86+x86_64 1.4.1 17.00 45.00 62.00 NOTE
r-oldrel-windows-ix86+x86_64 1.4.1 23.00 33.00 56.00 OK

Check Details

Version: 1.4.1
Check: R code for possible problems
Result: NOTE
    .onAttach: no visible global function definition for
     ‘packageDescription’
    endorse: no visible global function definition for ‘model.matrix’
    endorse: no visible global function definition for ‘complete.cases’
    endorse.plot: no visible global function definition for ‘grey’
    endorse.plot: no visible global function definition for ‘rgb’
    endorse.plot: no visible global function definition for ‘barplot’
    Undefined global functions or variables:
     barplot complete.cases grey model.matrix packageDescription rgb
    Consider adding
     importFrom("grDevices", "grey", "rgb")
     importFrom("graphics", "barplot")
     importFrom("stats", "complete.cases", "model.matrix")
     importFrom("utils", "packageDescription")
    to your NAMESPACE file.
Flavors: r-devel-linux-x86_64-debian-gcc, r-devel-linux-x86_64-fedora-clang, r-devel-linux-x86_64-fedora-gcc, r-devel-osx-x86_64-clang, r-devel-windows-ix86+x86_64, r-patched-linux-x86_64, r-patched-solaris-sparc, r-patched-solaris-x86, r-release-linux-x86_64, r-release-osx-x86_64-mavericks, r-release-windows-ix86+x86_64