CRAN Package Check Results for Package endorse

Last updated on 2016-09-30 15:47:12.

Flavor Version Tinstall Tcheck Ttotal Status Flags
r-devel-linux-x86_64-debian-clang 1.4.1 6.20 14.21 20.41 NOTE
r-devel-linux-x86_64-debian-gcc 1.4.1 6.23 14.13 20.36 NOTE
r-devel-linux-x86_64-fedora-clang 1.4.1 35.26 NOTE
r-devel-linux-x86_64-fedora-gcc 1.4.1 30.28 NOTE
r-devel-macos-x86_64-clang 1.4.1 28.91 NOTE
r-devel-windows-ix86+x86_64 1.4.1 16.00 42.00 58.00 NOTE
r-patched-linux-x86_64 1.4.1 5.44 13.18 18.62 NOTE
r-patched-solaris-sparc 1.4.1 182.30 NOTE
r-patched-solaris-x86 1.4.1 43.40 NOTE
r-release-linux-x86_64 1.4.1 5.50 13.21 18.71 NOTE
r-release-osx-x86_64-mavericks 1.4.1 NOTE
r-release-windows-ix86+x86_64 1.4.1 12.00 45.00 57.00 NOTE
r-oldrel-windows-ix86+x86_64 1.4.1 27.00 34.00 61.00 OK

Check Details

Version: 1.4.1
Check: R code for possible problems
Result: NOTE
    .onAttach: no visible global function definition for
     ‘packageDescription’
    endorse: no visible global function definition for ‘model.matrix’
    endorse: no visible global function definition for ‘complete.cases’
    endorse.plot: no visible global function definition for ‘grey’
    endorse.plot: no visible global function definition for ‘rgb’
    endorse.plot: no visible global function definition for ‘barplot’
    Undefined global functions or variables:
     barplot complete.cases grey model.matrix packageDescription rgb
    Consider adding
     importFrom("grDevices", "grey", "rgb")
     importFrom("graphics", "barplot")
     importFrom("stats", "complete.cases", "model.matrix")
     importFrom("utils", "packageDescription")
    to your NAMESPACE file.
Flavors: r-devel-linux-x86_64-debian-clang, r-devel-linux-x86_64-debian-gcc, r-devel-linux-x86_64-fedora-clang, r-devel-linux-x86_64-fedora-gcc, r-devel-macos-x86_64-clang, r-devel-windows-ix86+x86_64, r-patched-linux-x86_64, r-patched-solaris-sparc, r-patched-solaris-x86, r-release-linux-x86_64, r-release-osx-x86_64-mavericks, r-release-windows-ix86+x86_64