CRAN Package Check Results for Package endorse

Last updated on 2015-07-30 09:47:24.

Flavor Version Tinstall Tcheck Ttotal Status Flags
r-devel-linux-x86_64-debian-clang 1.4.1 5.48 12.77 18.24 NOTE
r-devel-linux-x86_64-debian-gcc 1.4.1 5.25 12.86 18.10 NOTE
r-devel-linux-x86_64-fedora-clang 1.4.1 34.82 NOTE
r-devel-linux-x86_64-fedora-gcc 1.4.1 29.83 NOTE
r-devel-osx-x86_64-clang 1.4.1 30.98 OK
r-devel-windows-ix86+x86_64 1.4.1 24.00 45.00 69.00 NOTE
r-patched-linux-x86_64 1.4.1 5.25 12.28 17.53 OK
r-patched-solaris-sparc 1.4.1 199.50 OK
r-patched-solaris-x86 1.4.1 48.70 OK
r-release-linux-x86_64 1.4.1 5.29 12.43 17.72 OK
r-release-osx-x86_64-mavericks 1.4.1 OK
r-release-windows-ix86+x86_64 1.4.1 23.00 42.00 65.00 OK
r-oldrel-windows-ix86+x86_64 1.4.1 23.00 32.00 55.00 OK

Check Details

Version: 1.4.1
Check: R code for possible problems
Result: NOTE
    .onAttach: no visible global function definition for
     ‘packageDescription’
    endorse: no visible global function definition for ‘model.matrix’
    endorse: no visible global function definition for ‘complete.cases’
    endorse.plot: no visible global function definition for ‘grey’
    endorse.plot: no visible global function definition for ‘rgb’
    endorse.plot: no visible global function definition for ‘barplot’
    Undefined global functions or variables:
     barplot complete.cases grey model.matrix packageDescription rgb
    Consider adding
     importFrom("grDevices", "grey", "rgb")
     importFrom("graphics", "barplot")
     importFrom("stats", "complete.cases", "model.matrix")
     importFrom("utils", "packageDescription")
    to your NAMESPACE.
Flavors: r-devel-linux-x86_64-debian-clang, r-devel-linux-x86_64-debian-gcc, r-devel-linux-x86_64-fedora-clang, r-devel-linux-x86_64-fedora-gcc, r-devel-windows-ix86+x86_64