CRAN Package Check Results for Package endorse

Last updated on 2014-04-18 03:47:15.

Flavor Version Tinstall Tcheck Ttotal Status Flags
r-devel-linux-x86_64-debian-clang 1.4.0 4.12 13.94 18.06 NOTE
r-devel-linux-x86_64-debian-gcc NOTE
r-devel-linux-x86_64-fedora-clang 1.4.0 35.30 NOTE
r-devel-linux-x86_64-fedora-gcc 1.4.0 33.00 NOTE
r-devel-macosx-x86_64-clang 1.4.0 36.67 NOTE
r-devel-macosx-x86_64-gcc 1.4.0 NOTE
r-devel-windows-ix86+x86_64 1.4.0 15.00 30.00 45.00 NOTE
r-patched-linux-x86_64 1.4.0 3.88 14.41 18.28 NOTE
r-patched-solaris-sparc 1.4.0 199.50 NOTE
r-patched-solaris-x86 1.4.0 54.30 NOTE
r-release-linux-ix86 1.4.0 10.00 29.00 39.00 NOTE
r-release-linux-x86_64 1.4.0 3.86 14.67 18.53 NOTE
r-release-windows-ix86+x86_64 1.4.0 17.00 38.00 55.00 NOTE
r-oldrel-windows-ix86+x86_64 1.4.0 16.00 30.00 46.00 NOTE

Check Details

Version: 1.4.0
Check: dependencies in R code
Result: NOTE
    Package in Depends field not imported from: ‘coda’
     These packages need to be imported from (in the NAMESPACE file)
     for when this namespace is loaded but not attached.
    See the information on DESCRIPTION files in the chapter ‘Creating R
    packages’ of the ‘Writing R Extensions’ manual.
Flavors: r-devel-linux-x86_64-debian-clang, r-devel-linux-x86_64-debian-gcc, r-devel-linux-x86_64-fedora-clang, r-devel-linux-x86_64-fedora-gcc, r-devel-macosx-x86_64-clang, r-devel-macosx-x86_64-gcc, r-devel-windows-ix86+x86_64, r-patched-linux-x86_64, r-patched-solaris-sparc, r-patched-solaris-x86, r-release-linux-ix86, r-release-linux-x86_64, r-release-windows-ix86+x86_64, r-oldrel-windows-ix86+x86_64