CRAN Package Check Results for Package energy

Last updated on 2017-05-25 23:52:42.

Flavor Version Tinstall Tcheck Ttotal Status Flags
r-devel-linux-x86_64-debian-clang 1.7-0 27.60 19.35 46.95 NOTE
r-devel-linux-x86_64-debian-gcc 1.7-0 26.82 18.92 45.74 NOTE
r-devel-linux-x86_64-fedora-clang 1.7-0 95.59 NOTE --no-stop-on-test-error
r-devel-linux-x86_64-fedora-gcc 1.7-0 83.56 NOTE --no-stop-on-test-error
r-devel-windows-ix86+x86_64 1.7-0 93.00 72.00 165.00 OK
r-patched-linux-x86_64 1.7-0 22.59 18.76 41.35 NOTE
r-patched-solaris-sparc 1.7-0 431.30 OK
r-patched-solaris-x86 1.7-0 90.10 OK --no-stop-on-test-error
r-release-linux-x86_64 1.7-0 22.32 18.81 41.13 NOTE
r-release-windows-ix86+x86_64 1.7-0 105.00 57.00 162.00 OK
r-release-osx-x86_64 1.7-0 OK
r-oldrel-windows-ix86+x86_64 1.7-0 114.00 53.00 167.00 OK
r-oldrel-osx-x86_64 1.7-0 OK

Check Details

Version: 1.7-0
Check: compiled code
Result: NOTE
    File ‘energy/libs/energy.so’:
     Found no calls to: ‘R_registerRoutines’, ‘R_useDynamicSymbols’
    
    It is good practice to register native routines and to disable symbol
    search.
    
    See ‘Writing portable packages’ in the ‘Writing R Extensions’ manual.
Flavors: r-devel-linux-x86_64-debian-clang, r-devel-linux-x86_64-debian-gcc, r-patched-linux-x86_64, r-release-linux-x86_64

Version: 1.7-0
Flags: --no-stop-on-test-error
Check: compiled code
Result: NOTE
    File ‘energy/libs/energy.so’:
     Found no calls to: ‘R_registerRoutines’, ‘R_useDynamicSymbols’
    
    It is good practice to register native routines and to disable symbol
    search.
    
    See ‘Writing portable packages’ in the ‘Writing R Extensions’ manual.
Flavors: r-devel-linux-x86_64-fedora-clang, r-devel-linux-x86_64-fedora-gcc