CRAN Package Check Results for Package energy

Last updated on 2015-08-31 19:47:39.

Flavor Version Tinstall Tcheck Ttotal Status Flags
r-devel-linux-x86_64-debian-clang 1.6.2 1.74 12.13 13.87 NOTE
r-devel-linux-x86_64-debian-gcc 1.6.2 1.95 11.94 13.90 NOTE
r-devel-linux-x86_64-fedora-clang 1.6.2 26.43 NOTE
r-devel-linux-x86_64-fedora-gcc 1.6.2 24.87 NOTE
r-devel-osx-x86_64-clang 1.6.2 25.59 OK
r-devel-windows-ix86+x86_64 1.6.2 19.00 42.00 61.00 NOTE
r-patched-linux-x86_64 1.6.2 1.96 12.12 14.08 OK
r-patched-solaris-sparc 1.6.2 171.90 OK
r-patched-solaris-x86 1.6.2 39.50 OK
r-release-linux-x86_64 1.6.2 2.02 12.51 14.52 OK
r-release-osx-x86_64-mavericks 1.6.2 OK
r-release-windows-ix86+x86_64 1.6.2 14.00 29.00 43.00 OK
r-oldrel-windows-ix86+x86_64 1.6.2 14.00 48.00 62.00 OK

Check Details

Version: 1.6.2
Check: R code for possible problems
Result: NOTE
    .dcov: no visible global function definition for ‘dist’
    .disco1: no visible global function definition for ‘model.matrix’
    BCDCOR: no visible global function definition for ‘dist’
    DCOR: no visible global function definition for ‘dist’
    dcor.ttest: no visible global function definition for ‘pt’
    dcov.test: no visible global function definition for ‘dist’
    disco: no visible global function definition for ‘dist’
    disco.between: no visible global function definition for ‘dist’
    edist: no visible global function definition for ‘as.dist’
    edist: no visible global function definition for ‘dist’
    edist: no visible global function definition for ‘model.matrix’
    energy.hclust: no visible global function definition for ‘as.dist’
    mvnorm.e: no visible global function definition for ‘var’
    mvnorm.etest : <anonymous>: no visible global function definition for
     ‘rnorm’
    normal.e: no visible global function definition for ‘pnorm’
    normal.e: no visible global function definition for ‘dnorm’
    poisson.mtest : <anonymous>: no visible global function definition for
     ‘rpois’
    Undefined global functions or variables:
     as.dist dist dnorm model.matrix pnorm pt rnorm rpois var
    Consider adding
     importFrom("stats", "as.dist", "dist", "dnorm", "model.matrix",
     "pnorm", "pt", "rnorm", "rpois", "var")
    to your NAMESPACE.
Flavors: r-devel-linux-x86_64-debian-clang, r-devel-linux-x86_64-debian-gcc, r-devel-linux-x86_64-fedora-clang, r-devel-linux-x86_64-fedora-gcc, r-devel-windows-ix86+x86_64