CRAN Package Check Results for Package energy

Last updated on 2017-02-25 15:52:23.

Flavor Version Tinstall Tcheck Ttotal Status Flags
r-devel-linux-x86_64-debian-clang 1.7-0 25.76 18.99 44.76 NOTE
r-devel-linux-x86_64-debian-gcc 1.7-0 23.93 18.72 42.65 NOTE
r-devel-linux-x86_64-fedora-clang 1.7-0 89.31 NOTE --no-stop-on-test-error
r-devel-linux-x86_64-fedora-gcc 1.7-0 77.99 NOTE --no-stop-on-test-error
r-devel-macos-x86_64-clang 1.7-0 66.10 NOTE --no-stop-on-test-error
r-devel-windows-ix86+x86_64 1.7-0 126.00 76.00 202.00 OK
r-patched-linux-x86_64 1.7-0 20.58 16.65 37.23 OK
r-patched-solaris-sparc 1.7-0 414.90 OK
r-patched-solaris-x86 1.7-0 86.00 OK
r-release-linux-x86_64 1.7-0 21.83 16.64 38.47 OK
r-release-osx-x86_64-mavericks 1.7-0 OK
r-release-windows-ix86+x86_64 1.7-0 120.00 61.00 181.00 OK
r-oldrel-windows-ix86+x86_64 1.7-0 108.00 47.00 155.00 OK

Check Details

Version: 1.7-0
Check: compiled code
Result: NOTE
    File ‘energy/libs/energy.so’:
     Found no calls to: ‘R_registerRoutines’, ‘R_useDynamicSymbols’
    
    It is good practice to register native routines and to disable symbol
    search.
    
    See ‘Writing portable packages’ in the ‘Writing R Extensions’ manual.
Flavors: r-devel-linux-x86_64-debian-clang, r-devel-linux-x86_64-debian-gcc

Version: 1.7-0
Flags: --no-stop-on-test-error
Check: compiled code
Result: NOTE
    File ‘energy/libs/energy.so’:
     Found no calls to: ‘R_registerRoutines’, ‘R_useDynamicSymbols’
    
    It is good practice to register native routines and to disable symbol
    search.
    
    See ‘Writing portable packages’ in the ‘Writing R Extensions’ manual.
Flavors: r-devel-linux-x86_64-fedora-clang, r-devel-linux-x86_64-fedora-gcc, r-devel-macos-x86_64-clang