CRAN Package Check Results for Package energy

Last updated on 2016-07-23 12:48:14.

Flavor Version Tinstall Tcheck Ttotal Status Flags
r-devel-linux-x86_64-debian-clang 1.6.2 3.14 15.03 18.18 NOTE
r-devel-linux-x86_64-debian-gcc 1.6.2 2.68 15.69 18.38 NOTE
r-devel-linux-x86_64-fedora-clang 1.6.2 25.40 NOTE
r-devel-linux-x86_64-fedora-gcc 1.6.2 23.77 NOTE
r-devel-osx-x86_64-clang 1.6.2 22.91 NOTE
r-devel-windows-ix86+x86_64 1.6.2 44.00 47.00 91.00 NOTE
r-patched-linux-x86_64 1.6.2 2.79 13.83 16.61 NOTE
r-patched-solaris-sparc 1.6.2 157.70 NOTE
r-patched-solaris-x86 1.6.2 34.00 NOTE
r-release-linux-x86_64 1.6.2 2.75 14.56 17.31 NOTE
r-release-osx-x86_64-mavericks 1.6.2 NOTE
r-release-windows-ix86+x86_64 1.6.2 33.00 54.00 87.00 NOTE
r-oldrel-windows-ix86+x86_64 1.6.2 21.00 35.00 56.00 OK

Check Details

Version: 1.6.2
Check: R code for possible problems
Result: NOTE
    .dcov: no visible global function definition for ‘dist’
    .disco1: no visible global function definition for ‘model.matrix’
    BCDCOR: no visible global function definition for ‘dist’
    DCOR: no visible global function definition for ‘dist’
    dcor.ttest: no visible global function definition for ‘pt’
    dcov.test: no visible global function definition for ‘dist’
    disco: no visible global function definition for ‘dist’
    disco.between: no visible global function definition for ‘dist’
    edist: no visible global function definition for ‘as.dist’
    edist: no visible global function definition for ‘dist’
    edist: no visible global function definition for ‘model.matrix’
    energy.hclust: no visible global function definition for ‘as.dist’
    mvnorm.e: no visible global function definition for ‘var’
    mvnorm.etest : <anonymous>: no visible global function definition for
     ‘rnorm’
    normal.e: no visible global function definition for ‘pnorm’
    normal.e: no visible global function definition for ‘dnorm’
    poisson.mtest : <anonymous>: no visible global function definition for
     ‘rpois’
    Undefined global functions or variables:
     as.dist dist dnorm model.matrix pnorm pt rnorm rpois var
    Consider adding
     importFrom("stats", "as.dist", "dist", "dnorm", "model.matrix",
     "pnorm", "pt", "rnorm", "rpois", "var")
    to your NAMESPACE file.
Flavors: r-devel-linux-x86_64-debian-clang, r-devel-linux-x86_64-debian-gcc, r-devel-linux-x86_64-fedora-clang, r-devel-linux-x86_64-fedora-gcc, r-devel-osx-x86_64-clang, r-devel-windows-ix86+x86_64, r-patched-linux-x86_64, r-patched-solaris-sparc, r-patched-solaris-x86, r-release-linux-x86_64, r-release-osx-x86_64-mavericks, r-release-windows-ix86+x86_64