CRAN Package Check Results for Package energy

Last updated on 2017-04-24 08:47:49.

Flavor Version Tinstall Tcheck Ttotal Status Flags
r-devel-linux-x86_64-debian-clang 1.7-0 27.00 19.15 46.15 NOTE
r-devel-linux-x86_64-debian-gcc 1.7-0 24.82 18.69 43.51 NOTE
r-devel-linux-x86_64-fedora-clang 1.7-0 91.44 NOTE --no-stop-on-test-error
r-devel-linux-x86_64-fedora-gcc 1.7-0 78.29 NOTE --no-stop-on-test-error
r-devel-windows-ix86+x86_64 1.7-0 127.00 59.00 186.00 OK
r-patched-linux-x86_64 1.7-0 20.80 18.68 39.48 NOTE
r-patched-solaris-sparc 1.7-0 431.30 OK
r-patched-solaris-x86 1.7-0 85.90 OK
r-release-linux-x86_64 1.7-0 20.39 18.93 39.32 NOTE
r-release-windows-ix86+x86_64 1.7-0 92.00 55.00 147.00 OK
r-release-osx-x86_64 1.7-0 OK
r-oldrel-windows-ix86+x86_64 1.7-0 91.00 52.00 143.00 OK
r-oldrel-osx-x86_64 1.7-0 OK

Check Details

Version: 1.7-0
Check: compiled code
Result: NOTE
    File ‘energy/libs/energy.so’:
     Found no calls to: ‘R_registerRoutines’, ‘R_useDynamicSymbols’
    
    It is good practice to register native routines and to disable symbol
    search.
    
    See ‘Writing portable packages’ in the ‘Writing R Extensions’ manual.
Flavors: r-devel-linux-x86_64-debian-clang, r-devel-linux-x86_64-debian-gcc, r-patched-linux-x86_64, r-release-linux-x86_64

Version: 1.7-0
Flags: --no-stop-on-test-error
Check: compiled code
Result: NOTE
    File ‘energy/libs/energy.so’:
     Found no calls to: ‘R_registerRoutines’, ‘R_useDynamicSymbols’
    
    It is good practice to register native routines and to disable symbol
    search.
    
    See ‘Writing portable packages’ in the ‘Writing R Extensions’ manual.
Flavors: r-devel-linux-x86_64-fedora-clang, r-devel-linux-x86_64-fedora-gcc