CRAN Package Check Results for Package energy

Last updated on 2017-03-27 06:48:06.

Flavor Version Tinstall Tcheck Ttotal Status Flags
r-devel-linux-x86_64-debian-clang 1.7-0 26.57 19.15 45.72 NOTE
r-devel-linux-x86_64-debian-gcc 1.7-0 24.50 18.59 43.09 NOTE
r-devel-linux-x86_64-fedora-clang 1.7-0 91.83 NOTE --no-stop-on-test-error
r-devel-linux-x86_64-fedora-gcc 1.7-0 81.40 NOTE --no-stop-on-test-error
r-devel-macos-x86_64-clang 1.7-0 60.24 NOTE --no-stop-on-test-error
r-devel-windows-ix86+x86_64 1.7-0 91.00 72.00 163.00 OK
r-patched-linux-x86_64 1.7-0 21.16 18.62 39.78 NOTE
r-patched-solaris-sparc 1.7-0 431.30 OK
r-patched-solaris-x86 1.7-0 88.80 OK
r-release-linux-x86_64 1.7-0 20.68 16.76 37.44 OK
r-release-osx-x86_64-mavericks 1.7-0 OK
r-release-windows-ix86+x86_64 1.7-0 125.00 51.00 176.00 OK
r-oldrel-windows-ix86+x86_64 1.7-0 101.00 46.00 147.00 OK

Check Details

Version: 1.7-0
Check: compiled code
Result: NOTE
    File ‘energy/libs/energy.so’:
     Found no calls to: ‘R_registerRoutines’, ‘R_useDynamicSymbols’
    
    It is good practice to register native routines and to disable symbol
    search.
    
    See ‘Writing portable packages’ in the ‘Writing R Extensions’ manual.
Flavors: r-devel-linux-x86_64-debian-clang, r-devel-linux-x86_64-debian-gcc, r-patched-linux-x86_64

Version: 1.7-0
Flags: --no-stop-on-test-error
Check: compiled code
Result: NOTE
    File ‘energy/libs/energy.so’:
     Found no calls to: ‘R_registerRoutines’, ‘R_useDynamicSymbols’
    
    It is good practice to register native routines and to disable symbol
    search.
    
    See ‘Writing portable packages’ in the ‘Writing R Extensions’ manual.
Flavors: r-devel-linux-x86_64-fedora-clang, r-devel-linux-x86_64-fedora-gcc, r-devel-macos-x86_64-clang