CRAN Package Check Results for Package energy

Last updated on 2016-02-12 18:49:38.

Flavor Version Tinstall Tcheck Ttotal Status Flags
r-devel-linux-x86_64-debian-gcc 1.6.2 1.98 11.64 13.62 NOTE
r-devel-linux-x86_64-fedora-clang 1.6.2 24.60 NOTE
r-devel-linux-x86_64-fedora-gcc 1.6.2 23.24 NOTE
r-devel-osx-x86_64-clang 1.6.2 28.31 NOTE
r-devel-windows-ix86+x86_64 1.6.2 17.00 38.00 55.00 NOTE
r-patched-linux-x86_64 1.6.2 2.15 12.00 14.15 OK
r-patched-solaris-sparc 1.6.2 154.70 OK
r-patched-solaris-x86 1.6.2 34.40 OK
r-release-linux-x86_64 1.6.2 2.13 12.07 14.20 OK
r-release-osx-x86_64-mavericks 1.6.2 OK
r-release-windows-ix86+x86_64 1.6.2 16.00 27.00 43.00 OK
r-oldrel-windows-ix86+x86_64 1.6.2 17.00 29.00 46.00 OK

Check Details

Version: 1.6.2
Check: R code for possible problems
Result: NOTE
    .dcov: no visible global function definition for ‘dist’
    .disco1: no visible global function definition for ‘model.matrix’
    BCDCOR: no visible global function definition for ‘dist’
    DCOR: no visible global function definition for ‘dist’
    dcor.ttest: no visible global function definition for ‘pt’
    dcov.test: no visible global function definition for ‘dist’
    disco: no visible global function definition for ‘dist’
    disco.between: no visible global function definition for ‘dist’
    edist: no visible global function definition for ‘as.dist’
    edist: no visible global function definition for ‘dist’
    edist: no visible global function definition for ‘model.matrix’
    energy.hclust: no visible global function definition for ‘as.dist’
    mvnorm.e: no visible global function definition for ‘var’
    mvnorm.etest : <anonymous>: no visible global function definition for
     ‘rnorm’
    normal.e: no visible global function definition for ‘pnorm’
    normal.e: no visible global function definition for ‘dnorm’
    poisson.mtest : <anonymous>: no visible global function definition for
     ‘rpois’
    Undefined global functions or variables:
     as.dist dist dnorm model.matrix pnorm pt rnorm rpois var
    Consider adding
     importFrom("stats", "as.dist", "dist", "dnorm", "model.matrix",
     "pnorm", "pt", "rnorm", "rpois", "var")
    to your NAMESPACE file.
Flavors: r-devel-linux-x86_64-debian-gcc, r-devel-linux-x86_64-fedora-clang, r-devel-linux-x86_64-fedora-gcc, r-devel-osx-x86_64-clang, r-devel-windows-ix86+x86_64