CRAN Package Check Results for Package ensembleBMA

Last updated on 2015-06-29 23:46:49.

Flavor Version Tinstall Tcheck Ttotal Status Flags
r-devel-linux-x86_64-debian-clang 5.1.2 1.18 54.64 55.82 NOTE
r-devel-linux-x86_64-debian-gcc 5.1.2 1.17 52.21 53.38 NOTE
r-devel-linux-x86_64-fedora-clang 5.1.2 109.95 OK
r-devel-linux-x86_64-fedora-gcc 5.1.2 104.20 OK
r-devel-osx-x86_64-clang 5.1.2 98.88 OK
r-devel-windows-ix86+x86_64 5.1.2 7.00 80.00 87.00 NOTE
r-patched-linux-x86_64 5.1.2 1.17 54.76 55.92 OK
r-patched-solaris-sparc 5.1.2 657.80 OK
r-patched-solaris-x86 5.1.2 123.40 OK
r-release-linux-x86_64 5.1.2 1.20 68.42 69.62 OK
r-release-osx-x86_64-mavericks 5.1.2 OK
r-release-windows-ix86+x86_64 5.1.2 9.00 76.00 85.00 OK
r-oldrel-windows-ix86+x86_64 5.1.2 11.00 87.00 98.00 OK

Check Details

Version: 5.1.2
Check: R code for possible problems
Result: NOTE
    MAE.default: no visible binding for global variable ‘median’
    brierScore.ensembleBMAgamma : <anonymous>: no visible global function
     definition for ‘glm’
    brierScore.ensembleBMAgamma: Error while checking: invalid ‘envir’
     argument
    brierScore.ensembleBMAgamma0 : <anonymous>: no visible global function
     definition for ‘glm’
    brierScore.ensembleBMAgamma0: Error while checking: invalid ‘envir’
     argument
    brierScore.fitBMAgamma : <anonymous>: no visible global function
     definition for ‘glm’
    brierScore.fitBMAgamma: Error while checking: invalid ‘envir’ argument
    brierScore.fitBMAgamma0 : <anonymous>: no visible global function
     definition for ‘glm’
    brierScore.fitBMAgamma0: Error while checking: invalid ‘envir’ argument
    brierScore.fitBMAnormal : <anonymous>: no visible global function
     definition for ‘glm’
    brierScore.fitBMAnormal: Error while checking: invalid ‘envir’ argument
    cdfBMAgamma: no visible global function definition for ‘pgamma’
    cdfBMAgamma0: no visible global function definition for ‘pgamma’
    cdfBMAnormal: no visible global function definition for ‘pnorm’
    combine.ensembleBMAgamma: no visible binding for global variable ‘lag’
    crps.ensembleBMAgamma: no visible global function definition for
     ‘rgamma’
    crps.ensembleBMAgamma0: no visible global function definition for
     ‘rgamma’
    crps.ensembleBMAnormal : erf: no visible global function definition for
     ‘pnorm’
    crps.ensembleBMAnormal: no visible global function definition for
     ‘rnorm’
    crps.ensembleBMAnormal: no visible global function definition for
     ‘median’
    crps.fitBMAgamma: no visible global function definition for ‘rgamma’
    crps.fitBMAgamma0: no visible global function definition for ‘rgamma’
    crps.fitBMAnormal : erf: no visible global function definition for
     ‘pnorm’
    crps.fitBMAnormal: no visible global function definition for ‘rnorm’
    crps.fitBMAnormal: no visible global function definition for ‘median’
    crpsNormal : erf: no visible global function definition for ‘pnorm’
    ensembleBMAnormal: no visible global function definition for ‘optimize’
    ensembleBMAnormal: no visible global function definition for ‘optim’
    fitBMAgamma : lmFunc: no visible global function definition for ‘lm’
    fitBMAgamma : completeDataLLmiss : objective: no visible global
     function definition for ‘pgamma’
    fitBMAgamma : completeDataLLmiss : objective: no visible global
     function definition for ‘dgamma’
    fitBMAgamma: no visible global function definition for ‘pgamma’
    fitBMAgamma: no visible global function definition for ‘dgamma’
    fitBMAgamma: no visible global function definition for ‘optim’
    fitBMAgamma0 : logisticFunc: no visible global function definition for
     ‘glm’
    fitBMAgamma0: Error while checking: invalid ‘envir’ argument
    fitBMAnormal : <anonymous>: no visible global function definition for
     ‘lm’
    fitBMAnormal : <anonymous>: no visible binding for global variable
     ‘na.omit’
    fitBMAnormal : lmFunc: no visible global function definition for ‘lm’
    fitBMAnormal : lmFunc: no visible binding for global variable ‘na.omit’
    fitBMAnormal : <anonymous>: no visible global function definition for
     ‘dnorm’
    modelParameters.ensembleBMAnormal: no visible binding for global
     variable ‘sd’
    pit.ensembleBMAgamma: no visible global function definition for ‘runif’
    pit.ensembleBMAgamma0: no visible global function definition for
     ‘runif’
    pit.fitBMAgamma: no visible global function definition for ‘runif’
    pit.fitBMAgamma0: no visible global function definition for ‘runif’
    pitHist: no visible global function definition for ‘hist’
    pitHist: no visible global function definition for ‘axis’
    pitHist: no visible global function definition for ‘abline’
    plot.ensembleBMAgamma: no visible global function definition for ‘par’
    plot.ensembleBMAgamma0: no visible global function definition for ‘par’
    plot.ensembleBMAnormal: no visible global function definition for ‘par’
    plotBMAgamma: no visible global function definition for ‘dgamma’
    plotBMAgamma: no visible global function definition for ‘plot’
    plotBMAgamma: no visible global function definition for ‘abline’
    plotBMAgamma: no visible global function definition for ‘rainbow’
    plotBMAgamma: no visible global function definition for ‘lines’
    plotBMAgamma0: no visible global function definition for ‘dgamma’
    plotBMAgamma0: no visible global function definition for ‘plot’
    plotBMAgamma0: no visible global function definition for ‘segments’
    plotBMAgamma0: no visible global function definition for ‘abline’
    plotBMAgamma0: no visible global function definition for ‘rainbow’
    plotBMAgamma0: no visible global function definition for ‘lines’
    plotBMAnormal: no visible global function definition for ‘dnorm’
    plotBMAnormal: no visible global function definition for ‘plot’
    plotBMAnormal: no visible global function definition for ‘abline’
    plotBMAnormal: no visible global function definition for ‘rainbow’
    plotBMAnormal: no visible global function definition for ‘lines’
    plotProbcast: no visible global function definition for ‘loess’
    plotProbcast: no visible global function definition for ‘predict’
    quantBMAgamma: no visible global function definition for ‘uniroot’
    quantBMAgamma0: no visible global function definition for ‘uniroot’
    quantBMAnormal: no visible global function definition for ‘uniroot’
    quantileForecast.fitBMAgamma: no visible binding for global variable
     ‘power’
    verifPlot: no visible global function definition for ‘plot’
    verifPlot: no visible global function definition for ‘lines’
    verifPlot: no visible global function definition for ‘points’
    verifRankHist: no visible global function definition for ‘hist’
    verifRankHist: no visible global function definition for ‘axis’
    verifRankHist: no visible global function definition for ‘abline’
Flavors: r-devel-linux-x86_64-debian-clang, r-devel-linux-x86_64-debian-gcc, r-devel-windows-ix86+x86_64