CRAN Package Check Results for Package ensembleBMA

Last updated on 2014-04-17 06:46:49.

Flavor Version Tinstall Tcheck Ttotal Status Flags
r-devel-linux-x86_64-debian-clang 5.0.8 1.30 62.96 64.26 OK
r-devel-linux-x86_64-debian-gcc 5.0.8 1.36 64.52 65.88 OK
r-devel-linux-x86_64-fedora-clang 5.0.8 70.83 OK
r-devel-linux-x86_64-fedora-gcc 5.0.8 66.40 OK
r-devel-macosx-x86_64-clang 5.0.8 104.76 OK
r-devel-macosx-x86_64-gcc 5.0.8 NOTE
r-devel-windows-ix86+x86_64 5.0.8 4.00 90.00 94.00 OK
r-patched-linux-x86_64 5.0.8 1.36 64.28 65.64 OK
r-patched-solaris-sparc 5.0.8 648.00 OK
r-patched-solaris-x86 5.0.8 116.90 OK
r-release-linux-ix86 5.0.7 3.00 96.00 99.00 OK
r-release-linux-x86_64 5.0.8 1.30 64.65 65.95 OK
r-release-macosx-x86_64 5.0.8 OK
r-release-windows-ix86+x86_64 5.0.8 4.00 92.00 96.00 OK
r-oldrel-windows-ix86+x86_64 5.0.8 4.00 88.00 92.00 OK

Check Details

Version: 5.0.8
Check: package dependencies
Result: NOTE
    Package suggested but not available for checking: ‘fields’
Flavor: r-devel-macosx-x86_64-gcc

Version: 5.0.8
Check: R code for possible problems
Result: NOTE
    plotProbcast: no visible global function definition for ‘image.plot’
    plotProbcast: no visible global function definition for ‘US’
    plotProbcast: no visible global function definition for ‘world’
Flavor: r-devel-macosx-x86_64-gcc