CRAN Package Check Results for Package ensembleBMA

Last updated on 2014-08-30 03:51:01.

Flavor Version Tinstall Tcheck Ttotal Status Flags
r-devel-linux-x86_64-debian-clang 5.0.8 1.36 60.62 61.98 NOTE
r-devel-linux-x86_64-debian-gcc 5.0.8 1.19 58.56 59.75 NOTE
r-devel-linux-x86_64-fedora-clang 5.0.8 131.23 NOTE
r-devel-linux-x86_64-fedora-gcc 5.0.8 119.48 NOTE
r-devel-osx-x86_64-clang 5.0.8 100.18 NOTE
r-devel-windows-ix86+x86_64 5.0.8 6.00 90.00 96.00 NOTE
r-patched-linux-x86_64 5.0.8 1.51 61.65 63.16 OK
r-patched-solaris-sparc 5.0.8 706.50 OK
r-patched-solaris-x86 5.0.8 139.90 OK
r-release-linux-ix86 5.0.8 1.74 77.38 79.12 OK
r-release-linux-x86_64 5.0.8 1.26 61.66 62.92 OK
r-release-osx-x86_64-mavericks 5.0.8 OK
r-release-osx-x86_64-snowleopard 5.0.8 OK
r-release-windows-ix86+x86_64 5.0.8 4.00 92.00 96.00 OK
r-oldrel-windows-ix86+x86_64 5.0.8 5.00 88.00 93.00 OK

Check Details

Version: 5.0.8
Check: R code for possible problems
Result: NOTE
    plotProbcast: no visible global function definition for ‘image.plot’
    plotProbcast: no visible global function definition for ‘US’
    plotProbcast: no visible global function definition for ‘map’
    plotProbcast: no visible global function definition for ‘world’
Flavors: r-devel-linux-x86_64-debian-clang, r-devel-linux-x86_64-debian-gcc, r-devel-linux-x86_64-fedora-clang, r-devel-linux-x86_64-fedora-gcc, r-devel-osx-x86_64-clang, r-devel-windows-ix86+x86_64