CRAN Package Check Results for Package ensembleBMA

Last updated on 2015-08-02 17:47:42.

Flavor Version Tinstall Tcheck Ttotal Status Flags
r-devel-linux-x86_64-debian-clang 5.1.2 1.18 54.96 56.14 NOTE
r-devel-linux-x86_64-debian-gcc 5.1.2 1.68 54.30 55.98 NOTE
r-devel-linux-x86_64-fedora-clang 5.1.2 112.13 NOTE
r-devel-linux-x86_64-fedora-gcc 5.1.2 102.20 NOTE
r-devel-osx-x86_64-clang 5.1.2 91.53 OK
r-devel-windows-ix86+x86_64 5.1.2 5.00 91.00 96.00 NOTE
r-patched-linux-x86_64 5.1.2 1.25 59.68 60.93 OK
r-patched-solaris-sparc 5.1.2 658.90 OK
r-patched-solaris-x86 5.1.2 119.50 OK
r-release-linux-x86_64 5.1.2 1.17 57.23 58.40 OK
r-release-osx-x86_64-mavericks 5.1.2 OK
r-release-windows-ix86+x86_64 5.1.2 7.00 93.00 100.00 OK
r-oldrel-windows-ix86+x86_64 5.1.2 6.00 97.00 103.00 OK

Check Details

Version: 5.1.2
Check: R code for possible problems
Result: NOTE
    MAE.default: no visible binding for global variable ‘median’
    brierScore.ensembleBMAgamma : <anonymous>: no visible global function
     definition for ‘glm’
    brierScore.ensembleBMAgamma : <anonymous>: no visible global function
     definition for ‘binomial’
    brierScore.ensembleBMAgamma : <anonymous>: no visible binding for
     global variable ‘logit’
    brierScore.ensembleBMAgamma0 : <anonymous>: no visible global function
     definition for ‘glm’
    brierScore.ensembleBMAgamma0 : <anonymous>: no visible global function
     definition for ‘binomial’
    brierScore.ensembleBMAgamma0 : <anonymous>: no visible binding for
     global variable ‘logit’
    brierScore.fitBMAgamma : <anonymous>: no visible global function
     definition for ‘glm’
    brierScore.fitBMAgamma : <anonymous>: no visible global function
     definition for ‘binomial’
    brierScore.fitBMAgamma : <anonymous>: no visible binding for global
     variable ‘logit’
    brierScore.fitBMAgamma0 : <anonymous>: no visible global function
     definition for ‘glm’
    brierScore.fitBMAgamma0 : <anonymous>: no visible global function
     definition for ‘binomial’
    brierScore.fitBMAgamma0 : <anonymous>: no visible binding for global
     variable ‘logit’
    brierScore.fitBMAnormal : <anonymous>: no visible global function
     definition for ‘glm’
    brierScore.fitBMAnormal : <anonymous>: no visible global function
     definition for ‘binomial’
    brierScore.fitBMAnormal : <anonymous>: no visible binding for global
     variable ‘logit’
    cdfBMAgamma: no visible global function definition for ‘pgamma’
    cdfBMAgamma0: no visible global function definition for ‘pgamma’
    cdfBMAnormal: no visible global function definition for ‘pnorm’
    combine.ensembleBMAgamma: no visible binding for global variable ‘lag’
    crps.ensembleBMAgamma: no visible global function definition for
     ‘rgamma’
    crps.ensembleBMAgamma0: no visible global function definition for
     ‘rgamma’
    crps.ensembleBMAnormal : erf: no visible global function definition for
     ‘pnorm’
    crps.ensembleBMAnormal: no visible global function definition for
     ‘rnorm’
    crps.ensembleBMAnormal: no visible global function definition for
     ‘median’
    crps.fitBMAgamma: no visible global function definition for ‘rgamma’
    crps.fitBMAgamma0: no visible global function definition for ‘rgamma’
    crps.fitBMAnormal : erf: no visible global function definition for
     ‘pnorm’
    crps.fitBMAnormal: no visible global function definition for ‘rnorm’
    crps.fitBMAnormal: no visible global function definition for ‘median’
    crpsNormal : erf: no visible global function definition for ‘pnorm’
    ensembleBMAnormal: no visible global function definition for ‘optimize’
    ensembleBMAnormal: no visible global function definition for ‘optim’
    fitBMAgamma : lmFunc: no visible global function definition for ‘lm’
    fitBMAgamma : completeDataLLmiss : objective: no visible global
     function definition for ‘pgamma’
    fitBMAgamma : completeDataLLmiss : objective: no visible global
     function definition for ‘dgamma’
    fitBMAgamma: no visible global function definition for ‘pgamma’
    fitBMAgamma: no visible global function definition for ‘dgamma’
    fitBMAgamma: no visible global function definition for ‘optim’
    fitBMAgamma0 : logisticFunc: no visible global function definition for
     ‘glm’
    fitBMAgamma0 : logisticFunc: no visible global function definition for
     ‘binomial’
    fitBMAgamma0 : logisticFunc: no visible binding for global variable
     ‘logit’
    fitBMAgamma0 : lmFunc: no visible global function definition for ‘lm’
    fitBMAgamma0 : completeDataLLmiss : objective: no visible global
     function definition for ‘dgamma’
    fitBMAgamma0: no visible global function definition for ‘dgamma’
    fitBMAgamma0: no visible global function definition for ‘optim’
    fitBMAnormal : <anonymous>: no visible global function definition for
     ‘lm’
    fitBMAnormal : <anonymous>: no visible binding for global variable
     ‘na.omit’
    fitBMAnormal : lmFunc: no visible global function definition for ‘lm’
    fitBMAnormal : lmFunc: no visible binding for global variable ‘na.omit’
    fitBMAnormal : <anonymous>: no visible global function definition for
     ‘dnorm’
    modelParameters.ensembleBMAnormal: no visible binding for global
     variable ‘sd’
    pit.ensembleBMAgamma: no visible global function definition for ‘runif’
    pit.ensembleBMAgamma0: no visible global function definition for
     ‘runif’
    pit.fitBMAgamma: no visible global function definition for ‘runif’
    pit.fitBMAgamma0: no visible global function definition for ‘runif’
    pitHist: no visible global function definition for ‘hist’
    pitHist: no visible global function definition for ‘axis’
    pitHist: no visible global function definition for ‘abline’
    plot.ensembleBMAgamma: no visible global function definition for ‘par’
    plot.ensembleBMAgamma0: no visible global function definition for ‘par’
    plot.ensembleBMAnormal: no visible global function definition for ‘par’
    plotBMAgamma: no visible global function definition for ‘dgamma’
    plotBMAgamma: no visible global function definition for ‘plot’
    plotBMAgamma: no visible global function definition for ‘abline’
    plotBMAgamma: no visible global function definition for ‘rainbow’
    plotBMAgamma: no visible global function definition for ‘lines’
    plotBMAgamma0: no visible global function definition for ‘dgamma’
    plotBMAgamma0: no visible global function definition for ‘plot’
    plotBMAgamma0: no visible global function definition for ‘segments’
    plotBMAgamma0: no visible global function definition for ‘abline’
    plotBMAgamma0: no visible global function definition for ‘rainbow’
    plotBMAgamma0: no visible global function definition for ‘lines’
    plotBMAnormal: no visible global function definition for ‘dnorm’
    plotBMAnormal: no visible global function definition for ‘plot’
    plotBMAnormal: no visible global function definition for ‘abline’
    plotBMAnormal: no visible global function definition for ‘rainbow’
    plotBMAnormal: no visible global function definition for ‘lines’
    plotProbcast: no visible global function definition for ‘loess’
    plotProbcast: no visible global function definition for ‘predict’
    quantBMAgamma: no visible global function definition for ‘uniroot’
    quantBMAgamma0: no visible global function definition for ‘uniroot’
    quantBMAnormal: no visible global function definition for ‘uniroot’
    quantileForecast.fitBMAgamma: no visible binding for global variable
     ‘power’
    verifPlot: no visible global function definition for ‘plot’
    verifPlot: no visible global function definition for ‘lines’
    verifPlot: no visible global function definition for ‘points’
    verifRankHist: no visible global function definition for ‘hist’
    verifRankHist: no visible global function definition for ‘axis’
    verifRankHist: no visible global function definition for ‘abline’
    Undefined global functions or variables:
     abline axis binomial dgamma dnorm glm hist lag lines lm loess logit
     median na.omit optim optimize par pgamma plot pnorm points power
     predict rainbow rgamma rnorm runif sd segments uniroot
    Consider adding
     importFrom("grDevices", "rainbow")
     importFrom("graphics", "abline", "axis", "hist", "lines", "par",
     "plot", "points", "segments")
     importFrom("stats", "binomial", "dgamma", "dnorm", "glm", "lag", "lm",
     "loess", "median", "na.omit", "optim", "optimize", "pgamma",
     "pnorm", "power", "predict", "rgamma", "rnorm", "runif",
     "sd", "uniroot")
    to your NAMESPACE.
Flavors: r-devel-linux-x86_64-debian-clang, r-devel-linux-x86_64-debian-gcc, r-devel-linux-x86_64-fedora-clang, r-devel-linux-x86_64-fedora-gcc, r-devel-windows-ix86+x86_64