CRAN Package Check Results for Package ensembleBMA

Last updated on 2014-09-02 17:46:47.

Flavor Version Tinstall Tcheck Ttotal Status Flags
r-devel-linux-x86_64-debian-clang 5.0.8 1.24 59.20 60.44 NOTE
r-devel-linux-x86_64-debian-gcc 5.0.8 1.19 59.82 61.00 NOTE
r-devel-linux-x86_64-fedora-clang 5.0.8 125.86 NOTE
r-devel-linux-x86_64-fedora-gcc 5.0.8 120.78 NOTE
r-devel-osx-x86_64-clang 5.0.8 100.29 NOTE
r-devel-windows-ix86+x86_64 5.0.8 4.00 92.00 96.00 NOTE
r-patched-linux-x86_64 5.0.8 1.24 61.56 62.81 OK
r-patched-solaris-sparc 5.0.8 706.50 OK
r-patched-solaris-x86 5.0.8 140.50 OK
r-release-linux-ix86 5.0.8 1.75 77.46 79.21 OK
r-release-linux-x86_64 5.0.8 1.25 61.30 62.55 OK
r-release-osx-x86_64-mavericks 5.0.8 OK
r-release-osx-x86_64-snowleopard 5.0.8 OK
r-release-windows-ix86+x86_64 5.0.8 4.00 94.00 98.00 OK
r-oldrel-windows-ix86+x86_64 5.0.8 4.00 89.00 93.00 OK

Check Details

Version: 5.0.8
Check: R code for possible problems
Result: NOTE
    plotProbcast: no visible global function definition for ‘image.plot’
    plotProbcast: no visible global function definition for ‘US’
    plotProbcast: no visible global function definition for ‘map’
    plotProbcast: no visible global function definition for ‘world’
Flavors: r-devel-linux-x86_64-debian-clang, r-devel-linux-x86_64-debian-gcc, r-devel-linux-x86_64-fedora-clang, r-devel-linux-x86_64-fedora-gcc, r-devel-osx-x86_64-clang, r-devel-windows-ix86+x86_64