CRAN Package Check Results for Package ensembleBMA

Last updated on 2015-01-26 03:52:21.

Flavor Version Tinstall Tcheck Ttotal Status Flags
r-devel-linux-x86_64-debian-clang 5.0.8 1.26 57.91 59.17 NOTE
r-devel-linux-x86_64-debian-gcc 5.0.8 1.21 56.69 57.90 NOTE
r-devel-linux-x86_64-fedora-clang 5.0.8 123.72 NOTE
r-devel-linux-x86_64-fedora-gcc 5.0.8 118.99 NOTE
r-devel-osx-x86_64-clang 5.0.8 105.69 NOTE
r-devel-windows-ix86+x86_64 5.0.8 6.00 84.00 90.00 NOTE
r-patched-linux-x86_64 5.0.8 1.28 62.08 63.36 NOTE
r-patched-solaris-sparc 5.0.8 684.40 NOTE
r-patched-solaris-x86 5.0.8 134.70 NOTE
r-release-linux-ix86 5.0.8 1.70 72.65 74.36 NOTE
r-release-linux-x86_64 5.0.8 1.38 60.98 62.36 NOTE
r-release-osx-x86_64-mavericks 5.0.8 NOTE
r-release-osx-x86_64-snowleopard 5.0.8 OK
r-release-windows-ix86+x86_64 5.0.8 5.00 90.00 95.00 NOTE
r-oldrel-windows-ix86+x86_64 5.0.8 5.00 83.00 88.00 OK

Check Details

Version: 5.0.8
Check: dependencies in R code
Result: NOTE
    'library' or 'require' calls in package code:
     ‘fields’ ‘maps’
     Please use :: or requireNamespace() instead.
     See section 'Suggested packages' in the 'Writing R Extensions' manual.
Flavors: r-devel-linux-x86_64-debian-clang, r-devel-linux-x86_64-debian-gcc, r-devel-linux-x86_64-fedora-clang, r-devel-linux-x86_64-fedora-gcc, r-devel-osx-x86_64-clang, r-devel-windows-ix86+x86_64

Version: 5.0.8
Check: R code for possible problems
Result: NOTE
    plotProbcast: no visible global function definition for ‘image.plot’
    plotProbcast: no visible global function definition for ‘US’
    plotProbcast: no visible global function definition for ‘map’
    plotProbcast: no visible global function definition for ‘world’
Flavors: r-devel-linux-x86_64-debian-clang, r-devel-linux-x86_64-debian-gcc, r-devel-linux-x86_64-fedora-clang, r-devel-linux-x86_64-fedora-gcc, r-devel-osx-x86_64-clang, r-devel-windows-ix86+x86_64, r-patched-linux-x86_64, r-patched-solaris-sparc, r-patched-solaris-x86, r-release-linux-ix86, r-release-linux-x86_64, r-release-osx-x86_64-mavericks, r-release-windows-ix86+x86_64

Version: 5.0.8
Check: S3 generic/method consistency
Result: NOTE
    Found the following apparent S3 methods exported but not registered:
     CRPS.default MAE.default brierScore.ensembleBMAgamma
     brierScore.ensembleBMAgamma0 brierScore.ensembleBMAnormal
     brierScore.fitBMAgamma brierScore.fitBMAgamma0
     brierScore.fitBMAnormal cdf.ensembleBMAgamma cdf.ensembleBMAgamma0
     cdf.ensembleBMAnormal cdf.fitBMAgamma cdf.fitBMAgamma0
     cdf.fitBMAnormal combine.ensembleBMAgamma combine.ensembleBMAgamma0
     combine.ensembleBMAnormal crps.ensembleBMAgamma
     crps.ensembleBMAgamma0 crps.ensembleBMAnormal crps.fitBMAgamma
     crps.fitBMAgamma0 crps.fitBMAnormal dataNA.ensembleData
     dataNobs.ensembleData dataObsLabels.ensembleData
     dataStartupSpeed.ensembleData dataVerifObs.ensembleData
     ensembleFhour.ensembleData ensembleForecasts.ensembleData
     ensembleGroups.ensembleData ensembleItime.ensembleData
     ensembleMembers.ensembleData ensembleSize.ensembleData
     ensembleValidDates.ensembleData modelParameters.ensembleBMAgamma
     modelParameters.ensembleBMAgamma0 modelParameters.ensembleBMAnormal
     modelParameters.fitBMAgamma modelParameters.fitBMAgamma0
     modelParameters.fitBMAnormal pit.ensembleBMAgamma
     pit.ensembleBMAgamma0 pit.ensembleBMAnormal pit.fitBMAgamma
     pit.fitBMAgamma0 pit.fitBMAnormal quantileForecast.ensembleBMAgamma
     quantileForecast.ensembleBMAgamma0 quantileForecast.ensembleBMAnormal
     quantileForecast.fitBMAgamma quantileForecast.fitBMAgamma0
     quantileForecast.fitBMAnormal
    See section ‘Registering S3 methods’ in the ‘Writing R Extensions’
    manual.
Flavors: r-devel-linux-x86_64-fedora-clang, r-devel-linux-x86_64-fedora-gcc, r-devel-osx-x86_64-clang