CRAN Package Check Results for Package ensembleBMA

Last updated on 2015-04-19 11:51:06.

Flavor Version Tinstall Tcheck Ttotal Status Flags
r-devel-linux-x86_64-debian-clang 5.1.1 1.29 55.22 56.51 OK
r-devel-linux-x86_64-debian-gcc 5.1.1 1.18 54.70 55.88 OK
r-devel-linux-x86_64-fedora-clang 5.1.1 109.49 OK
r-devel-linux-x86_64-fedora-gcc 5.1.1 104.71 OK
r-devel-osx-x86_64-clang 5.1.1 96.14 OK
r-devel-windows-ix86+x86_64 5.1.1 6.00 79.00 85.00 OK
r-patched-linux-x86_64 5.1.1 1.24 58.59 59.83 OK
r-patched-solaris-sparc 5.1.1 595.60 OK
r-patched-solaris-x86 5.1.1 123.10 OK
r-release-linux-x86_64 5.1.1 1.19 54.43 55.62 OK
r-release-osx-x86_64-mavericks 5.1.1 NOTE
r-release-osx-x86_64-snowleopard 5.1.1 NOTE
r-release-windows-ix86+x86_64 5.1.1 3.00 85.00 88.00 OK
r-oldrel-windows-ix86+x86_64 5.1.1 4.00 116.00 120.00 OK

Check Details

Version: 5.1.1
Check: package dependencies
Result: NOTE
    Package suggested but not available for checking: ‘fields’
Flavors: r-release-osx-x86_64-mavericks, r-release-osx-x86_64-snowleopard