CRAN Package Check Results for Package ensembleBMA

Last updated on 2014-12-22 19:48:20.

Flavor Version Tinstall Tcheck Ttotal Status Flags
r-devel-linux-x86_64-debian-clang 5.0.8 1.24 62.36 63.61 NOTE
r-devel-linux-x86_64-debian-gcc 5.0.8 1.21 57.33 58.54 NOTE
r-devel-linux-x86_64-fedora-clang 5.0.8 121.44 NOTE
r-devel-linux-x86_64-fedora-gcc 5.0.8 114.05 NOTE
r-devel-osx-x86_64-clang 5.0.8 105.29 NOTE
r-devel-windows-ix86+x86_64 5.0.8 5.00 88.00 93.00 NOTE
r-patched-linux-x86_64 5.0.8 1.50 62.74 64.24 NOTE
r-patched-solaris-sparc 5.0.8 684.90 NOTE
r-patched-solaris-x86 5.0.8 135.10 NOTE
r-release-linux-ix86 5.0.8 1.67 72.51 74.18 NOTE
r-release-linux-x86_64 5.0.8 1.30 62.82 64.12 NOTE
r-release-osx-x86_64-mavericks 5.0.8 OK
r-release-osx-x86_64-snowleopard 5.0.8 OK
r-release-windows-ix86+x86_64 5.0.8 4.00 96.00 100.00 NOTE
r-oldrel-windows-ix86+x86_64 5.0.8 5.00 91.00 96.00 OK

Check Details

Version: 5.0.8
Check: R code for possible problems
Result: NOTE
    plotProbcast: no visible global function definition for ‘image.plot’
    plotProbcast: no visible global function definition for ‘US’
    plotProbcast: no visible global function definition for ‘map’
    plotProbcast: no visible global function definition for ‘world’
Flavors: r-devel-linux-x86_64-debian-clang, r-devel-linux-x86_64-debian-gcc, r-devel-linux-x86_64-fedora-clang, r-devel-linux-x86_64-fedora-gcc, r-devel-osx-x86_64-clang, r-devel-windows-ix86+x86_64, r-patched-linux-x86_64, r-patched-solaris-sparc, r-patched-solaris-x86, r-release-linux-ix86, r-release-linux-x86_64, r-release-windows-ix86+x86_64