CRAN Package Check Results for Package enviGCMS

Last updated on 2021-10-24 19:51:36 CEST.

Flavor Version Tinstall Tcheck Ttotal Status Flags
r-devel-linux-x86_64-debian-clang 0.6.6 6.19 73.26 79.45 OK
r-devel-linux-x86_64-debian-gcc 0.6.6 5.52 55.13 60.65 OK
r-devel-linux-x86_64-fedora-clang 0.6.6 105.51 OK
r-devel-linux-x86_64-fedora-gcc 0.6.6 94.72 OK
r-devel-windows-x86_64 0.6.6 12.00 123.00 135.00 OK
r-devel-windows-x86_64-gcc10-UCRT 0.6.6 OK
r-patched-linux-x86_64 0.6.6 6.81 71.60 78.41 OK
r-release-linux-x86_64 0.6.6 5.22 71.05 76.27 OK
r-release-macos-arm64 0.6.6 OK
r-release-macos-x86_64 0.6.6 ERROR
r-release-windows-ix86+x86_64 0.6.6 11.00 118.00 129.00 OK
r-oldrel-macos-x86_64 0.6.6 ERROR
r-oldrel-windows-ix86+x86_64 0.6.6 13.00 121.00 134.00 OK

Check Details

Version: 0.6.6
Check: package dependencies
Result: ERROR
    Package required but not available: ‘Rdisop’
    
    See section ‘The DESCRIPTION file’ in the ‘Writing R Extensions’
    manual.
Flavors: r-release-macos-x86_64, r-oldrel-macos-x86_64