CRAN Package Check Results for Package enviPat

Last updated on 2019-02-22 15:57:23 CET.

Flavor Version Tinstall Tcheck Ttotal Status Flags
r-devel-linux-x86_64-debian-clang 2.2 5.98 30.35 36.33 OK
r-devel-linux-x86_64-debian-gcc 2.2 5.14 23.24 28.38 WARN
r-devel-linux-x86_64-fedora-clang 2.2 44.69 NOTE
r-devel-linux-x86_64-fedora-gcc 2.2 42.98 WARN
r-devel-windows-ix86+x86_64 2.2 23.00 58.00 81.00 OK
r-patched-linux-x86_64 2.2 5.62 26.87 32.49 WARN
r-patched-solaris-x86 2.2 56.30 OK
r-release-linux-x86_64 2.2 WARN
r-release-windows-ix86+x86_64 2.2 18.00 48.00 66.00 OK
r-release-osx-x86_64 2.2 OK
r-oldrel-windows-ix86+x86_64 2.2 16.00 81.00 97.00 OK
r-oldrel-osx-x86_64 2.2 OK

Additional issues

rchk

Check Details

Version: 2.2
Check: whether package can be installed
Result: WARN
    Found the following significant warnings:
     main.c:334:17: warning: ‘strncpy’ specified bound 10 equals destination size [-Wstringop-truncation]
     main.c:575:13: warning: ‘strncpy’ specified bound 10 equals destination size [-Wstringop-truncation]
     main.c:518:17: warning: ‘strncpy’ specified bound 10 equals destination size [-Wstringop-truncation]
     main.c:805:17: warning: ‘strncpy’ specified bound 10 equals destination size [-Wstringop-truncation]
     main.c:755:17: warning: ‘strncpy’ specified bound 10 equals destination size [-Wstringop-truncation]
     main.c:1034:17: warning: ‘strncpy’ specified bound 10 equals destination size [-Wstringop-truncation]
     main.c:983:17: warning: ‘strncpy’ specified bound 10 equals destination size [-Wstringop-truncation]
     main.c:1377:7: warning: ‘strncpy’ specified bound 10 equals destination size [-Wstringop-truncation]
     main.c:1279:13: warning: ‘strncpy’ specified bound 10 equals destination size [-Wstringop-truncation]
     main.c:1678:13: warning: ‘strncpy’ specified bound 10 equals destination size [-Wstringop-truncation]
     main.c:1962:13: warning: ‘strncpy’ specified bound 10 equals destination size [-Wstringop-truncation]
     main.c:1912:13: warning: ‘strncpy’ specified bound 10 equals destination size [-Wstringop-truncation]
     main.c:2316:7: warning: ‘strncpy’ specified bound 10 equals destination size [-Wstringop-truncation]
     main.c:2212:17: warning: ‘strncpy’ specified bound 10 equals destination size [-Wstringop-truncation]
Flavors: r-devel-linux-x86_64-debian-gcc, r-devel-linux-x86_64-fedora-gcc, r-patched-linux-x86_64, r-release-linux-x86_64

Version: 2.2
Check: compiled code
Result: NOTE
    File ‘enviPat/libs/enviPat.so’:
     Found no calls to: ‘R_registerRoutines’, ‘R_useDynamicSymbols’
    
    It is good practice to register native routines and to disable symbol
    search.
    
    See ‘Writing portable packages’ in the ‘Writing R Extensions’ manual.
Flavors: r-devel-linux-x86_64-fedora-clang, r-devel-linux-x86_64-fedora-gcc