CRAN Package Check Results for Package enviPick

Last updated on 2018-02-19 22:48:41 CET.

Flavor Version Tinstall Tcheck Ttotal Status Flags
r-devel-linux-x86_64-debian-clang 1.5 6.45 37.84 44.29 NOTE
r-devel-linux-x86_64-debian-gcc 1.5 5.48 33.83 39.31 NOTE
r-devel-linux-x86_64-fedora-clang 1.5 59.99 NOTE
r-devel-linux-x86_64-fedora-gcc 1.5 57.28 NOTE
r-devel-windows-ix86+x86_64 1.5 12.00 58.00 70.00 OK
r-patched-linux-x86_64 1.5 4.39 43.10 47.49 NOTE
r-patched-solaris-x86 1.5 65.80 OK
r-release-linux-x86_64 1.5 3.66 42.83 46.49 NOTE
r-release-windows-ix86+x86_64 1.5 14.00 85.00 99.00 OK
r-release-osx-x86_64 1.5 OK
r-oldrel-windows-ix86+x86_64 1.5 17.00 68.00 85.00 OK
r-oldrel-osx-x86_64 1.5 OK

Check Details

Version: 1.5
Check: compiled code
Result: NOTE
    File ‘enviPick/libs/enviPick.so’:
     Found no calls to: ‘R_registerRoutines’, ‘R_useDynamicSymbols’
    
    It is good practice to register native routines and to disable symbol
    search.
    
    See ‘Writing portable packages’ in the ‘Writing R Extensions’ manual.
Flavors: r-devel-linux-x86_64-debian-clang, r-devel-linux-x86_64-debian-gcc, r-devel-linux-x86_64-fedora-clang, r-devel-linux-x86_64-fedora-gcc, r-patched-linux-x86_64, r-release-linux-x86_64