CRAN Package Check Results for Package enviPick

Last updated on 2018-09-20 18:46:42 CEST.

Flavor Version Tinstall Tcheck Ttotal Status Flags
r-devel-linux-x86_64-debian-clang 1.5 6.68 47.00 53.68 NOTE
r-devel-linux-x86_64-debian-gcc 1.5 5.94 38.11 44.05 OK
r-devel-linux-x86_64-fedora-clang 1.5 69.73 NOTE
r-devel-linux-x86_64-fedora-gcc 1.5 63.22 NOTE
r-devel-windows-ix86+x86_64 1.5 18.00 90.00 108.00 OK
r-patched-linux-x86_64 1.5 6.17 42.88 49.05 NOTE
r-patched-solaris-x86 1.5 77.70 OK
r-release-linux-x86_64 1.5 7.07 43.08 50.15 NOTE
r-release-windows-ix86+x86_64 1.5 16.00 64.00 80.00 OK
r-release-osx-x86_64 1.5 OK
r-oldrel-windows-ix86+x86_64 1.5 11.00 72.00 83.00 OK
r-oldrel-osx-x86_64 1.5 OK

Check Details

Version: 1.5
Check: compiled code
Result: NOTE
    File ‘enviPick/libs/enviPick.so’:
     Found no calls to: ‘R_registerRoutines’, ‘R_useDynamicSymbols’
    
    It is good practice to register native routines and to disable symbol
    search.
    
    See ‘Writing portable packages’ in the ‘Writing R Extensions’ manual.
Flavors: r-devel-linux-x86_64-debian-clang, r-devel-linux-x86_64-fedora-clang, r-devel-linux-x86_64-fedora-gcc, r-patched-linux-x86_64, r-release-linux-x86_64