CRAN Package Check Results for Package enviPick

Last updated on 2017-10-20 12:51:31.

Flavor Version Tinstall Tcheck Ttotal Status Flags
r-devel-linux-x86_64-debian-clang 1.5 2.94 27.08 30.01 NOTE
r-devel-linux-x86_64-debian-gcc 1.5 3.24 30.66 33.89 NOTE
r-devel-linux-x86_64-fedora-clang 1.5 56.78 NOTE
r-devel-linux-x86_64-fedora-gcc 1.5 55.73 NOTE
r-devel-windows-ix86+x86_64 1.5 13.00 60.00 73.00 OK
r-patched-linux-x86_64 1.5 2.78 27.49 30.27 NOTE
r-patched-solaris-x86 1.5 67.80 OK
r-release-linux-x86_64 1.5 2.92 27.86 30.78 NOTE
r-release-windows-ix86+x86_64 1.5 19.00 58.00 77.00 OK
r-release-osx-x86_64 1.5 OK
r-oldrel-windows-ix86+x86_64 1.5 10.00 67.00 77.00 OK
r-oldrel-osx-x86_64 1.5 OK

Check Details

Version: 1.5
Check: compiled code
Result: NOTE
    File ‘enviPick/libs/enviPick.so’:
     Found no calls to: ‘R_registerRoutines’, ‘R_useDynamicSymbols’
    
    It is good practice to register native routines and to disable symbol
    search.
    
    See ‘Writing portable packages’ in the ‘Writing R Extensions’ manual.
Flavors: r-devel-linux-x86_64-debian-clang, r-devel-linux-x86_64-debian-gcc, r-devel-linux-x86_64-fedora-clang, r-devel-linux-x86_64-fedora-gcc, r-patched-linux-x86_64, r-release-linux-x86_64