CRAN Package Check Results for Package enviPick

Last updated on 2017-12-12 06:47:09 CET.

Flavor Version Tinstall Tcheck Ttotal Status Flags
r-devel-linux-x86_64-debian-clang 1.5 4.56 35.21 39.77 NOTE
r-devel-linux-x86_64-debian-gcc 1.5 3.22 32.06 35.28 NOTE
r-devel-linux-x86_64-fedora-clang 1.5 52.47 NOTE
r-devel-linux-x86_64-fedora-gcc 1.5 51.42 NOTE
r-devel-windows-ix86+x86_64 1.5 16.00 60.00 76.00 OK
r-patched-linux-x86_64 1.5 4.06 42.56 46.62 NOTE
r-patched-solaris-x86 1.5 65.30 OK
r-release-linux-x86_64 1.5 3.49 42.17 45.66 NOTE
r-release-windows-ix86+x86_64 1.5 11.00 58.00 69.00 OK
r-release-osx-x86_64 1.5 OK
r-oldrel-windows-ix86+x86_64 1.5 16.00 75.00 91.00 OK
r-oldrel-osx-x86_64 1.5 OK

Check Details

Version: 1.5
Check: compiled code
Result: NOTE
    File ‘enviPick/libs/enviPick.so’:
     Found no calls to: ‘R_registerRoutines’, ‘R_useDynamicSymbols’
    
    It is good practice to register native routines and to disable symbol
    search.
    
    See ‘Writing portable packages’ in the ‘Writing R Extensions’ manual.
Flavors: r-devel-linux-x86_64-debian-clang, r-devel-linux-x86_64-debian-gcc, r-devel-linux-x86_64-fedora-clang, r-devel-linux-x86_64-fedora-gcc, r-patched-linux-x86_64, r-release-linux-x86_64