CRAN Package Check Results for Package enviPick

Last updated on 2018-06-22 10:50:23 CEST.

Flavor Version Tinstall Tcheck Ttotal Status Flags
r-devel-linux-x86_64-debian-clang 1.5 6.44 42.39 48.83 NOTE
r-devel-linux-x86_64-debian-gcc 1.5 4.93 37.18 42.11 NOTE
r-devel-linux-x86_64-fedora-clang 1.5 64.02 NOTE
r-devel-linux-x86_64-fedora-gcc 1.5 60.45 NOTE
r-devel-windows-ix86+x86_64 1.5 11.00 65.00 76.00 OK
r-patched-linux-x86_64 1.5 7.23 43.46 50.69 NOTE
r-patched-solaris-x86 1.5 81.30 OK
r-release-linux-x86_64 1.5 5.32 43.23 48.55 NOTE
r-release-windows-ix86+x86_64 1.5 12.00 63.00 75.00 OK
r-release-osx-x86_64 1.5 OK
r-oldrel-windows-ix86+x86_64 1.5 11.00 56.00 67.00 OK
r-oldrel-osx-x86_64 1.5 OK

Check Details

Version: 1.5
Check: compiled code
Result: NOTE
    File ‘enviPick/libs/enviPick.so’:
     Found no calls to: ‘R_registerRoutines’, ‘R_useDynamicSymbols’
    
    It is good practice to register native routines and to disable symbol
    search.
    
    See ‘Writing portable packages’ in the ‘Writing R Extensions’ manual.
Flavors: r-devel-linux-x86_64-debian-clang, r-devel-linux-x86_64-debian-gcc, r-devel-linux-x86_64-fedora-clang, r-devel-linux-x86_64-fedora-gcc, r-patched-linux-x86_64, r-release-linux-x86_64