CRAN Package Check Results for Package epade

Last updated on 2015-05-24 14:46:54.

Flavor Version Tinstall Tcheck Ttotal Status Flags
r-devel-linux-x86_64-debian-clang 0.3.8 1.26 56.70 57.95 NOTE
r-devel-linux-x86_64-debian-gcc 0.3.8 1.64 56.26 57.90 NOTE
r-devel-linux-x86_64-fedora-clang 0.3.8 107.57 NOTE
r-devel-linux-x86_64-fedora-gcc 0.3.8 99.42 NOTE
r-devel-osx-x86_64-clang 0.3.8 94.16 NOTE
r-devel-windows-ix86+x86_64 0.3.8 3.00 74.00 77.00 NOTE
r-patched-linux-x86_64 0.3.8 1.78 56.49 58.26 NOTE
r-patched-solaris-sparc 0.3.8 666.90 NOTE
r-patched-solaris-x86 0.3.8 119.20 NOTE
r-release-linux-x86_64 0.3.8 1.11 58.84 59.95 NOTE
r-release-osx-x86_64-mavericks 0.3.8 NOTE
r-release-osx-x86_64-snowleopard 0.3.8 ERROR
r-release-windows-ix86+x86_64 0.3.8 5.00 68.00 73.00 NOTE
r-oldrel-windows-ix86+x86_64 0.3.8 4.00 75.00 79.00 NOTE

Check Details

Version: 0.3.8
Check: dependencies in R code
Result: NOTE
    'library' or 'require' call to ‘plotrix’ which was already attached by Depends.
     Please remove these calls from your code.
    'library' or 'require' calls in package code:
     ‘Hmisc’ ‘survival’
     Please use :: or requireNamespace() instead.
     See section 'Suggested packages' in the 'Writing R Extensions' manual.
    Package in Depends field not imported from: ‘plotrix’
     These packages need to be imported from (in the NAMESPACE file)
     for when this namespace is loaded but not attached.
    There are ::: calls to the package's namespace in its code. A package
     almost never needs to use ::: for its own objects:
     ‘a.alpha.ade’ ‘a.coladd.ade’ ‘a.getcol.ade’ ‘a.glc’
Flavors: r-devel-linux-x86_64-debian-clang, r-devel-linux-x86_64-debian-gcc, r-devel-linux-x86_64-fedora-clang, r-devel-linux-x86_64-fedora-gcc, r-devel-osx-x86_64-clang, r-devel-windows-ix86+x86_64, r-patched-linux-x86_64, r-patched-solaris-sparc, r-patched-solaris-x86, r-release-linux-x86_64, r-release-osx-x86_64-mavericks, r-release-osx-x86_64-snowleopard, r-release-windows-ix86+x86_64, r-oldrel-windows-ix86+x86_64

Version: 0.3.8
Check: R code for possible problems
Result: NOTE
    KM.plot.ade : plot.box.ade: no visible global function definition for
     ‘axis.break’
    KM.plot.ade: no visible global function definition for ‘survfit’
    KM.plot.ade: no visible global function definition for ‘survdiff’
    a.form.ade: no visible global function definition for ‘cylindrect’
    a.form.ade : sub.ellipse.ade : gradient.rect.ade: no visible global
     function definition for ‘color.gradient’
    box.plot.ade : a.draw.box: no visible global function definition for
     ‘cylindrect’
    box.plot.wtd : wtd.sd: no visible global function definition for
     ‘wtd.var’
    box.plot.wtd : a.draw.box: no visible global function definition for
     ‘wtd.mean’
    box.plot.wtd : a.draw.box: no visible global function definition for
     ‘wtd.quantile’
    box.plot.wtd : a.draw.box: no visible global function definition for
     ‘cylindrect’
    histogram.ade: no visible global function definition for
     ‘weighted.hist’
Flavors: r-devel-linux-x86_64-debian-clang, r-devel-linux-x86_64-debian-gcc, r-devel-linux-x86_64-fedora-clang, r-devel-linux-x86_64-fedora-gcc, r-devel-osx-x86_64-clang, r-devel-windows-ix86+x86_64, r-patched-linux-x86_64, r-patched-solaris-sparc, r-patched-solaris-x86, r-release-linux-x86_64, r-release-osx-x86_64-mavericks, r-release-osx-x86_64-snowleopard, r-release-windows-ix86+x86_64, r-oldrel-windows-ix86+x86_64

Version: 0.3.8
Check: Rd line widths
Result: NOTE
    Rd file 'scatter.ade.Rd':
     \examples lines wider than 100 characters:
     scatter.ade(x, y, g, z, vnames=c("blue","red"), alpha=0.25, xlim=c(-5, 5), zticks=c(1, 2, 3, 4, 5), wall=3)
    
    These lines will be truncated in the PDF manual.
Flavors: r-devel-linux-x86_64-debian-clang, r-devel-linux-x86_64-debian-gcc, r-devel-linux-x86_64-fedora-clang, r-devel-linux-x86_64-fedora-gcc, r-patched-linux-x86_64, r-release-linux-x86_64

Version: 0.3.8
Check: package dependencies
Result: NOTE
    Package suggested but not available for checking: ‘Hmisc’
Flavor: r-release-osx-x86_64-snowleopard

Version: 0.3.8
Check: examples
Result: ERROR
    Running examples in ‘epade-Ex.R’ failed
    The error most likely occurred in:
    
    > ### Name: box.plot.wtd
    > ### Title: weighted Boxplot
    > ### Aliases: box.plot.wtd
    > ### Keywords: boxplot
    >
    > ### ** Examples
    >
    > x<-rnorm(1000)
    > g<-round(runif(1000))
    > w<-abs(rnorm(1000))
    > d<- data.frame(x, g, w)
    > box.plot.wtd('x', 'g', w='w', data=d)
    Error in library(Hmisc) : there is no package called ‘Hmisc’
    Calls: box.plot.wtd -> library
    Execution halted
Flavor: r-release-osx-x86_64-snowleopard