CRAN Package Check Results for Package epade

Last updated on 2014-07-23 21:47:05.

Flavor Version Tinstall Tcheck Ttotal Status Flags
r-devel-linux-x86_64-debian-clang 0.3.8 1.22 60.84 62.06 NOTE
r-devel-linux-x86_64-debian-gcc 0.3.8 1.21 60.85 62.06 NOTE
r-devel-linux-x86_64-fedora-clang 0.3.8 125.51 NOTE
r-devel-linux-x86_64-fedora-gcc 0.3.8 118.11 NOTE
r-devel-osx-x86_64-clang 0.3.8 97.95 NOTE
r-devel-windows-ix86+x86_64 0.3.8 3.00 77.00 80.00 NOTE
r-patched-linux-x86_64 0.3.8 1.20 61.11 62.30 NOTE
r-patched-solaris-sparc 0.3.8 669.20 NOTE
r-patched-solaris-x86 0.3.8 126.10 NOTE
r-release-linux-ix86 0.3.8 1.68 73.52 75.20 NOTE
r-release-linux-x86_64 0.3.8 1.24 61.53 62.77 NOTE
r-release-osx-x86_64-mavericks 0.3.8 NOTE
r-release-windows-ix86+x86_64 0.3.8 4.00 84.00 88.00 NOTE
r-oldrel-windows-ix86+x86_64 0.3.8 4.00 74.00 78.00 NOTE

Check Details

Version: 0.3.8
Check: dependencies in R code
Result: NOTE
    'library' or 'require' call to ‘plotrix’ which was already attached by Depends.
     Please remove these calls from your code.
    Package in Depends field not imported from: ‘plotrix’
     These packages need to be imported from (in the NAMESPACE file)
     for when this namespace is loaded but not attached.
    There are ::: calls to the package's namespace in its code. A package
     almost never needs to use ::: for its own objects:
     ‘a.alpha.ade’ ‘a.coladd.ade’ ‘a.getcol.ade’ ‘a.glc’
    See the information on DESCRIPTION files in the chapter ‘Creating R
    packages’ of the ‘Writing R Extensions’ manual.
Flavors: r-devel-linux-x86_64-debian-clang, r-devel-linux-x86_64-debian-gcc, r-devel-linux-x86_64-fedora-clang, r-devel-linux-x86_64-fedora-gcc, r-devel-osx-x86_64-clang, r-devel-windows-ix86+x86_64, r-patched-linux-x86_64, r-patched-solaris-sparc, r-patched-solaris-x86, r-release-linux-ix86, r-release-linux-x86_64, r-release-osx-x86_64-mavericks, r-release-windows-ix86+x86_64, r-oldrel-windows-ix86+x86_64

Version: 0.3.8
Check: Rd line widths
Result: NOTE
    Rd file 'scatter.ade.Rd':
     \examples lines wider than 100 characters:
     scatter.ade(x, y, g, z, vnames=c("blue","red"), alpha=0.25, xlim=c(-5, 5), zticks=c(1, 2, 3, 4, 5), wall=3)
    
    These lines will be truncated in the PDF manual.
Flavors: r-devel-linux-x86_64-fedora-clang, r-devel-linux-x86_64-fedora-gcc