CRAN Package Check Results for Package epade

Last updated on 2014-12-19 23:46:55.

Flavor Version Tinstall Tcheck Ttotal Status Flags
r-devel-linux-x86_64-debian-clang 0.3.8 1.38 58.09 59.47 NOTE
r-devel-linux-x86_64-debian-gcc 0.3.8 1.21 55.54 56.75 NOTE
r-devel-linux-x86_64-fedora-clang 0.3.8 112.26 NOTE
r-devel-linux-x86_64-fedora-gcc 0.3.8 94.70 NOTE
r-devel-osx-x86_64-clang 0.3.8 101.94 NOTE
r-devel-windows-ix86+x86_64 0.3.8 4.00 70.00 74.00 NOTE
r-patched-linux-x86_64 0.3.8 1.28 60.07 61.35 NOTE
r-patched-solaris-sparc 0.3.8 670.30 NOTE
r-patched-solaris-x86 0.3.8 127.10 NOTE
r-release-linux-ix86 0.3.8 1.68 70.59 72.27 NOTE
r-release-linux-x86_64 0.3.8 1.39 60.06 61.45 NOTE
r-release-osx-x86_64-mavericks 0.3.8 NOTE
r-release-windows-ix86+x86_64 0.3.8 4.00 81.00 85.00 NOTE
r-oldrel-windows-ix86+x86_64 0.3.8 4.00 84.00 88.00 NOTE

Check Details

Version: 0.3.8
Check: dependencies in R code
Result: NOTE
    'library' or 'require' call to ‘plotrix’ which was already attached by Depends.
     Please remove these calls from your code.
    Package in Depends field not imported from: ‘plotrix’
     These packages need to be imported from (in the NAMESPACE file)
     for when this namespace is loaded but not attached.
    There are ::: calls to the package's namespace in its code. A package
     almost never needs to use ::: for its own objects:
     ‘a.alpha.ade’ ‘a.coladd.ade’ ‘a.getcol.ade’ ‘a.glc’
    See the information on DESCRIPTION files in the chapter ‘Creating R
    packages’ of the ‘Writing R Extensions’ manual.
Flavors: r-devel-linux-x86_64-debian-clang, r-devel-linux-x86_64-debian-gcc, r-devel-linux-x86_64-fedora-clang, r-devel-linux-x86_64-fedora-gcc, r-devel-osx-x86_64-clang, r-devel-windows-ix86+x86_64, r-patched-linux-x86_64, r-patched-solaris-sparc, r-patched-solaris-x86, r-release-linux-ix86, r-release-linux-x86_64, r-release-osx-x86_64-mavericks, r-release-windows-ix86+x86_64, r-oldrel-windows-ix86+x86_64

Version: 0.3.8
Check: R code for possible problems
Result: NOTE
    KM.plot.ade : plot.box.ade: no visible global function definition for
     ‘axis.break’
    KM.plot.ade: no visible global function definition for ‘survfit’
    KM.plot.ade: no visible global function definition for ‘survdiff’
    a.form.ade: no visible global function definition for ‘cylindrect’
    a.form.ade : sub.ellipse.ade : gradient.rect.ade: no visible global
     function definition for ‘color.gradient’
    box.plot.ade : a.draw.box: no visible global function definition for
     ‘cylindrect’
    box.plot.wtd : wtd.sd: no visible global function definition for
     ‘wtd.var’
    box.plot.wtd : a.draw.box: no visible global function definition for
     ‘wtd.mean’
    box.plot.wtd : a.draw.box: no visible global function definition for
     ‘wtd.quantile’
    box.plot.wtd : a.draw.box: no visible global function definition for
     ‘cylindrect’
    histogram.ade: no visible global function definition for
     ‘weighted.hist’
Flavors: r-devel-linux-x86_64-debian-clang, r-devel-linux-x86_64-debian-gcc, r-devel-linux-x86_64-fedora-clang, r-devel-linux-x86_64-fedora-gcc, r-devel-osx-x86_64-clang, r-devel-windows-ix86+x86_64, r-patched-linux-x86_64, r-patched-solaris-sparc, r-patched-solaris-x86, r-release-linux-ix86, r-release-linux-x86_64, r-release-windows-ix86+x86_64

Version: 0.3.8
Check: Rd line widths
Result: NOTE
    Rd file 'scatter.ade.Rd':
     \examples lines wider than 100 characters:
     scatter.ade(x, y, g, z, vnames=c("blue","red"), alpha=0.25, xlim=c(-5, 5), zticks=c(1, 2, 3, 4, 5), wall=3)
    
    These lines will be truncated in the PDF manual.
Flavors: r-devel-linux-x86_64-debian-clang, r-devel-linux-x86_64-debian-gcc, r-devel-linux-x86_64-fedora-clang, r-devel-linux-x86_64-fedora-gcc, r-patched-linux-x86_64, r-release-linux-x86_64