CRAN Package Check Results for Package epade

Last updated on 2014-04-23 12:48:17.

Flavor Version Tinstall Tcheck Ttotal Status Flags
r-devel-linux-x86_64-debian-clang 0.3.8 1.29 62.61 63.90 NOTE
r-devel-linux-x86_64-debian-gcc 0.3.8 1.27 64.64 65.92 NOTE
r-devel-linux-x86_64-fedora-clang 0.3.8 122.40 NOTE
r-devel-linux-x86_64-fedora-gcc 0.3.8 115.46 NOTE
r-devel-osx-x86_64-clang 0.3.8 88.01 NOTE
r-devel-osx-x86_64-gcc 0.3.8 ERROR
r-devel-windows-ix86+x86_64 0.3.8 3.00 74.00 77.00 NOTE
r-patched-linux-x86_64 0.3.8 1.28 63.33 64.61 NOTE
r-patched-solaris-sparc 0.3.8 669.20 NOTE
r-patched-solaris-x86 0.3.8 128.70 NOTE
r-release-linux-ix86 0.3.8 2.00 93.00 95.00 NOTE
r-release-linux-x86_64 0.3.8 1.27 63.58 64.86 NOTE
r-release-osx-x86_64-mavericks 0.3.8 WARN
r-release-windows-ix86+x86_64 0.3.8 3.00 81.00 84.00 NOTE
r-oldrel-windows-ix86+x86_64 0.3.8 3.00 81.00 84.00 NOTE

Check Details

Version: 0.3.8
Check: dependencies in R code
Result: NOTE
    'library' or 'require' call to ‘plotrix’ which was already attached by Depends.
     Please remove these calls from your code.
    Package in Depends field not imported from: ‘plotrix’
     These packages need to be imported from (in the NAMESPACE file)
     for when this namespace is loaded but not attached.
    There are ::: calls to the package's namespace in its code. A package
     almost never needs to use ::: for its own objects:
     ‘a.alpha.ade’ ‘a.coladd.ade’ ‘a.getcol.ade’ ‘a.glc’
    See the information on DESCRIPTION files in the chapter ‘Creating R
    packages’ of the ‘Writing R Extensions’ manual.
Flavors: r-devel-linux-x86_64-debian-clang, r-devel-linux-x86_64-debian-gcc, r-devel-linux-x86_64-fedora-clang, r-devel-linux-x86_64-fedora-gcc, r-devel-osx-x86_64-clang, r-devel-osx-x86_64-gcc, r-devel-windows-ix86+x86_64, r-patched-linux-x86_64, r-patched-solaris-sparc, r-patched-solaris-x86, r-release-linux-ix86, r-release-linux-x86_64, r-release-osx-x86_64-mavericks, r-release-windows-ix86+x86_64, r-oldrel-windows-ix86+x86_64

Version: 0.3.8
Check: Rd line widths
Result: NOTE
    Rd file 'scatter.ade.Rd':
     \examples lines wider than 100 characters:
     scatter.ade(x, y, g, z, vnames=c("blue","red"), alpha=0.25, xlim=c(-5, 5), zticks=c(1, 2, 3, 4, 5), wall=3)
    
    These lines will be truncated in the PDF manual.
Flavors: r-devel-linux-x86_64-fedora-clang, r-devel-linux-x86_64-fedora-gcc

Version: 0.3.8
Check: package dependencies
Result: NOTE
    Package suggested but not available for checking: ‘Hmisc’
Flavor: r-devel-osx-x86_64-gcc

Version: 0.3.8
Check: R code for possible problems
Result: NOTE
    box.plot.wtd : wtd.sd: no visible global function definition for
     ‘wtd.var’
    box.plot.wtd : a.draw.box: no visible global function definition for
     ‘wtd.mean’
    box.plot.wtd : a.draw.box: no visible global function definition for
     ‘wtd.quantile’
Flavor: r-devel-osx-x86_64-gcc

Version: 0.3.8
Check: examples
Result: ERROR
    Running examples in ‘epade-Ex.R’ failed
    The error most likely occurred in:
    
    > ### Name: box.plot.wtd
    > ### Title: weighted Boxplot
    > ### Aliases: box.plot.wtd
    > ### Keywords: boxplot
    >
    > ### ** Examples
    >
    > x<-rnorm(1000)
    > g<-round(runif(1000))
    > w<-abs(rnorm(1000))
    > d<- data.frame(x, g, w)
    > box.plot.wtd('x', 'g', w='w', data=d)
    Error in library(Hmisc) : there is no package called ‘Hmisc’
    Calls: box.plot.wtd -> library
    Execution halted
Flavor: r-devel-osx-x86_64-gcc

Version: 0.3.8
Check: PDF version of manual
Result: WARNING
    LaTeX errors when creating PDF version.
    This typically indicates Rd problems.
    LaTeX errors found:
    ! LaTeX Error: File `upquote.sty' not found.
    
    Type X to quit or <RETURN> to proceed,
    or enter new name. (Default extension: sty)
    
    4da94fc/Rd2.tex:8: ==> Fatal error occurred, no output PDF file produced!
Flavor: r-release-osx-x86_64-mavericks