Last updated on 2023-12-04 03:53:39 CET.
Flavor | Version | Tinstall | Tcheck | Ttotal | Status | Flags |
---|---|---|---|---|---|---|
r-devel-linux-x86_64-debian-clang | 1.1.0 | 3.05 | 49.35 | 52.40 | NOTE | |
r-devel-linux-x86_64-debian-gcc | 1.1.0 | 2.21 | 37.83 | 40.04 | NOTE | |
r-devel-linux-x86_64-fedora-clang | 1.1.0 | 65.18 | OK | |||
r-devel-linux-x86_64-fedora-gcc | 1.1.0 | 72.87 | OK | |||
r-devel-windows-x86_64 | 1.1.0 | 3.00 | 70.00 | 73.00 | OK | |
r-patched-linux-x86_64 | 1.1.0 | 2.42 | 48.65 | 51.07 | OK | |
r-release-linux-x86_64 | 1.1.0 | 2.40 | 51.75 | 54.15 | OK | |
r-release-macos-arm64 | 1.1.0 | 31.00 | OK | |||
r-release-macos-x86_64 | 1.1.0 | 71.00 | OK | |||
r-release-windows-x86_64 | 1.1.0 | 4.00 | 72.00 | 76.00 | OK | |
r-oldrel-macos-arm64 | 1.1.0 | 30.00 | OK | |||
r-oldrel-macos-x86_64 | 1.1.0 | 40.00 | OK | |||
r-oldrel-windows-x86_64 | 1.1.0 | 5.00 | 74.00 | 79.00 | OK |
Version: 1.1.0
Check: Rd files
Result: NOTE
checkRd: (-1) misClustRate.Rd:18: Lost braces; missing escapes or markup?
18 | Compute the empirical MCR, assuming that #{cluster} = #{block},
| ^
checkRd: (-1) misClustRate.Rd:18: Lost braces; missing escapes or markup?
18 | Compute the empirical MCR, assuming that #{cluster} = #{block},
| ^
Flavors: r-devel-linux-x86_64-debian-clang, r-devel-linux-x86_64-debian-gcc