CRAN Package Check Results for Package eph

Last updated on 2020-01-20 01:50:20 CET.

Flavor Version Tinstall Tcheck Ttotal Status Flags
r-devel-linux-x86_64-debian-clang 0.2.0 4.37 62.98 67.35 OK
r-devel-linux-x86_64-debian-gcc 0.2.0 3.20 49.44 52.64 OK
r-devel-linux-x86_64-fedora-clang 0.2.0 79.43 NOTE
r-devel-linux-x86_64-fedora-gcc 0.2.0 78.45 NOTE
r-devel-windows-ix86+x86_64 0.2.0 22.00 126.00 148.00 OK
r-devel-windows-ix86+x86_64-gcc8 0.2.0 13.00 134.00 147.00 OK
r-patched-linux-x86_64 0.2.0 3.80 59.16 62.96 OK
r-patched-solaris-x86 0.2.0 120.30 NOTE
r-release-linux-x86_64 0.2.0 3.70 58.92 62.62 OK
r-release-windows-ix86+x86_64 0.2.0 13.00 135.00 148.00 OK
r-release-osx-x86_64 0.2.0 ERROR
r-oldrel-windows-ix86+x86_64 0.2.0 4.00 95.00 99.00 OK
r-oldrel-osx-x86_64 0.2.0 ERROR

Check Details

Version: 0.2.0
Check: dependencies in R code
Result: NOTE
    Namespaces in Imports field not imported from:
     ‘readr’ ‘tidyverse’
     All declared Imports should be used.
Flavors: r-devel-linux-x86_64-fedora-clang, r-devel-linux-x86_64-fedora-gcc, r-patched-solaris-x86, r-release-osx-x86_64, r-oldrel-osx-x86_64

Version: 0.2.0
Check: data for non-ASCII characters
Result: NOTE
     Note: found 114 marked UTF-8 strings
Flavors: r-devel-linux-x86_64-fedora-clang, r-devel-linux-x86_64-fedora-gcc, r-patched-solaris-x86, r-release-osx-x86_64, r-oldrel-osx-x86_64

Version: 0.2.0
Check: examples
Result: ERROR
    Running examples in ‘eph-Ex.R’ failed
    The error most likely occurred in:
    
    > ### Name: get_poverty_lines
    > ### Title: Descarga de canasta basica alimentaria y canasta basica total
    > ### Aliases: get_poverty_lines
    >
    > ### ** Examples
    >
    >
    > canasta <- get_poverty_lines()
    trying URL 'https://www.indec.gob.ar/ftp/cuadros/sociedad/serie_cba_cbt.xls'
    Warning in utils::download.file(dataURL, destfile = temp, mode = "wb") :
     URL 'https://www.indec.gob.ar/ftp/cuadros/sociedad/serie_cba_cbt.xls': status was 'Couldn't connect to server'
    Error in utils::download.file(dataURL, destfile = temp, mode = "wb") :
     cannot open URL 'https://www.indec.gob.ar/ftp/cuadros/sociedad/serie_cba_cbt.xls'
    Calls: get_poverty_lines -> <Anonymous>
    Execution halted
Flavors: r-release-osx-x86_64, r-oldrel-osx-x86_64

Version: 0.2.0
Check: tests
Result: ERROR
     Running ‘testthat.R’ [3s/79s]
    Running the tests in ‘tests/testthat.R’ failed.
    Last 13 lines of output:
     >
     > test_check("eph")
     trying URL 'https://www.indec.gob.ar/ftp/cuadros/sociedad/serie_cba_cbt.xls'
     ── 1. Error: test canasta (@test-get_poverty_lines.R#5) ───────────────────────
     cannot open URL 'https://www.indec.gob.ar/ftp/cuadros/sociedad/serie_cba_cbt.xls'
     Backtrace:
     1. eph::get_poverty_lines()
     2. utils::download.file(dataURL, destfile = temp, mode = "wb")
    
     ══ testthat results ═══════════════════════════════════════════════════════════
     [ OK: 11 | SKIPPED: 3 | WARNINGS: 3 | FAILED: 1 ]
     1. Error: test canasta (@test-get_poverty_lines.R#5)
    
     Error: testthat unit tests failed
     Execution halted
Flavor: r-release-osx-x86_64

Version: 0.2.0
Check: re-building of vignette outputs
Result: WARN
    Error(s) in re-building vignettes:
    --- re-building ‘eph.Rmd’ using rmarkdown
    Warning in engine$weave(file, quiet = quiet, encoding = enc) :
     Pandoc (>= 1.12.3) and/or pandoc-citeproc not available. Falling back to R Markdown v1.
    
    Attaching package: 'dplyr'
    
    The following objects are masked from 'package:stats':
    
     filter, lag
    
    The following objects are masked from 'package:base':
    
     intersect, setdiff, setequal, union
    
    Warning in bind_rows_(x, .id) :
     Unequal factor levels: coercing to character
    Warning in bind_rows_(x, .id) :
     binding character and factor vector, coercing into character vector
    Warning in bind_rows_(x, .id) :
     binding character and factor vector, coercing into character vector
    Warning in bind_rows_(x, .id) :
     binding character and factor vector, coercing into character vector
    Warning in bind_rows_(x, .id) :
     binding character and factor vector, coercing into character vector
    Warning in apply_labels.list(data, ...) :
     Some names don't exist in `data`: H15, REGION, MAS_500, AGLOMERADO, CH03, CH05, CH07, CH08, CH09, CH10, CH11, CH12, CH13, CH14, CH15, CH15_COD, CH16, CH16_COD, NIVEL_ED, CAT_OCUP, CAT_INAC, IMPUTA, PP02C1, PP02C2, PP02C3, PP02C4, PP02C5, PP02C6, PP02C7, PP02C8, PP02E, PP02H, PP02I, PP03C, PP03D, PP3E_TOT, PP3F_TOT, PP03G, PP03H, PP03I, PP03J, INTENSI, PP04A, PP04B_COD, PP04B1, PP04B2, PP04B3_MES, PP04B3_ANO, PP04B3_DIA, PP04C, PP04C99, PP04D_COD, PP04G, PP05B2_MES, PP05B2_ANO, PP05B2_DIA, PP05C_1, PP05C_2, PP05C_3, PP05E, PP05F, PP05H, PP06A, PP06C, PP06D, PP06E, PP06H, PP07A, PP07C, PP07D, PP07E, PP07F1, PP07F2, PP07F3, PP07F4, PP07F5, PP07G1, PP07G2, PP07G3, PP07G4, PP07G_59, PP07H, PP07I, PP07J, PP07K, PP08D1, PP08D4, PP08F1, PP08F2, PP08J1, PP08J2, PP08J3, PP09A, PP09A_ESP, PP09B, PP09C, PP09C_ESP, PP10A, PP10C, PP10D, PP10E, PP11A, PP11B_COD, PP11B1, PP11B2_DIA, PP11B2_MES, PP11B2_ANO, PP11C, PP11C99, PP11D_COD, PP11G_ANO, PP11G_MES, PP11G_DIA, PP11L, PP11L1, PP11M, PP11N, PP11O, [... truncated]
    trying URL 'https://www.indec.gob.ar/ftp/cuadros/menusuperior/eph/EPH_usu_3_Trim_2019_txt.zip'
    Warning in utils::download.file(link, temp) :
     URL 'https://www.indec.gob.ar/ftp/cuadros/menusuperior/eph/EPH_usu_3_Trim_2019_txt.zip': status was 'Couldn't connect to server'
    trying URL 'https://www.indec.gob.ar/ftp/cuadros/menusuperior/eph/EPH_usu_4_Trim_2019_txt.zip'
    Warning in utils::download.file(link, temp) :
     URL 'https://www.indec.gob.ar/ftp/cuadros/menusuperior/eph/EPH_usu_4_Trim_2019_txt.zip': status was 'Couldn't connect to server'
    Quitting from lines 166-172 (eph.Rmd)
    Error: processing vignette 'eph.Rmd' failed with diagnostics:
    Only bare vectors have shapes.
    --- failed re-building ‘eph.Rmd’
    
    SUMMARY: processing the following file failed:
     ‘eph.Rmd’
    
    Error: Vignette re-building failed.
    Execution halted
Flavor: r-release-osx-x86_64

Version: 0.2.0
Check: tests
Result: ERROR
     Running ‘testthat.R’ [3s/78s]
    Running the tests in ‘tests/testthat.R’ failed.
    Last 13 lines of output:
     >
     > test_check("eph")
     trying URL 'https://www.indec.gob.ar/ftp/cuadros/sociedad/serie_cba_cbt.xls'
     ── 1. Error: test canasta (@test-get_poverty_lines.R#5) ───────────────────────
     cannot open URL 'https://www.indec.gob.ar/ftp/cuadros/sociedad/serie_cba_cbt.xls'
     Backtrace:
     1. eph::get_poverty_lines()
     2. utils::download.file(dataURL, destfile = temp, mode = "wb")
    
     ══ testthat results ═══════════════════════════════════════════════════════════
     [ OK: 11 | SKIPPED: 3 | WARNINGS: 3 | FAILED: 1 ]
     1. Error: test canasta (@test-get_poverty_lines.R#5)
    
     Error: testthat unit tests failed
     Execution halted
Flavor: r-oldrel-osx-x86_64

Version: 0.2.0
Check: re-building of vignette outputs
Result: WARN
    Error in re-building vignettes:
     ...
    
     intersect, setdiff, setequal, union
    
    Warning in bind_rows_(x, .id) :
     Unequal factor levels: coercing to character
    Warning in bind_rows_(x, .id) :
     binding character and factor vector, coercing into character vector
    Warning in bind_rows_(x, .id) :
     binding character and factor vector, coercing into character vector
    Warning in bind_rows_(x, .id) :
     binding character and factor vector, coercing into character vector
    Warning in bind_rows_(x, .id) :
     binding character and factor vector, coercing into character vector
    Warning in apply_labels.list(data, ...) :
     Some names don't exist in `data`: H15, REGION, MAS_500, AGLOMERADO, CH03, CH05, CH07, CH08, CH09, CH10, CH11, CH12, CH13, CH14, CH15, CH15_COD, CH16, CH16_COD, NIVEL_ED, CAT_OCUP, CAT_INAC, IMPUTA, PP02C1, PP02C2, PP02C3, PP02C4, PP02C5, PP02C6, PP02C7, PP02C8, PP02E, PP02H, PP02I, PP03C, PP03D, PP3E_TOT, PP3F_TOT, PP03G, PP03H, PP03I, PP03J, INTENSI, PP04A, PP04B_COD, PP04B1, PP04B2, PP04B3_MES, PP04B3_ANO, PP04B3_DIA, PP04C, PP04C99, PP04D_COD, PP04G, PP05B2_MES, PP05B2_ANO, PP05B2_DIA, PP05C_1, PP05C_2, PP05C_3, PP05E, PP05F, PP05H, PP06A, PP06C, PP06D, PP06E, PP06H, PP07A, PP07C, PP07D, PP07E, PP07F1, PP07F2, PP07F3, PP07F4, PP07F5, PP07G1, PP07G2, PP07G3, PP07G4, PP07G_59, PP07H, PP07I, PP07J, PP07K, PP08D1, PP08D4, PP08F1, PP08F2, PP08J1, PP08J2, PP08J3, PP09A, PP09A_ESP, PP09B, PP09C, PP09C_ESP, PP10A, PP10C, PP10D, PP10E, PP11A, PP11B_COD, PP11B1, PP11B2_DIA, PP11B2_MES, PP11B2_ANO, PP11C, PP11C99, PP11D_COD, PP11G_ANO, PP11G_MES, PP11G_DIA, PP11L, PP11L1, PP11M, PP11N, PP11O, [... truncated]
    trying URL 'https://www.indec.gob.ar/ftp/cuadros/menusuperior/eph/EPH_usu_3_Trim_2019_txt.zip'
    Warning in utils::download.file(link, temp) :
     URL 'https://www.indec.gob.ar/ftp/cuadros/menusuperior/eph/EPH_usu_3_Trim_2019_txt.zip': status was 'Couldn't connect to server'
    trying URL 'https://www.indec.gob.ar/ftp/cuadros/menusuperior/eph/EPH_usu_4_Trim_2019_txt.zip'
    Warning in utils::download.file(link, temp) :
     URL 'https://www.indec.gob.ar/ftp/cuadros/menusuperior/eph/EPH_usu_4_Trim_2019_txt.zip': status was 'Couldn't connect to server'
    Quitting from lines 166-172 (eph.Rmd)
    Error: processing vignette 'eph.Rmd' failed with diagnostics:
    Only bare vectors have shapes.
    Execution halted
Flavor: r-oldrel-osx-x86_64