CRAN Package Check Results for Package epiR

Last updated on 2015-01-27 21:47:53.

Flavor Version Tinstall Tcheck Ttotal Status Flags
r-devel-linux-x86_64-debian-clang 0.9-62 1.16 28.26 29.42 NOTE
r-devel-linux-x86_64-debian-gcc 0.9-62 1.22 31.02 32.24 NOTE
r-devel-linux-x86_64-fedora-clang 0.9-62 60.77 NOTE
r-devel-linux-x86_64-fedora-gcc 0.9-62 56.93 NOTE
r-devel-osx-x86_64-clang 0.9-62 55.55 NOTE
r-devel-windows-ix86+x86_64 0.9-62 4.00 36.00 40.00 OK
r-patched-linux-x86_64 0.9-62 1.20 30.18 31.38 OK
r-patched-solaris-sparc 0.9-62 352.40 OK
r-patched-solaris-x86 0.9-62 72.20 OK
r-release-linux-ix86 0.9-62 1.66 37.11 38.78 OK
r-release-linux-x86_64 0.9-62 1.80 29.69 31.49 OK
r-release-osx-x86_64-mavericks 0.9-62 OK
r-release-osx-x86_64-snowleopard 0.9-62 OK
r-release-windows-ix86+x86_64 0.9-62 5.00 43.00 48.00 OK
r-oldrel-windows-ix86+x86_64 0.9-62 5.00 42.00 47.00 OK

Check Details

Version: 0.9-62
Check: S3 generic/method consistency
Result: NOTE
    Found the following apparent S3 methods exported but not registered:
     print.epi.occc
    See section ‘Registering S3 methods’ in the ‘Writing R Extensions’
    manual.
Flavors: r-devel-linux-x86_64-debian-clang, r-devel-linux-x86_64-debian-gcc, r-devel-linux-x86_64-fedora-clang, r-devel-linux-x86_64-fedora-gcc, r-devel-osx-x86_64-clang