CRAN Package Check Results for Package epiR

Last updated on 2015-04-28 11:48:22.

Flavor Version Tinstall Tcheck Ttotal Status Flags
r-devel-linux-x86_64-debian-clang 0.9-62 1.13 27.60 28.73 NOTE
r-devel-linux-x86_64-debian-gcc 0.9-62 1.11 26.92 28.03 NOTE
r-devel-linux-x86_64-fedora-clang 0.9-62 53.89 NOTE
r-devel-linux-x86_64-fedora-gcc 0.9-62 50.27 NOTE
r-devel-osx-x86_64-clang 0.9-62 51.31 NOTE
r-devel-windows-ix86+x86_64 0.9-62 5.00 40.00 45.00 OK
r-patched-linux-x86_64 0.9-62 1.31 27.40 28.71 NOTE
r-patched-solaris-sparc 0.9-62 346.40 OK
r-patched-solaris-x86 0.9-62 66.70 NOTE
r-release-linux-x86_64 0.9-62 1.18 27.30 28.48 NOTE
r-release-osx-x86_64-mavericks 0.9-62 OK
r-release-osx-x86_64-snowleopard 0.9-62 OK
r-release-windows-ix86+x86_64 0.9-62 5.00 39.00 44.00 OK
r-oldrel-windows-ix86+x86_64 0.9-62 3.00 41.00 44.00 OK

Check Details

Version: 0.9-62
Check: S3 generic/method consistency
Result: NOTE
    Found the following apparent S3 methods exported but not registered:
     print.epi.occc
    See section ‘Registering S3 methods’ in the ‘Writing R Extensions’
    manual.
Flavors: r-devel-linux-x86_64-debian-clang, r-devel-linux-x86_64-debian-gcc, r-devel-linux-x86_64-fedora-clang, r-devel-linux-x86_64-fedora-gcc, r-devel-osx-x86_64-clang, r-patched-linux-x86_64, r-patched-solaris-x86, r-release-linux-x86_64