CRAN Package Check Results for Package epiR

Last updated on 2019-03-23 03:53:19 CET.

Flavor Version Tinstall Tcheck Ttotal Status Flags
r-devel-linux-x86_64-debian-clang 0.9-99 18.25 93.18 111.43 OK
r-devel-linux-x86_64-debian-gcc 0.9-99 14.97 72.21 87.18 OK
r-devel-linux-x86_64-fedora-clang 0.9-99 133.46 OK
r-devel-linux-x86_64-fedora-gcc 0.9-99 126.79 OK
r-devel-windows-ix86+x86_64 0.9-99 38.00 95.00 133.00 OK
r-patched-linux-x86_64 0.9-99 12.96 88.35 101.31 OK
r-patched-solaris-x86 0.9-99 169.30 OK
r-release-linux-x86_64 0.9-99 0.37 2.91 3.28 ERROR
r-release-windows-ix86+x86_64 0.9-99 18.00 102.00 120.00 OK
r-release-osx-x86_64 0.9-99 OK
r-oldrel-windows-ix86+x86_64 0.9-99 14.00 135.00 149.00 OK
r-oldrel-osx-x86_64 0.9-99 OK

Check Details

Version: 0.9-99
Check: whether package can be installed
Result: ERROR
    Installation failed.
Flavor: r-release-linux-x86_64