CRAN Package Check Results for Package epiR

Last updated on 2015-03-03 09:49:34.

Flavor Version Tinstall Tcheck Ttotal Status Flags
r-devel-linux-x86_64-debian-clang 0.9-62 1.26 28.15 29.41 NOTE
r-devel-linux-x86_64-debian-gcc 0.9-62 1.12 29.06 30.18 NOTE
r-devel-linux-x86_64-fedora-clang 0.9-62 53.42 NOTE
r-devel-linux-x86_64-fedora-gcc 0.9-62 49.76 NOTE
r-devel-osx-x86_64-clang 0.9-62 53.18 NOTE
r-devel-windows-ix86+x86_64 0.9-62 9.00 53.00 62.00 OK
r-patched-linux-x86_64 0.9-62 1.18 30.04 31.22 OK
r-patched-solaris-sparc 0.9-62 352.40 OK
r-patched-solaris-x86 0.9-62 74.40 OK
r-release-linux-ix86 0.9-62 1.64 38.20 39.84 OK
r-release-linux-x86_64 0.9-62 1.17 29.86 31.03 OK
r-release-osx-x86_64-mavericks 0.9-62 OK
r-release-osx-x86_64-snowleopard 0.9-62 OK
r-release-windows-ix86+x86_64 0.9-62 8.00 55.00 63.00 OK
r-oldrel-windows-ix86+x86_64 0.9-62 5.00 45.00 50.00 OK

Check Details

Version: 0.9-62
Check: S3 generic/method consistency
Result: NOTE
    Found the following apparent S3 methods exported but not registered:
     print.epi.occc
    See section ‘Registering S3 methods’ in the ‘Writing R Extensions’
    manual.
Flavors: r-devel-linux-x86_64-debian-clang, r-devel-linux-x86_64-debian-gcc, r-devel-linux-x86_64-fedora-clang, r-devel-linux-x86_64-fedora-gcc, r-devel-osx-x86_64-clang