CRAN Package Check Results for Package epiR

Last updated on 2014-04-21 12:43:16.

Flavor Version Tinstall Tcheck Ttotal Status Flags
r-devel-linux-x86_64-debian-clang 0.9-57 1.24 30.50 31.74 OK
r-devel-linux-x86_64-debian-gcc 0.9-57 1.26 30.20 31.45 OK
r-devel-linux-x86_64-fedora-clang 0.9-57 57.96 OK
r-devel-linux-x86_64-fedora-gcc 0.9-57 55.77 OK
r-devel-osx-x86_64-clang 0.9-57 47.71 OK
r-devel-osx-x86_64-gcc 0.9-57 OK
r-devel-windows-ix86+x86_64 0.9-57 4.00 42.00 46.00 OK
r-patched-linux-x86_64 0.9-57 1.32 29.97 31.29 OK
r-patched-solaris-sparc 0.9-57 330.80 OK
r-patched-solaris-x86 0.9-57 72.60 OK
r-release-linux-x86_64 0.9-57 1.20 29.51 30.70 OK
r-release-osx-x86_64-mavericks 0.9-57 WARN
r-release-osx-x86_64-snowleopard 0.9-57 OK
r-release-windows-ix86+x86_64 0.9-57 5.00 43.00 48.00 OK
r-oldrel-windows-ix86+x86_64 0.9-57 4.00 44.00 48.00 OK

Check Details

Version: 0.9-57
Check: PDF version of manual
Result: WARNING
    LaTeX errors when creating PDF version.
    This typically indicates Rd problems.
    LaTeX errors found:
    ! LaTeX Error: File `upquote.sty' not found.
    
    Type X to quit or <RETURN> to proceed,
    or enter new name. (Default extension: sty)
    
    f8425c9/Rd2.tex:8: ==> Fatal error occurred, no output PDF file produced!
Flavor: r-release-osx-x86_64-mavericks