CRAN Package Check Results for Package epiR

Last updated on 2015-05-23 15:47:13.

Flavor Version Tinstall Tcheck Ttotal Status Flags
r-devel-linux-x86_64-debian-clang 0.9-62 1.12 27.58 28.70 NOTE
r-devel-linux-x86_64-debian-gcc 0.9-62 1.09 27.08 28.16 NOTE
r-devel-linux-x86_64-fedora-clang 0.9-62 53.98 NOTE
r-devel-linux-x86_64-fedora-gcc 0.9-62 51.12 NOTE
r-devel-osx-x86_64-clang 0.9-62 51.16 NOTE
r-devel-windows-ix86+x86_64 0.9-62 5.00 40.00 45.00 OK
r-patched-linux-x86_64 0.9-62 1.25 27.20 28.46 NOTE
r-patched-solaris-sparc 0.9-62 346.80 NOTE
r-patched-solaris-x86 0.9-62 67.60 NOTE
r-release-linux-x86_64 0.9-62 1.12 27.47 28.59 NOTE
r-release-osx-x86_64-mavericks 0.9-62 OK
r-release-osx-x86_64-snowleopard 0.9-62 OK
r-release-windows-ix86+x86_64 0.9-62 5.00 39.00 44.00 OK
r-oldrel-windows-ix86+x86_64 0.9-62 5.00 40.00 45.00 OK

Check Details

Version: 0.9-62
Check: S3 generic/method consistency
Result: NOTE
    Found the following apparent S3 methods exported but not registered:
     print.epi.occc
    See section ‘Registering S3 methods’ in the ‘Writing R Extensions’
    manual.
Flavors: r-devel-linux-x86_64-debian-clang, r-devel-linux-x86_64-debian-gcc, r-devel-linux-x86_64-fedora-clang, r-devel-linux-x86_64-fedora-gcc, r-devel-osx-x86_64-clang, r-patched-linux-x86_64, r-patched-solaris-sparc, r-patched-solaris-x86, r-release-linux-x86_64