CRAN Package Check Results for Package epibasix

Last updated on 2015-01-27 12:47:26.

Flavor Version Tinstall Tcheck Ttotal Status Flags
r-devel-linux-x86_64-debian-clang 1.3 0.66 10.95 11.61 NOTE
r-devel-linux-x86_64-debian-gcc 1.3 0.59 10.53 11.12 NOTE
r-devel-linux-x86_64-fedora-clang 1.3 25.31 NOTE
r-devel-linux-x86_64-fedora-gcc 1.3 24.26 NOTE
r-devel-osx-x86_64-clang 1.3 26.39 NOTE
r-devel-windows-ix86+x86_64 1.3 3.00 18.00 21.00 OK
r-patched-linux-x86_64 1.3 0.62 11.32 11.94 NOTE
r-patched-solaris-sparc 1.3 141.70 OK
r-patched-solaris-x86 1.3 33.80 OK
r-release-linux-ix86 1.3 0.92 16.81 17.73 OK
r-release-linux-x86_64 1.3 0.63 11.22 11.85 NOTE
r-release-osx-x86_64-mavericks 1.3 OK
r-release-windows-ix86+x86_64 1.3 2.00 31.00 33.00 OK
r-oldrel-windows-ix86+x86_64 1.3 2.00 18.00 20.00 OK

Check Details

Version: 1.3
Check: Rd line widths
Result: NOTE
    Rd file 'n4props.Rd':
     \examples lines wider than 100 characters:
     ## Not run: Suppose a new drug is thought to reduce heart attack mortality from 0.10 to 0.03. Calculate the required number of subjects ... [TRUNCATED]
    
    These lines will be truncated in the PDF manual.
Flavors: r-devel-linux-x86_64-debian-clang, r-devel-linux-x86_64-debian-gcc, r-devel-linux-x86_64-fedora-clang, r-devel-linux-x86_64-fedora-gcc, r-patched-linux-x86_64, r-release-linux-x86_64

Version: 1.3
Check: S3 generic/method consistency
Result: NOTE
    Found the following apparent S3 methods exported but not registered:
     print.corXY print.diffDetect print.epi2x2 print.epiKappa
     print.epiTTest print.mcNemar print.n4means print.n4props
     print.sensSpec print.univar summary.corXY summary.diffDetect
     summary.epi2x2 summary.epiKappa summary.epiTTest summary.mcNemar
     summary.n4means summary.n4props summary.sensSpec summary.univar
    See section ‘Registering S3 methods’ in the ‘Writing R Extensions’
    manual.
Flavors: r-devel-linux-x86_64-debian-gcc, r-devel-linux-x86_64-fedora-clang, r-devel-linux-x86_64-fedora-gcc, r-devel-osx-x86_64-clang