CRAN Package Check Results for Package epibasix

Last updated on 2014-12-22 12:49:44.

Flavor Version Tinstall Tcheck Ttotal Status Flags
r-devel-linux-x86_64-debian-clang 1.3 0.69 12.01 12.70 NOTE
r-devel-linux-x86_64-debian-gcc 1.3 0.61 11.06 11.67 NOTE
r-devel-linux-x86_64-fedora-clang 1.3 24.87 NOTE
r-devel-linux-x86_64-fedora-gcc 1.3 22.58 NOTE
r-devel-osx-x86_64-clang 1.3 25.63 OK
r-devel-windows-ix86+x86_64 1.3 3.00 26.00 29.00 OK
r-patched-linux-x86_64 1.3 0.68 11.40 12.08 NOTE
r-patched-solaris-sparc 1.3 141.30 OK
r-patched-solaris-x86 1.3 34.20 OK
r-release-linux-ix86 1.3 0.90 16.82 17.72 OK
r-release-linux-x86_64 1.3 0.63 11.76 12.38 NOTE
r-release-osx-x86_64-mavericks 1.3 OK
r-release-windows-ix86+x86_64 1.3 2.00 31.00 33.00 OK
r-oldrel-windows-ix86+x86_64 1.3 2.00 18.00 20.00 OK

Check Details

Version: 1.3
Check: Rd line widths
Result: NOTE
    Rd file 'n4props.Rd':
     \examples lines wider than 100 characters:
     ## Not run: Suppose a new drug is thought to reduce heart attack mortality from 0.10 to 0.03. Calculate the required number of subjects ... [TRUNCATED]
    
    These lines will be truncated in the PDF manual.
Flavors: r-devel-linux-x86_64-debian-clang, r-devel-linux-x86_64-debian-gcc, r-devel-linux-x86_64-fedora-clang, r-devel-linux-x86_64-fedora-gcc, r-patched-linux-x86_64, r-release-linux-x86_64