CRAN Package Check Results for Package epibasix

Last updated on 2015-09-03 03:48:23.

Flavor Version Tinstall Tcheck Ttotal Status Flags
r-devel-linux-x86_64-debian-clang 1.3 0.53 10.44 10.97 NOTE
r-devel-linux-x86_64-debian-gcc 1.3 0.56 10.28 10.83 NOTE
r-devel-linux-x86_64-fedora-clang 1.3 20.77 NOTE
r-devel-linux-x86_64-fedora-gcc 1.3 18.85 NOTE
r-devel-osx-x86_64-clang 1.3 20.60 NOTE
r-devel-windows-ix86+x86_64 1.3 2.00 31.00 33.00 NOTE
r-patched-linux-x86_64 1.3 0.59 10.90 11.49 NOTE
r-patched-solaris-sparc 1.3 143.90 NOTE
r-patched-solaris-x86 1.3 30.50 NOTE
r-release-linux-x86_64 1.3 0.74 11.18 11.92 NOTE
r-release-osx-x86_64-mavericks 1.3 OK
r-release-windows-ix86+x86_64 1.3 2.00 19.00 21.00 OK
r-oldrel-windows-ix86+x86_64 1.3 4.00 21.00 25.00 OK

Check Details

Version: 1.3
Check: S3 generic/method consistency
Result: NOTE
    Found the following apparent S3 methods exported but not registered:
     print.corXY print.diffDetect print.epi2x2 print.epiKappa
     print.epiTTest print.mcNemar print.n4means print.n4props
     print.sensSpec print.univar summary.corXY summary.diffDetect
     summary.epi2x2 summary.epiKappa summary.epiTTest summary.mcNemar
     summary.n4means summary.n4props summary.sensSpec summary.univar
    See section ‘Registering S3 methods’ in the ‘Writing R Extensions’
    manual.
Flavors: r-devel-linux-x86_64-debian-clang, r-devel-linux-x86_64-debian-gcc, r-devel-linux-x86_64-fedora-clang, r-devel-linux-x86_64-fedora-gcc, r-devel-osx-x86_64-clang, r-patched-linux-x86_64, r-patched-solaris-sparc, r-patched-solaris-x86, r-release-linux-x86_64

Version: 1.3
Check: R code for possible problems
Result: NOTE
    corXY: no visible global function definition for ‘cor’
    corXY: no visible global function definition for ‘pnorm’
    corXY: no visible global function definition for ‘qnorm’
    diffDetect: no visible global function definition for ‘qnorm’
    epi2x2: no visible global function definition for ‘pchisq’
    epi2x2: no visible global function definition for ‘fisher.test’
    epi2x2: no visible global function definition for ‘qnorm’
    epiKappa: no visible global function definition for ‘pnorm’
    epiKappa: no visible global function definition for ‘qnorm’
    epiTTest: no visible global function definition for ‘sd’
    epiTTest: no visible global function definition for ‘var’
    epiTTest: no visible global function definition for ‘qt’
    epiTTest: no visible global function definition for ‘pt’
    mcNemar: no visible global function definition for ‘qnorm’
    mcNemar: no visible global function definition for ‘pchisq’
    n4means: no visible global function definition for ‘qnorm’
    n4props: no visible global function definition for ‘qnorm’
    sensSpec: no visible global function definition for ‘qnorm’
    univar: no visible global function definition for ‘median’
    univar: no visible global function definition for ‘sd’
    univar: no visible global function definition for ‘var’
    univar: no visible global function definition for ‘qt’
    univar: no visible global function definition for ‘pt’
    univar: no visible global function definition for ‘shapiro.test’
    Undefined global functions or variables:
     cor fisher.test median pchisq pnorm pt qnorm qt sd shapiro.test var
    Consider adding
     importFrom("stats", "cor", "fisher.test", "median", "pchisq", "pnorm",
     "pt", "qnorm", "qt", "sd", "shapiro.test", "var")
    to your NAMESPACE.
Flavors: r-devel-linux-x86_64-debian-clang, r-devel-linux-x86_64-debian-gcc, r-devel-linux-x86_64-fedora-clang, r-devel-linux-x86_64-fedora-gcc, r-devel-windows-ix86+x86_64

Version: 1.3
Check: Rd line widths
Result: NOTE
    Rd file 'n4props.Rd':
     \examples lines wider than 100 characters:
     ## Not run: Suppose a new drug is thought to reduce heart attack mortality from 0.10 to 0.03. Calculate the required number of subjects ... [TRUNCATED]
    
    These lines will be truncated in the PDF manual.
Flavors: r-devel-linux-x86_64-debian-clang, r-devel-linux-x86_64-debian-gcc, r-devel-linux-x86_64-fedora-clang, r-devel-linux-x86_64-fedora-gcc, r-patched-linux-x86_64, r-release-linux-x86_64