CRAN Package Check Results for Package epibasix

Last updated on 2014-08-23 02:49:54.

Flavor Version Tinstall Tcheck Ttotal Status Flags
r-devel-linux-x86_64-debian-clang 1.3 0.59 10.77 11.36 OK
r-devel-linux-x86_64-debian-gcc 1.3 0.59 10.64 11.23 OK
r-devel-linux-x86_64-fedora-clang 1.3 22.99 NOTE
r-devel-linux-x86_64-fedora-gcc 1.3 20.89 NOTE
r-devel-osx-x86_64-clang 1.3 24.82 OK
r-devel-windows-ix86+x86_64 1.3 2.00 18.00 20.00 OK
r-patched-linux-x86_64 1.3 0.60 11.10 11.70 OK
r-patched-solaris-sparc 1.3 133.50 OK
r-patched-solaris-x86 1.3 34.20 OK
r-release-linux-ix86 1.3 0.98 17.16 18.14 OK
r-release-linux-x86_64 1.3 0.73 11.21 11.94 OK
r-release-osx-x86_64-mavericks 1.3 OK
r-release-windows-ix86+x86_64 1.3 3.00 28.00 31.00 OK
r-oldrel-windows-ix86+x86_64 1.3 2.00 18.00 20.00 OK

Check Details

Version: 1.3
Check: Rd line widths
Result: NOTE
    Rd file 'n4props.Rd':
     \examples lines wider than 100 characters:
     ## Not run: Suppose a new drug is thought to reduce heart attack mortality from 0.10 to 0.03. Calculate the required number of subjects ... [TRUNCATED]
    
    These lines will be truncated in the PDF manual.
Flavors: r-devel-linux-x86_64-fedora-clang, r-devel-linux-x86_64-fedora-gcc