CRAN Package Check Results for Package epibasix

Last updated on 2015-02-28 05:47:59.

Flavor Version Tinstall Tcheck Ttotal Status Flags
r-devel-linux-x86_64-debian-clang 1.3 0.60 10.90 11.50 NOTE
r-devel-linux-x86_64-debian-gcc 1.3 0.58 10.74 11.32 NOTE
r-devel-linux-x86_64-fedora-clang 1.3 21.92 NOTE
r-devel-linux-x86_64-fedora-gcc 1.3 20.21 NOTE
r-devel-osx-x86_64-clang 1.3 24.81 NOTE
r-devel-windows-ix86+x86_64 1.3 3.00 19.00 22.00 OK
r-patched-linux-x86_64 1.3 0.80 11.58 12.38 NOTE
r-patched-solaris-sparc 1.3 141.70 OK
r-release-linux-ix86 1.3 0.92 17.55 18.48 NOTE
r-release-linux-x86_64 1.3 0.62 11.96 12.58 NOTE
r-release-osx-x86_64-mavericks 1.3 OK
r-release-windows-ix86+x86_64 1.3 2.00 31.00 33.00 OK
r-oldrel-windows-ix86+x86_64 1.3 2.00 18.00 20.00 OK

Check Details

Version: 1.3
Check: S3 generic/method consistency
Result: NOTE
    Found the following apparent S3 methods exported but not registered:
     print.corXY print.diffDetect print.epi2x2 print.epiKappa
     print.epiTTest print.mcNemar print.n4means print.n4props
     print.sensSpec print.univar summary.corXY summary.diffDetect
     summary.epi2x2 summary.epiKappa summary.epiTTest summary.mcNemar
     summary.n4means summary.n4props summary.sensSpec summary.univar
    See section ‘Registering S3 methods’ in the ‘Writing R Extensions’
    manual.
Flavors: r-devel-linux-x86_64-debian-clang, r-devel-linux-x86_64-debian-gcc, r-devel-linux-x86_64-fedora-clang, r-devel-linux-x86_64-fedora-gcc, r-devel-osx-x86_64-clang

Version: 1.3
Check: Rd line widths
Result: NOTE
    Rd file 'n4props.Rd':
     \examples lines wider than 100 characters:
     ## Not run: Suppose a new drug is thought to reduce heart attack mortality from 0.10 to 0.03. Calculate the required number of subjects ... [TRUNCATED]
    
    These lines will be truncated in the PDF manual.
Flavors: r-devel-linux-x86_64-debian-clang, r-devel-linux-x86_64-debian-gcc, r-devel-linux-x86_64-fedora-clang, r-devel-linux-x86_64-fedora-gcc, r-patched-linux-x86_64, r-release-linux-ix86, r-release-linux-x86_64