CRAN Package Check Results for Package epibasix

Last updated on 2014-10-25 08:48:56.

Flavor Version Tinstall Tcheck Ttotal Status Flags
r-devel-linux-x86_64-debian-clang 1.3 0.63 12.12 12.75 NOTE
r-devel-linux-x86_64-debian-gcc 1.3 0.61 11.44 12.05 NOTE
r-devel-linux-x86_64-fedora-clang 1.3 23.82 NOTE
r-devel-linux-x86_64-fedora-gcc 1.3 22.73 NOTE
r-devel-osx-x86_64-clang 1.3 26.01 OK
r-devel-windows-ix86+x86_64 1.3 2.00 17.00 19.00 OK
r-patched-linux-x86_64 1.3 0.66 11.51 12.17 NOTE
r-patched-solaris-sparc 1.3 133.50 OK
r-patched-solaris-x86 1.3 34.10 OK
r-release-linux-ix86 1.3 0.92 17.10 18.03 OK
r-release-linux-x86_64 1.3 0.61 11.42 12.03 NOTE
r-release-osx-x86_64-mavericks 1.3 OK
r-release-windows-ix86+x86_64 1.3 3.00 28.00 31.00 OK
r-oldrel-windows-ix86+x86_64 1.3 2.00 18.00 20.00 OK

Check Details

Version: 1.3
Check: Rd line widths
Result: NOTE
    Rd file 'n4props.Rd':
     \examples lines wider than 100 characters:
     ## Not run: Suppose a new drug is thought to reduce heart attack mortality from 0.10 to 0.03. Calculate the required number of subjects ... [TRUNCATED]
    
    These lines will be truncated in the PDF manual.
Flavors: r-devel-linux-x86_64-debian-clang, r-devel-linux-x86_64-debian-gcc, r-devel-linux-x86_64-fedora-clang, r-devel-linux-x86_64-fedora-gcc, r-patched-linux-x86_64, r-release-linux-x86_64