CRAN Package Check Results for Package epibasix

Last updated on 2014-09-19 00:46:54.

Flavor Version Tinstall Tcheck Ttotal Status Flags
r-devel-linux-x86_64-debian-clang 1.3 0.55 11.10 11.66 NOTE
r-devel-linux-x86_64-debian-gcc 1.3 0.55 10.77 11.32 NOTE
r-devel-linux-x86_64-fedora-clang 1.3 22.74 NOTE
r-devel-linux-x86_64-fedora-gcc 1.3 21.23 NOTE
r-devel-osx-x86_64-clang 1.3 24.18 OK
r-devel-windows-ix86+x86_64 1.3 2.00 17.00 19.00 OK
r-patched-linux-x86_64 1.3 0.60 11.26 11.86 NOTE
r-patched-solaris-sparc 1.3 133.50 OK
r-patched-solaris-x86 1.3 32.90 OK
r-release-linux-ix86 1.3 0.91 17.46 18.37 OK
r-release-linux-x86_64 1.3 0.61 11.53 12.14 NOTE
r-release-osx-x86_64-mavericks 1.3 OK
r-release-windows-ix86+x86_64 1.3 3.00 28.00 31.00 OK
r-oldrel-windows-ix86+x86_64 1.3 2.00 18.00 20.00 OK

Check Details

Version: 1.3
Check: Rd line widths
Result: NOTE
    Rd file 'n4props.Rd':
     \examples lines wider than 100 characters:
     ## Not run: Suppose a new drug is thought to reduce heart attack mortality from 0.10 to 0.03. Calculate the required number of subjects ... [TRUNCATED]
    
    These lines will be truncated in the PDF manual.
Flavors: r-devel-linux-x86_64-debian-clang, r-devel-linux-x86_64-debian-gcc, r-devel-linux-x86_64-fedora-clang, r-devel-linux-x86_64-fedora-gcc, r-patched-linux-x86_64, r-release-linux-x86_64