CRAN Package Check Results for Package epibasix

Last updated on 2014-04-25 09:52:13.

Flavor Version Tinstall Tcheck Ttotal Status Flags
r-devel-linux-x86_64-debian-clang 1.3 0.63 11.32 11.95 OK
r-devel-linux-x86_64-debian-gcc 1.3 0.71 11.44 12.14 OK
r-devel-linux-x86_64-fedora-clang 1.3 23.15 NOTE
r-devel-linux-x86_64-fedora-gcc 1.3 22.43 NOTE
r-devel-osx-x86_64-clang 1.3 23.05 OK
r-devel-osx-x86_64-gcc 1.3 OK
r-devel-windows-ix86+x86_64 1.3 2.00 18.00 20.00 OK
r-patched-linux-x86_64 1.3 0.64 11.69 12.33 OK
r-patched-solaris-sparc 1.3 132.50 OK
r-patched-solaris-x86 1.3 33.50 OK
r-release-linux-ix86 1.3 1.00 24.00 25.00 OK
r-release-linux-x86_64 1.3 0.71 11.70 12.41 OK
r-release-osx-x86_64-mavericks 1.3 OK
r-release-windows-ix86+x86_64 1.3 5.00 24.00 29.00 OK
r-oldrel-windows-ix86+x86_64 1.3 2.00 18.00 20.00 OK

Check Details

Version: 1.3
Check: Rd line widths
Result: NOTE
    Rd file 'n4props.Rd':
     \examples lines wider than 100 characters:
     ## Not run: Suppose a new drug is thought to reduce heart attack mortality from 0.10 to 0.03. Calculate the required number of subjects ... [TRUNCATED]
    
    These lines will be truncated in the PDF manual.
Flavors: r-devel-linux-x86_64-fedora-clang, r-devel-linux-x86_64-fedora-gcc