CRAN Package Check Results for Package epicalc

Last updated on 2014-04-19 23:49:52.

Flavor Version Tinstall Tcheck Ttotal Status Flags
r-devel-linux-x86_64-debian-clang 2.15.1.0 1.86 49.98 51.84 NOTE
r-devel-linux-x86_64-debian-gcc 2.15.1.0 1.86 50.62 52.48 NOTE
r-devel-linux-x86_64-fedora-clang 2.15.1.0 97.59 NOTE
r-devel-linux-x86_64-fedora-gcc 2.15.1.0 93.70 NOTE
r-devel-macosx-x86_64-clang 2.15.1.0 76.34 NOTE
r-devel-macosx-x86_64-gcc 2.15.1.0 NOTE
r-devel-windows-ix86+x86_64 2.15.1.0 6.00 69.00 75.00 NOTE
r-patched-linux-x86_64 2.15.1.0 1.84 50.04 51.88 NOTE
r-patched-solaris-sparc 2.15.1.0 562.40 NOTE
r-patched-solaris-x86 2.15.1.0 113.70 NOTE
r-release-linux-ix86 NOTE
r-release-linux-x86_64 2.15.1.0 1.83 49.84 51.67 NOTE
r-release-windows-ix86+x86_64 2.15.1.0 9.00 71.00 80.00 NOTE
r-oldrel-windows-ix86+x86_64 2.15.1.0 7.00 67.00 74.00 NOTE

Check Details

Version: 2.15.1.0
Check: dependencies in R code
Result: NOTE
    'library' or 'require' calls to packages already attached by Depends:
     ‘foreign’ ‘survival’
     Please remove these calls from your code.
    See the information on DESCRIPTION files in the chapter ‘Creating R
    packages’ of the ‘Writing R Extensions’ manual.
Flavors: r-devel-linux-x86_64-debian-clang, r-devel-linux-x86_64-debian-gcc, r-devel-linux-x86_64-fedora-clang, r-devel-linux-x86_64-fedora-gcc, r-devel-macosx-x86_64-clang, r-devel-macosx-x86_64-gcc, r-devel-windows-ix86+x86_64, r-patched-linux-x86_64, r-patched-solaris-sparc, r-patched-solaris-x86, r-release-linux-ix86, r-release-linux-x86_64, r-release-windows-ix86+x86_64, r-oldrel-windows-ix86+x86_64

Version: 2.15.1.0
Check: R code for possible problems
Result: NOTE
    addMissingRecords: no visible binding for global variable ‘.data’
    alpha: no visible binding for global variable ‘.data’
    alphaBest: no visible binding for global variable ‘.data’
    codebook: no visible binding for global variable ‘.data’
    des: no visible binding for global variable ‘.data’
    dotplot: no visible binding for global variable ‘.data’
    fillin: no visible binding for global variable ‘.data’
    fillin: no visible binding for global variable ‘Freq’
    keepData: no visible binding for global variable ‘.data’
    label.var: no visible binding for global variable ‘.data’
    pack: no visible binding for global variable ‘.data’
    recode.default: no visible binding for global variable ‘.data’
    recode.is.na: no visible binding for global variable ‘.data’
    ren: no visible binding for global variable ‘.data’
    rename: no visible binding for global variable ‘.data’
    rename.default: no visible binding for global variable ‘.data’
    rename.pattern: no visible binding for global variable ‘.data’
    rename.var: no visible binding for global variable ‘.data’
    sortBy: no visible binding for global variable ‘.data’
    summ: no visible binding for global variable ‘.data’
    tableStack: no visible binding for global variable ‘.data’
    unclassDataframe: no visible binding for global variable ‘.data’
    use: no visible binding for global variable ‘.data’
    
    Found the following assignments to the global environment:
    File ‘epicalc/R/epicalc.R’:
     assign(as.character(substitute(dataFrame)), data1, pos = 1)
     assign(nam, (get(y[i]))[order(...)], envir = .GlobalEnv)
     assign(as.character(substitute(dataFrame)), data1, pos = 1)
     assign(paste(deparse(substitute(x0)), substr(colnames(mod.mat)[i],
     3, nchar(colnames(mod.mat)[i])), sep = ""), mod.mat[, i],
     pos = 1)
     assign(as.character(substitute(dataFrame)), data1, pos = 1)
     assign(as.character(substitute(dataFrame)), data1, pos = 1)
     assign(as.character(substitute(dataFrame)), data1, pos = 1)
     assign(as.character(substitute(dataFrame)), data1, pos = 1)
     assign(dataName, data1, pos = 1)
     assign(as.character(substitute(dataFrame)), data1, pos = 1)
     assign(as.character(substitute(dataFrame)), data1, pos = 1)
     assign(as.character(substitute(dataFrame)), data1, pos = 1)
     assign(as.character(substitute(dataFrame)), data1, pos = 1)
     assign(as.character(substitute(dataFrame)), data1, pos = 1)
Flavors: r-devel-linux-x86_64-debian-clang, r-devel-linux-x86_64-debian-gcc, r-devel-linux-x86_64-fedora-clang, r-devel-macosx-x86_64-clang, r-patched-linux-x86_64, r-release-linux-ix86, r-release-linux-x86_64

Version: 2.15.1.0
Check: Rd line widths
Result: NOTE
    Rd file 'aggregate.plot.rd':
     \examples lines wider than 100 characters:
     aggregate.plot(x=year, by=list(HOSPITAL = hospital, STAGE = stage), FUN = "median", legend.site = "topleft")
    
    Rd file 'auc.rd':
     \examples lines wider than 100 characters:
     tmp <- by(data=Indometh, INDICES = Indometh$Subject, FUN = function(x) auc(conc=x$conc, time=x$time, id=NULL))
    
    Rd file 'sampsize.rd':
     \usage lines wider than 90 characters:
     n.for.cluster.2means (mu1, mu2, sd1, sd2, alpha = 0.05, power = 0.8, ratio = 1, mean.cluster.size = 10, previous.mean.cluster.size = NU ... [TRUNCATED]
     n.for.cluster.2p (p1, p2, alpha = 0.05, power = 0.8, ratio = 1, mean.cluster.size = 10, previous.mean.cluster.size = NULL, previous.sd. ... [TRUNCATED]
    
    These lines will be truncated in the PDF manual.
Flavors: r-devel-linux-x86_64-fedora-clang, r-devel-linux-x86_64-fedora-gcc

Version: 2.15.1.0
Check: R code for possible problems
Result: NOTE
    addMissingRecords: no visible binding for global variable ‘.data’
    alpha: no visible binding for global variable ‘.data’
    alphaBest: no visible binding for global variable ‘.data’
    codebook: no visible binding for global variable ‘.data’
    des: no visible binding for global variable ‘.data’
    dotplot: no visible binding for global variable ‘.data’
    fillin: no visible binding for global variable ‘.data’
    fillin: no visible binding for global variable ‘Freq’
    keepData: no visible binding for global variable ‘.data’
    label.var: no visible binding for global variable ‘.data’
    pack: no visible binding for global variable ‘.data’
    recode.default: no visible binding for global variable ‘.data’
    recode.is.na: no visible binding for global variable ‘.data’
    ren: no visible binding for global variable ‘.data’
    rename: no visible binding for global variable ‘.data’
    rename.default: no visible binding for global variable ‘.data’
    rename.pattern: no visible binding for global variable ‘.data’
    rename.var: no visible binding for global variable ‘.data’
    sortBy: no visible binding for global variable ‘.data’
    summ: no visible binding for global variable ‘.data’
    tableStack: no visible binding for global variable ‘.data’
    unclassDataframe: no visible binding for global variable ‘.data’
    use: no visible binding for global variable ‘.data’
Flavors: r-devel-linux-x86_64-fedora-gcc, r-devel-macosx-x86_64-gcc, r-devel-windows-ix86+x86_64, r-patched-solaris-sparc, r-patched-solaris-x86, r-release-windows-ix86+x86_64, r-oldrel-windows-ix86+x86_64