CRAN Package Check Results for Package epidata

Last updated on 2022-01-16 18:49:10 CET.

Flavor Version Tinstall Tcheck Ttotal Status Flags
r-devel-linux-x86_64-debian-clang 0.4.0 4.68 65.19 69.87 OK
r-devel-linux-x86_64-debian-gcc 0.4.0 4.44 48.55 52.99 OK
r-devel-linux-x86_64-fedora-clang 0.4.0 85.60 NOTE
r-devel-linux-x86_64-fedora-gcc 0.4.0 71.61 NOTE
r-devel-windows-x86_64-new-UL 0.4.0 63.00 115.00 178.00 OK
r-devel-windows-x86_64-new-TK 0.4.0 NOTE
r-patched-linux-x86_64 0.4.0 6.03 60.55 66.58 OK
r-release-linux-x86_64 0.4.0 OK
r-release-macos-arm64 0.4.0 NOTE
r-release-macos-x86_64 0.4.0 NOTE
r-release-windows-ix86+x86_64 0.4.0 14.00 96.00 110.00 OK
r-oldrel-macos-x86_64 0.4.0 NOTE
r-oldrel-windows-ix86+x86_64 0.4.0 14.00 99.00 113.00 OK

Check Details

Version: 0.4.0
Check: dependencies in R code
Result: NOTE
    Namespace in Imports field not imported from: ‘tinytest’
     All declared Imports should be used.
Flavors: r-devel-linux-x86_64-fedora-clang, r-devel-linux-x86_64-fedora-gcc, r-devel-windows-x86_64-new-TK, r-release-macos-arm64, r-release-macos-x86_64, r-oldrel-macos-x86_64