Last updated on 2022-05-25 05:53:37 CEST.
Flavor | Version | Tinstall | Tcheck | Ttotal | Status | Flags |
---|---|---|---|---|---|---|
r-devel-linux-x86_64-debian-clang | 1.0.0 | 276.37 | 334.83 | 611.20 | NOTE | |
r-devel-linux-x86_64-debian-gcc | 1.0.0 | 229.55 | 258.99 | 488.54 | NOTE | |
r-devel-linux-x86_64-fedora-clang | 1.0.0 | 1067.88 | NOTE | |||
r-devel-linux-x86_64-fedora-gcc | 1.0.0 | 959.87 | NOTE | |||
r-devel-windows-x86_64 | 1.0.0 | 221.00 | 388.00 | 609.00 | NOTE | |
r-patched-linux-x86_64 | 1.0.0 | 219.99 | 334.30 | 554.29 | NOTE | |
r-release-linux-x86_64 | 1.0.0 | NOTE | ||||
r-release-macos-arm64 | 1.0.0 | 266.00 | NOTE | |||
r-release-macos-x86_64 | 1.0.0 | 432.00 | NOTE | |||
r-release-windows-x86_64 | 1.0.0 | 191.00 | 383.00 | 574.00 | NOTE | |
r-oldrel-macos-arm64 | 1.0.0 | 282.00 | NOTE | |||
r-oldrel-macos-x86_64 | 1.0.0 | 337.00 | NOTE | |||
r-oldrel-windows-ix86+x86_64 | 1.0.0 | 418.00 | 559.00 | 977.00 | NOTE |
Version: 1.0.0
Check: for GNU extensions in Makefiles
Result: NOTE
GNU make is a SystemRequirements.
Flavors: r-devel-linux-x86_64-debian-clang, r-devel-linux-x86_64-debian-gcc, r-devel-linux-x86_64-fedora-clang, r-devel-linux-x86_64-fedora-gcc, r-devel-windows-x86_64, r-patched-linux-x86_64, r-release-linux-x86_64, r-release-macos-arm64, r-release-macos-x86_64, r-release-windows-x86_64, r-oldrel-macos-arm64, r-oldrel-macos-x86_64, r-oldrel-windows-ix86+x86_64
Version: 1.0.0
Check: installed package size
Result: NOTE
installed size is 47.4Mb
sub-directories of 1Mb or more:
libs 46.2Mb
Flavors: r-devel-linux-x86_64-fedora-clang, r-release-macos-arm64, r-release-macos-x86_64, r-oldrel-macos-arm64, r-oldrel-macos-x86_64, r-oldrel-windows-ix86+x86_64