CRAN Package Check Results for Package epinet

Last updated on 2015-06-30 22:47:16.

Flavor Version Tinstall Tcheck Ttotal Status Flags
r-devel-linux-x86_64-debian-clang 2.0.9 1.50 12.80 14.30 NOTE
r-devel-linux-x86_64-debian-gcc 2.0.9 1.50 12.26 13.76 NOTE
r-devel-linux-x86_64-fedora-clang 2.0.9 24.89 NOTE
r-devel-linux-x86_64-fedora-gcc 2.0.9 24.38 NOTE
r-devel-osx-x86_64-clang 2.0.9 25.79 OK
r-devel-windows-ix86+x86_64 2.0.9 12.00 41.00 53.00 NOTE
r-patched-linux-x86_64 2.0.9 1.59 12.48 14.08 OK
r-patched-solaris-sparc 2.0.9 167.60 OK
r-patched-solaris-x86 2.0.9 39.30 OK
r-release-linux-x86_64 2.0.9 1.54 12.46 14.00 OK
r-release-osx-x86_64-mavericks 2.0.9 OK
r-release-windows-ix86+x86_64 2.0.9 14.00 31.00 45.00 OK
r-oldrel-windows-ix86+x86_64 2.0.9 14.00 35.00 49.00 OK

Check Details

Version: 2.0.9
Check: R code for possible problems
Result: NOTE
    BuildDyadicCovMatrix: no visible global function definition for ‘combn’
    BuildDyadicLinearERGM: no visible global function definition for
     ‘runif’
    SEIR.simulator: no visible global function definition for ‘rgamma’
    SEIR.simulator: no visible global function definition for ‘rexp’
    epibayesmcmc: no visible global function definition for ‘combn’
    epibayesmcmc: no visible global function definition for ‘rgamma’
    ess: no visible global function definition for ‘cor’
    etimestartvalues: no visible global function definition for ‘runif’
    itimestartvalues: no visible global function definition for ‘runif’
    plotepitree: no visible global function definition for ‘plot’
    plotepitree: no visible global function definition for ‘lines’
    plotepitree: no visible global function definition for ‘text’
Flavors: r-devel-linux-x86_64-debian-clang, r-devel-linux-x86_64-debian-gcc, r-devel-linux-x86_64-fedora-clang, r-devel-linux-x86_64-fedora-gcc, r-devel-windows-ix86+x86_64