CRAN Package Check Results for Package epinet

Last updated on 2015-08-29 03:48:45.

Flavor Version Tinstall Tcheck Ttotal Status Flags
r-devel-linux-x86_64-debian-clang 2.0.9 1.62 12.63 14.24 NOTE
r-devel-linux-x86_64-debian-gcc 2.0.9 1.60 11.89 13.49 NOTE
r-devel-linux-x86_64-fedora-clang 2.0.9 25.48 NOTE
r-devel-linux-x86_64-fedora-gcc 2.0.9 24.37 NOTE
r-devel-osx-x86_64-clang 2.0.9 24.41 OK
r-devel-windows-ix86+x86_64 2.0.9 11.00 33.00 44.00 NOTE
r-patched-linux-x86_64 2.0.9 1.80 12.72 14.52 OK
r-patched-solaris-sparc 2.0.9 181.20 OK
r-patched-solaris-x86 2.0.9 39.70 OK
r-release-linux-x86_64 2.0.9 1.65 12.98 14.63 OK
r-release-osx-x86_64-mavericks 2.0.9 OK
r-release-windows-ix86+x86_64 2.0.9 12.00 32.00 44.00 OK
r-oldrel-windows-ix86+x86_64 2.0.9 13.00 32.00 45.00 OK

Check Details

Version: 2.0.9
Check: R code for possible problems
Result: NOTE
    BuildDyadicCovMatrix: no visible global function definition for ‘combn’
    BuildDyadicLinearERGM: no visible global function definition for
     ‘runif’
    SEIR.simulator: no visible global function definition for ‘rgamma’
    SEIR.simulator: no visible global function definition for ‘rexp’
    epibayesmcmc: no visible global function definition for ‘combn’
    epibayesmcmc: no visible global function definition for ‘rgamma’
    ess: no visible global function definition for ‘cor’
    etimestartvalues: no visible global function definition for ‘runif’
    itimestartvalues: no visible global function definition for ‘runif’
    plotepitree: no visible global function definition for ‘plot’
    plotepitree: no visible global function definition for ‘lines’
    plotepitree: no visible global function definition for ‘text’
    Undefined global functions or variables:
     combn cor lines plot rexp rgamma runif text
    Consider adding
     importFrom("graphics", "lines", "plot", "text")
     importFrom("stats", "cor", "rexp", "rgamma", "runif")
     importFrom("utils", "combn")
    to your NAMESPACE.
Flavors: r-devel-linux-x86_64-debian-clang, r-devel-linux-x86_64-debian-gcc, r-devel-linux-x86_64-fedora-clang, r-devel-linux-x86_64-fedora-gcc, r-devel-windows-ix86+x86_64