CRAN Package Check Results for Package epinet

Last updated on 2017-10-19 19:47:02.

Flavor Version Tinstall Tcheck Ttotal Status Flags
r-devel-linux-x86_64-debian-clang 2.1.7 2.01 19.95 21.96 NOTE
r-devel-linux-x86_64-debian-gcc 2.1.7 2.16 21.00 23.16 NOTE
r-devel-linux-x86_64-fedora-clang 2.1.7 38.69 NOTE
r-devel-linux-x86_64-fedora-gcc 2.1.7 37.87 NOTE
r-devel-windows-ix86+x86_64 2.1.7 10.00 56.00 66.00 OK
r-patched-linux-x86_64 2.1.7 1.89 19.69 21.59 NOTE
r-patched-solaris-x86 2.1.7 52.50 OK
r-release-linux-x86_64 2.1.7 1.96 19.72 21.68 NOTE
r-release-windows-ix86+x86_64 2.1.7 12.00 55.00 67.00 OK
r-release-osx-x86_64 2.1.7 OK
r-oldrel-windows-ix86+x86_64 2.1.7 14.00 65.00 79.00 OK
r-oldrel-osx-x86_64 2.1.7 OK

Check Details

Version: 2.1.7
Check: compiled code
Result: NOTE
    File ‘epinet/libs/epinet.so’:
     Found no calls to: ‘R_registerRoutines’, ‘R_useDynamicSymbols’
    
    It is good practice to register native routines and to disable symbol
    search.
    
    See ‘Writing portable packages’ in the ‘Writing R Extensions’ manual.
Flavors: r-devel-linux-x86_64-debian-clang, r-devel-linux-x86_64-debian-gcc, r-devel-linux-x86_64-fedora-clang, r-devel-linux-x86_64-fedora-gcc, r-patched-linux-x86_64, r-release-linux-x86_64