CRAN Package Check Results for Package epinet

Last updated on 2017-05-22 18:51:40.

Flavor Version Tinstall Tcheck Ttotal Status Flags
r-devel-linux-x86_64-debian-clang 2.1.7 2.14 20.21 22.34 NOTE
r-devel-linux-x86_64-debian-gcc 2.1.7 1.90 20.03 21.93 NOTE
r-devel-linux-x86_64-fedora-clang 2.1.7 46.00 NOTE --no-stop-on-test-error
r-devel-linux-x86_64-fedora-gcc 2.1.7 43.88 NOTE --no-stop-on-test-error
r-devel-windows-ix86+x86_64 2.1.7 19.00 71.00 90.00 OK
r-patched-linux-x86_64 2.1.7 1.81 19.67 21.48 NOTE
r-patched-solaris-sparc 2.1.7 235.30 OK
r-patched-solaris-x86 2.1.7 49.80 OK
r-release-linux-x86_64 2.1.7 1.96 19.85 21.81 NOTE
r-release-windows-ix86+x86_64 2.1.7 10.00 71.00 81.00 OK
r-release-osx-x86_64 2.1.7 OK
r-oldrel-windows-ix86+x86_64 2.1.7 14.00 68.00 82.00 OK
r-oldrel-osx-x86_64 2.1.7 OK

Check Details

Version: 2.1.7
Check: compiled code
Result: NOTE
    File ‘epinet/libs/epinet.so’:
     Found no calls to: ‘R_registerRoutines’, ‘R_useDynamicSymbols’
    
    It is good practice to register native routines and to disable symbol
    search.
    
    See ‘Writing portable packages’ in the ‘Writing R Extensions’ manual.
Flavors: r-devel-linux-x86_64-debian-clang, r-devel-linux-x86_64-debian-gcc, r-patched-linux-x86_64, r-release-linux-x86_64

Version: 2.1.7
Flags: --no-stop-on-test-error
Check: compiled code
Result: NOTE
    File ‘epinet/libs/epinet.so’:
     Found no calls to: ‘R_registerRoutines’, ‘R_useDynamicSymbols’
    
    It is good practice to register native routines and to disable symbol
    search.
    
    See ‘Writing portable packages’ in the ‘Writing R Extensions’ manual.
Flavors: r-devel-linux-x86_64-fedora-clang, r-devel-linux-x86_64-fedora-gcc