CRAN Package Check Results for Package epinet

Last updated on 2017-08-18 00:49:54.

Flavor Version Tinstall Tcheck Ttotal Status Flags
r-devel-linux-x86_64-debian-clang 2.1.7 2.17 20.16 22.33 NOTE
r-devel-linux-x86_64-debian-gcc 2.1.7 2.10 20.22 22.31 NOTE
r-devel-linux-x86_64-fedora-clang 2.1.7 46.54 NOTE
r-devel-linux-x86_64-fedora-gcc 2.1.7 44.91 NOTE
r-devel-windows-ix86+x86_64 2.1.7 10.00 59.00 69.00 OK
r-patched-linux-x86_64 2.1.7 1.97 19.65 21.62 NOTE
r-patched-solaris-x86 2.1.7 51.10 OK
r-release-linux-x86_64 2.1.7 1.95 19.57 21.51 NOTE
r-release-windows-ix86+x86_64 2.1.7 10.00 52.00 62.00 OK
r-release-osx-x86_64 2.1.7 OK
r-oldrel-windows-ix86+x86_64 2.1.7 8.00 53.00 61.00 OK
r-oldrel-osx-x86_64 2.1.7 OK

Check Details

Version: 2.1.7
Check: compiled code
Result: NOTE
    File ‘epinet/libs/epinet.so’:
     Found no calls to: ‘R_registerRoutines’, ‘R_useDynamicSymbols’
    
    It is good practice to register native routines and to disable symbol
    search.
    
    See ‘Writing portable packages’ in the ‘Writing R Extensions’ manual.
Flavors: r-devel-linux-x86_64-debian-clang, r-devel-linux-x86_64-debian-gcc, r-devel-linux-x86_64-fedora-clang, r-devel-linux-x86_64-fedora-gcc, r-patched-linux-x86_64, r-release-linux-x86_64