CRAN Package Check Results for Package epinet

Last updated on 2017-06-28 23:55:09.

Flavor Version Tinstall Tcheck Ttotal Status Flags
r-devel-linux-x86_64-debian-clang 2.1.7 2.14 19.82 21.96 NOTE
r-devel-linux-x86_64-debian-gcc 2.1.7 2.00 19.67 21.67 NOTE
r-devel-linux-x86_64-fedora-clang 2.1.7 46.80 NOTE
r-devel-linux-x86_64-fedora-gcc 2.1.7 44.86 NOTE
r-devel-windows-ix86+x86_64 2.1.7 10.00 58.00 68.00 OK
r-patched-linux-x86_64 2.1.7 1.89 19.72 21.61 NOTE
r-patched-solaris-sparc 2.1.7 235.30 OK
r-patched-solaris-x86 2.1.7 50.90 OK
r-release-linux-x86_64 2.1.7 1.85 19.43 21.28 NOTE
r-release-windows-ix86+x86_64 2.1.7 14.00 72.00 86.00 OK
r-release-osx-x86_64 2.1.7 OK
r-oldrel-windows-ix86+x86_64 2.1.7 11.00 66.00 77.00 OK
r-oldrel-osx-x86_64 2.1.7 OK

Check Details

Version: 2.1.7
Check: compiled code
Result: NOTE
    File ‘epinet/libs/epinet.so’:
     Found no calls to: ‘R_registerRoutines’, ‘R_useDynamicSymbols’
    
    It is good practice to register native routines and to disable symbol
    search.
    
    See ‘Writing portable packages’ in the ‘Writing R Extensions’ manual.
Flavors: r-devel-linux-x86_64-debian-clang, r-devel-linux-x86_64-debian-gcc, r-devel-linux-x86_64-fedora-clang, r-devel-linux-x86_64-fedora-gcc, r-patched-linux-x86_64, r-release-linux-x86_64