CRAN Package Check Results for Package epinet

Last updated on 2017-03-28 23:50:20.

Flavor Version Tinstall Tcheck Ttotal Status Flags
r-devel-linux-x86_64-debian-clang 2.1.7 2.22 19.78 22.00 NOTE
r-devel-linux-x86_64-debian-gcc 2.1.7 1.94 19.52 21.46 NOTE
r-devel-linux-x86_64-fedora-clang 2.1.7 45.19 NOTE --no-stop-on-test-error
r-devel-linux-x86_64-fedora-gcc 2.1.7 44.33 NOTE --no-stop-on-test-error
r-devel-macos-x86_64-clang 2.1.7 28.65 NOTE --no-stop-on-test-error
r-devel-windows-ix86+x86_64 2.1.7 11.00 53.00 64.00 OK
r-patched-linux-x86_64 2.1.7 1.91 19.81 21.72 NOTE
r-patched-solaris-sparc 2.1.7 235.30 OK
r-patched-solaris-x86 2.1.7 51.60 OK
r-release-linux-x86_64 2.1.7 1.74 17.39 19.13 OK
r-release-osx-x86_64-mavericks 2.1.7 OK
r-release-windows-ix86+x86_64 2.1.7 14.00 58.00 72.00 OK
r-oldrel-windows-ix86+x86_64 2.1.7 11.00 70.00 81.00 OK

Check Details

Version: 2.1.7
Check: compiled code
Result: NOTE
    File ‘epinet/libs/epinet.so’:
     Found no calls to: ‘R_registerRoutines’, ‘R_useDynamicSymbols’
    
    It is good practice to register native routines and to disable symbol
    search.
    
    See ‘Writing portable packages’ in the ‘Writing R Extensions’ manual.
Flavors: r-devel-linux-x86_64-debian-clang, r-devel-linux-x86_64-debian-gcc, r-patched-linux-x86_64

Version: 2.1.7
Flags: --no-stop-on-test-error
Check: compiled code
Result: NOTE
    File ‘epinet/libs/epinet.so’:
     Found no calls to: ‘R_registerRoutines’, ‘R_useDynamicSymbols’
    
    It is good practice to register native routines and to disable symbol
    search.
    
    See ‘Writing portable packages’ in the ‘Writing R Extensions’ manual.
Flavors: r-devel-linux-x86_64-fedora-clang, r-devel-linux-x86_64-fedora-gcc, r-devel-macos-x86_64-clang