CRAN Package Check Results for Package epinet

Last updated on 2017-02-23 07:47:32.

Flavor Version Tinstall Tcheck Ttotal Status Flags
r-devel-linux-x86_64-debian-clang 2.1.7 2.10 19.53 21.63 NOTE
r-devel-linux-x86_64-debian-gcc 2.1.7 2.01 19.36 21.37 NOTE
r-devel-linux-x86_64-fedora-clang 2.1.7 44.84 NOTE --no-stop-on-test-error
r-devel-linux-x86_64-fedora-gcc 2.1.7 43.30 NOTE --no-stop-on-test-error
r-devel-macos-x86_64-clang 2.1.7 30.56 NOTE --no-stop-on-test-error
r-devel-windows-ix86+x86_64 2.1.7 17.00 102.00 119.00 OK
r-patched-linux-x86_64 2.1.7 1.77 17.31 19.08 OK
r-patched-solaris-sparc 2.1.7 216.30 OK
r-patched-solaris-x86 2.1.7 45.70 OK
r-release-linux-x86_64 2.1.7 1.73 17.15 18.88 OK
r-release-osx-x86_64-mavericks 2.1.7 OK
r-release-windows-ix86+x86_64 2.1.7 14.00 68.00 82.00 OK
r-oldrel-windows-ix86+x86_64 2.1.7 15.00 67.00 82.00 OK

Check Details

Version: 2.1.7
Check: compiled code
Result: NOTE
    File ‘epinet/libs/epinet.so’:
     Found no calls to: ‘R_registerRoutines’, ‘R_useDynamicSymbols’
    
    It is good practice to register native routines and to disable symbol
    search.
    
    See ‘Writing portable packages’ in the ‘Writing R Extensions’ manual.
Flavors: r-devel-linux-x86_64-debian-clang, r-devel-linux-x86_64-debian-gcc

Version: 2.1.7
Flags: --no-stop-on-test-error
Check: compiled code
Result: NOTE
    File ‘epinet/libs/epinet.so’:
     Found no calls to: ‘R_registerRoutines’, ‘R_useDynamicSymbols’
    
    It is good practice to register native routines and to disable symbol
    search.
    
    See ‘Writing portable packages’ in the ‘Writing R Extensions’ manual.
Flavors: r-devel-linux-x86_64-fedora-clang, r-devel-linux-x86_64-fedora-gcc, r-devel-macos-x86_64-clang