CRAN Package Check Results for Package epinet

Last updated on 2017-12-12 02:49:31 CET.

Flavor Version Tinstall Tcheck Ttotal Status Flags
r-devel-linux-x86_64-debian-clang 2.1.7 2.57 25.55 28.12 NOTE
r-devel-linux-x86_64-debian-gcc 2.1.7 2.21 23.05 25.26 NOTE
r-devel-linux-x86_64-fedora-clang 2.1.7 36.46 NOTE
r-devel-linux-x86_64-fedora-gcc 2.1.7 35.17 NOTE
r-devel-windows-ix86+x86_64 2.1.7 18.00 80.00 98.00 OK
r-patched-linux-x86_64 2.1.7 2.41 28.91 31.32 NOTE
r-patched-solaris-x86 2.1.7 50.80 OK
r-release-linux-x86_64 2.1.7 2.33 28.94 31.27 NOTE
r-release-windows-ix86+x86_64 2.1.7 13.00 63.00 76.00 OK
r-release-osx-x86_64 2.1.7 OK
r-oldrel-windows-ix86+x86_64 2.1.7 17.00 65.00 82.00 OK
r-oldrel-osx-x86_64 2.1.7 OK

Check Details

Version: 2.1.7
Check: compiled code
Result: NOTE
    File ‘epinet/libs/epinet.so’:
     Found no calls to: ‘R_registerRoutines’, ‘R_useDynamicSymbols’
    
    It is good practice to register native routines and to disable symbol
    search.
    
    See ‘Writing portable packages’ in the ‘Writing R Extensions’ manual.
Flavors: r-devel-linux-x86_64-debian-clang, r-devel-linux-x86_64-debian-gcc, r-devel-linux-x86_64-fedora-clang, r-devel-linux-x86_64-fedora-gcc, r-patched-linux-x86_64, r-release-linux-x86_64