CRAN Package Check Results for Package epinetr

Last updated on 2022-07-04 15:54:41 CEST.

Flavor Version Tinstall Tcheck Ttotal Status Flags
r-devel-linux-x86_64-debian-clang 0.96 34.16 286.91 321.07 OK
r-devel-linux-x86_64-debian-gcc 0.96 27.10 200.33 227.43 OK
r-devel-linux-x86_64-fedora-clang 0.96 381.13 OK
r-devel-linux-x86_64-fedora-gcc 0.96 378.77 OK
r-devel-windows-x86_64 0.96 43.00 308.00 351.00 OK
r-patched-linux-x86_64 0.96 26.55 272.79 299.34 OK
r-release-linux-x86_64 0.96 28.16 259.53 287.69 OK
r-release-macos-arm64 0.96 115.00 OK
r-release-macos-x86_64 0.96 6.00 ERROR
r-release-windows-x86_64 0.96 55.00 300.00 355.00 OK
r-oldrel-macos-arm64 0.96 83.00 OK
r-oldrel-macos-x86_64 0.96 146.00 OK
r-oldrel-windows-ix86+x86_64 0.96 86.00 351.00 437.00 OK

Check Details

Version: 0.96
Check: package dependencies
Result: ERROR
    Package required but not available: ‘RcppAlgos’
    
    See section ‘The DESCRIPTION file’ in the ‘Writing R Extensions’
    manual.
Flavor: r-release-macos-x86_64