Last updated on 2021-03-01 08:47:59 CET.
Flavor | Version | Tinstall | Tcheck | Ttotal | Status | Flags |
---|---|---|---|---|---|---|
r-devel-linux-x86_64-debian-clang | 0.0.1 | NOTE | ||||
r-devel-linux-x86_64-debian-gcc | 0.0.1 | 1.56 | 21.87 | 23.43 | NOTE | |
r-devel-linux-x86_64-fedora-clang | 0.0.1 | 46.21 | NOTE | |||
r-devel-linux-x86_64-fedora-gcc | 0.0.1 | 35.91 | NOTE | |||
r-devel-windows-ix86+x86_64 | 0.0.1 | 6.00 | 32.00 | 38.00 | OK | |
r-patched-linux-x86_64 | 0.0.1 | 1.96 | 26.86 | 28.82 | NOTE | |
r-patched-solaris-x86 | 0.0.1 | 54.50 | NOTE | |||
r-release-linux-x86_64 | 0.0.1 | 2.40 | 26.72 | 29.12 | NOTE | |
r-release-macos-x86_64 | 0.0.1 | OK | ||||
r-release-windows-ix86+x86_64 | 0.0.1 | 13.00 | 41.00 | 54.00 | OK | |
r-oldrel-macos-x86_64 | 0.0.1 | OK | ||||
r-oldrel-windows-ix86+x86_64 | 0.0.1 | 3.00 | 41.00 | 44.00 | OK |
Version: 0.0.1
Check: for non-standard things in the check directory
Result: NOTE
Found the following files/directories:
'episcan_1geno_cc.txt' 'episcan_1geno_quant.txt'
'episcan_2geno_cc.txt' 'episcan_2geno_quant.txt'
Flavors: r-devel-linux-x86_64-debian-clang, r-devel-linux-x86_64-debian-gcc, r-devel-linux-x86_64-fedora-clang, r-devel-linux-x86_64-fedora-gcc, r-patched-linux-x86_64, r-patched-solaris-x86, r-release-linux-x86_64