CRAN Package Check Results for Package episcan

Last updated on 2024-03-04 22:58:00 CET.

Flavor Version Tinstall Tcheck Ttotal Status Flags
r-devel-linux-x86_64-debian-clang 0.0.1 2.10 28.26 30.36 NOTE
r-devel-linux-x86_64-debian-gcc 0.0.1 1.89 21.84 23.73 NOTE
r-devel-linux-x86_64-fedora-clang 0.0.1 39.80 NOTE
r-devel-linux-x86_64-fedora-gcc 0.0.1 52.18 NOTE
r-devel-windows-x86_64 0.0.1 3.00 46.00 49.00 NOTE
r-patched-linux-x86_64 0.0.1 2.87 27.33 30.20 NOTE
r-release-linux-x86_64 0.0.1 2.30 27.61 29.91 NOTE
r-release-macos-arm64 0.0.1 25.00 NOTE
r-release-macos-x86_64 0.0.1 35.00 NOTE
r-release-windows-x86_64 0.0.1 4.00 47.00 51.00 NOTE
r-oldrel-macos-arm64 0.0.1 20.00 NOTE
r-oldrel-windows-x86_64 0.0.1 4.00 46.00 50.00 NOTE

Check Details

Version: 0.0.1
Check: LazyData
Result: NOTE 'LazyData' is specified without a 'data' directory Flavors: r-devel-linux-x86_64-debian-clang, r-devel-linux-x86_64-debian-gcc, r-devel-linux-x86_64-fedora-clang, r-devel-linux-x86_64-fedora-gcc, r-devel-windows-x86_64, r-patched-linux-x86_64, r-release-linux-x86_64, r-release-macos-arm64, r-release-macos-x86_64, r-release-windows-x86_64, r-oldrel-macos-arm64, r-oldrel-windows-x86_64

Version: 0.0.1
Check: for non-standard things in the check directory
Result: NOTE Found the following files/directories: ‘episcan_1geno_cc.txt’ ‘episcan_1geno_quant.txt’ ‘episcan_2geno_cc.txt’ ‘episcan_2geno_quant.txt’ Flavors: r-devel-linux-x86_64-debian-clang, r-devel-linux-x86_64-debian-gcc, r-devel-linux-x86_64-fedora-clang, r-devel-linux-x86_64-fedora-gcc, r-patched-linux-x86_64, r-release-linux-x86_64