CRAN Package Check Results for Package epitools

Last updated on 2015-02-27 04:46:45.

Flavor Version Tinstall Tcheck Ttotal Status Flags
r-devel-linux-x86_64-debian-clang 0.5-7 1.08 21.34 22.41 NOTE
r-devel-linux-x86_64-debian-gcc 0.5-7 0.96 20.99 21.95 NOTE
r-devel-linux-x86_64-fedora-clang 0.5-7 41.43 NOTE
r-devel-linux-x86_64-fedora-gcc 0.5-7 36.66 NOTE
r-devel-osx-x86_64-clang 0.5-7 41.37 NOTE
r-devel-windows-ix86+x86_64 0.5-7 4.00 29.00 33.00 NOTE
r-patched-linux-x86_64 0.5-7 1.36 22.71 24.07 OK
r-patched-solaris-sparc 0.5-7 249.30 OK
r-patched-solaris-x86 0.5-7 56.70 OK
r-release-linux-ix86 0.5-7 1.33 29.25 30.58 OK
r-release-linux-x86_64 0.5-7 1.02 0.26 1.27 OK
r-release-osx-x86_64-mavericks 0.5-7 OK
r-release-windows-ix86+x86_64 0.5-7 3.00 49.00 52.00 OK
r-oldrel-windows-ix86+x86_64 0.5-7 4.00 30.00 34.00 OK

Check Details

Version: 0.5-7
Check: DESCRIPTION meta-information
Result: NOTE
    Malformed Description field: should contain one or more complete sentences.
Flavors: r-devel-linux-x86_64-debian-clang, r-devel-linux-x86_64-debian-gcc, r-devel-linux-x86_64-fedora-clang, r-devel-linux-x86_64-fedora-gcc, r-devel-osx-x86_64-clang, r-devel-windows-ix86+x86_64