CRAN Package Check Results for Package epitools

Last updated on 2015-09-03 14:48:16.

Flavor Version Tinstall Tcheck Ttotal Status Flags
r-devel-linux-x86_64-debian-clang 0.5-7 0.97 21.20 22.17 NOTE
r-devel-linux-x86_64-debian-gcc 0.5-7 0.92 20.80 21.72 NOTE
r-devel-linux-x86_64-fedora-clang 0.5-7 39.81 NOTE
r-devel-linux-x86_64-fedora-gcc 0.5-7 35.79 NOTE
r-devel-osx-x86_64-clang 0.5-7 37.78 NOTE
r-devel-windows-ix86+x86_64 0.5-7 3.00 50.00 53.00 NOTE
r-patched-linux-x86_64 0.5-7 0.92 21.16 22.08 NOTE
r-patched-solaris-sparc 0.5-7 263.10 NOTE
r-patched-solaris-x86 0.5-7 49.80 NOTE
r-release-linux-x86_64 0.5-7 0.99 21.50 22.49 NOTE
r-release-osx-x86_64-mavericks 0.5-7 NOTE
r-release-windows-ix86+x86_64 0.5-7 4.00 37.00 41.00 NOTE
r-oldrel-windows-ix86+x86_64 0.5-7 6.00 34.00 40.00 OK

Check Details

Version: 0.5-7
Check: DESCRIPTION meta-information
Result: NOTE
    Malformed Description field: should contain one or more complete sentences.
Flavors: r-devel-linux-x86_64-debian-clang, r-devel-linux-x86_64-debian-gcc, r-devel-linux-x86_64-fedora-clang, r-devel-linux-x86_64-fedora-gcc, r-devel-osx-x86_64-clang, r-devel-windows-ix86+x86_64, r-patched-linux-x86_64, r-patched-solaris-sparc, r-patched-solaris-x86, r-release-linux-x86_64, r-release-osx-x86_64-mavericks, r-release-windows-ix86+x86_64

Version: 0.5-7
Check: R code for possible problems
Result: NOTE
    ageadjust.direct: no visible global function definition for ‘qgamma’
    ageadjust.indirect: no visible global function definition for ‘qnorm’
    binom.approx: no visible global function definition for ‘qnorm’
    binom.exact: no visible global function definition for ‘binom.test’
    binom.wilson: no visible global function definition for ‘qnorm’
    colorbrewer.display: no visible global function definition for
     ‘matplot’
    colorbrewer.display: no visible global function definition for ‘rect’
    colorbrewer.display: no visible global function definition for ‘points’
    colorbrewer.display: no visible global function definition for ‘rgb’
    colorbrewer.display: no visible global function definition for ‘text’
    colorbrewer.display: no visible global function definition for ‘abline’
    colorbrewer.display: no visible global function definition for ‘axis’
    colorbrewer.display: no visible global function definition for ‘title’
    colorbrewer.palette: no visible global function definition for ‘rgb’
    colors.matrix: no visible global function definition for ‘colors’
    colors.plot: no visible global function definition for ‘matplot’
    colors.plot: no visible global function definition for ‘title’
    colors.plot: no visible global function definition for ‘points’
    colors.plot: no visible global function definition for ‘colors’
    colors.plot: no visible global function definition for ‘axis’
    epicurve.dates: no visible global function definition for ‘barplot’
    epicurve.dates: no visible global function definition for ‘axis’
    epicurve.hours: no visible global function definition for ‘barplot’
    epicurve.hours: no visible global function definition for ‘axis’
    epicurve.months: no visible global function definition for ‘barplot’
    epicurve.months: no visible global function definition for ‘axis’
    epicurve.table: no visible global function definition for ‘barplot’
    epicurve.table: no visible global function definition for ‘axis’
    epicurve.weeks: no visible global function definition for ‘barplot’
    epicurve.weeks: no visible global function definition for ‘axis’
    expand.table: no visible global function definition for ‘ftable’
    oddsratio.fisher: no visible global function definition for
     ‘fisher.test’
    oddsratio.small: no visible global function definition for ‘qnorm’
    oddsratio.wald: no visible global function definition for ‘qnorm’
    or.midp : mue: no visible global function definition for ‘fisher.test’
    or.midp : midp: no visible global function definition for ‘fisher.test’
    or.midp: no visible global function definition for ‘uniroot’
    ormidp.test: no visible global function definition for ‘fisher.test’
    pois.approx: no visible global function definition for ‘qnorm’
    pois.byar: no visible global function definition for ‘qnorm’
    pois.daly : cipois: no visible global function definition for ‘qgamma’
    pois.exact : f1: no visible global function definition for ‘ppois’
    pois.exact : f2: no visible global function definition for ‘ppois’
    pois.exact : f2: no visible global function definition for ‘dpois’
    pois.exact: no visible global function definition for ‘uniroot’
    rate2by2.test: no visible global function definition for ‘dbinom’
    rate2by2.test: no visible global function definition for ‘pbinom’
    rate2by2.test: no visible global function definition for ‘pnorm’
    rate2by2.test: no visible global function definition for ‘pchisq’
    rateratio.midp: no visible global function definition for ‘uniroot’
    rateratio.midp : <anonymous>: no visible global function definition for
     ‘dbinom’
    rateratio.midp : <anonymous>: no visible global function definition for
     ‘pbinom’
    rateratio.wald: no visible global function definition for ‘qnorm’
    riskratio.boot: no visible global function definition for ‘qnorm’
    riskratio.boot : rr.boot: no visible global function definition for
     ‘rbinom’
    riskratio.boot : rr.boot: no visible global function definition for
     ‘quantile’
    riskratio.small: no visible global function definition for ‘qnorm’
    riskratio.wald: no visible global function definition for ‘qnorm’
    tab2by2.test: no visible global function definition for ‘fisher.test’
    tab2by2.test: no visible global function definition for ‘chisq.test’
    Undefined global functions or variables:
     abline axis barplot binom.test chisq.test colors dbinom dpois
     fisher.test ftable matplot pbinom pchisq pnorm points ppois qgamma
     qnorm quantile rbinom rect rgb text title uniroot
    Consider adding
     importFrom("grDevices", "colors", "rgb")
     importFrom("graphics", "abline", "axis", "barplot", "matplot",
     "points", "rect", "text", "title")
     importFrom("stats", "binom.test", "chisq.test", "dbinom", "dpois",
     "fisher.test", "ftable", "pbinom", "pchisq", "pnorm",
     "ppois", "qgamma", "qnorm", "quantile", "rbinom", "uniroot")
    to your NAMESPACE.
Flavors: r-devel-linux-x86_64-debian-clang, r-devel-linux-x86_64-debian-gcc, r-devel-linux-x86_64-fedora-clang, r-devel-linux-x86_64-fedora-gcc, r-devel-windows-ix86+x86_64