CRAN Package Check Results for Package epitools

Last updated on 2015-07-07 23:47:43.

Flavor Version Tinstall Tcheck Ttotal Status Flags
r-devel-linux-x86_64-debian-clang 0.5-7 0.92 21.72 22.64 NOTE
r-devel-linux-x86_64-debian-gcc 0.5-7 0.92 20.71 21.62 NOTE
r-devel-linux-x86_64-fedora-clang 0.5-7 39.56 NOTE
r-devel-linux-x86_64-fedora-gcc 0.5-7 35.18 NOTE
r-devel-osx-x86_64-clang 0.5-7 37.47 NOTE
r-devel-windows-ix86+x86_64 0.5-7 4.00 30.00 34.00 NOTE
r-patched-linux-x86_64 0.5-7 0.94 21.47 22.42 NOTE
r-patched-solaris-sparc 0.5-7 269.00 NOTE
r-patched-solaris-x86 0.5-7 49.50 NOTE
r-release-linux-x86_64 0.5-7 0.95 20.96 21.91 NOTE
r-release-osx-x86_64-mavericks 0.5-7 NOTE
r-release-windows-ix86+x86_64 0.5-7 4.00 31.00 35.00 NOTE
r-oldrel-windows-ix86+x86_64 0.5-7 6.00 34.00 40.00 OK

Check Details

Version: 0.5-7
Check: DESCRIPTION meta-information
Result: NOTE
    Malformed Description field: should contain one or more complete sentences.
Flavors: r-devel-linux-x86_64-debian-clang, r-devel-linux-x86_64-debian-gcc, r-devel-linux-x86_64-fedora-clang, r-devel-linux-x86_64-fedora-gcc, r-devel-osx-x86_64-clang, r-devel-windows-ix86+x86_64, r-patched-linux-x86_64, r-patched-solaris-sparc, r-patched-solaris-x86, r-release-linux-x86_64, r-release-osx-x86_64-mavericks, r-release-windows-ix86+x86_64

Version: 0.5-7
Check: R code for possible problems
Result: NOTE
    ageadjust.direct: no visible global function definition for ‘qgamma’
    ageadjust.indirect: no visible global function definition for ‘qnorm’
    binom.approx: no visible global function definition for ‘qnorm’
    binom.exact: no visible global function definition for ‘binom.test’
    binom.wilson: no visible global function definition for ‘qnorm’
    colorbrewer.display: no visible global function definition for
     ‘matplot’
    colorbrewer.display: no visible global function definition for ‘rect’
    colorbrewer.display: no visible global function definition for ‘points’
    colorbrewer.display: no visible global function definition for ‘rgb’
    colorbrewer.display: no visible global function definition for ‘text’
    colorbrewer.display: no visible global function definition for ‘abline’
    colorbrewer.display: no visible global function definition for ‘axis’
    colorbrewer.display: no visible global function definition for ‘title’
    colorbrewer.palette: no visible global function definition for ‘rgb’
    colors.matrix: no visible global function definition for ‘colors’
    colors.plot: no visible global function definition for ‘matplot’
    colors.plot: no visible global function definition for ‘title’
    colors.plot: no visible global function definition for ‘points’
    colors.plot: no visible global function definition for ‘colors’
    colors.plot: no visible global function definition for ‘axis’
    epicurve.dates: no visible global function definition for ‘barplot’
    epicurve.dates: no visible global function definition for ‘axis’
    epicurve.hours: no visible global function definition for ‘barplot’
    epicurve.hours: no visible global function definition for ‘axis’
    epicurve.months: no visible global function definition for ‘barplot’
    epicurve.months: no visible global function definition for ‘axis’
    epicurve.table: no visible global function definition for ‘barplot’
    epicurve.table: no visible global function definition for ‘axis’
    epicurve.weeks: no visible global function definition for ‘barplot’
    epicurve.weeks: no visible global function definition for ‘axis’
    expand.table: no visible global function definition for ‘ftable’
    oddsratio.fisher: no visible global function definition for
     ‘fisher.test’
    oddsratio.small: no visible global function definition for ‘qnorm’
    oddsratio.wald: no visible global function definition for ‘qnorm’
    or.midp : mue: no visible global function definition for ‘fisher.test’
    or.midp : midp: no visible global function definition for ‘fisher.test’
    or.midp: no visible global function definition for ‘uniroot’
    ormidp.test: no visible global function definition for ‘fisher.test’
    pois.approx: no visible global function definition for ‘qnorm’
    pois.byar: no visible global function definition for ‘qnorm’
    pois.daly : cipois: no visible global function definition for ‘qgamma’
    pois.exact : f1: no visible global function definition for ‘ppois’
    pois.exact : f2: no visible global function definition for ‘ppois’
    pois.exact : f2: no visible global function definition for ‘dpois’
    pois.exact: no visible global function definition for ‘uniroot’
    rate2by2.test: no visible global function definition for ‘dbinom’
    rate2by2.test: no visible global function definition for ‘pbinom’
    rate2by2.test: no visible global function definition for ‘pnorm’
    rate2by2.test: no visible global function definition for ‘pchisq’
    rateratio.midp: no visible global function definition for ‘uniroot’
    rateratio.midp : <anonymous>: no visible global function definition for
     ‘dbinom’
    rateratio.midp : <anonymous>: no visible global function definition for
     ‘pbinom’
    rateratio.wald: no visible global function definition for ‘qnorm’
    riskratio.boot: no visible global function definition for ‘qnorm’
    riskratio.boot : rr.boot: no visible global function definition for
     ‘rbinom’
    riskratio.boot : rr.boot: no visible global function definition for
     ‘quantile’
    riskratio.small: no visible global function definition for ‘qnorm’
    riskratio.wald: no visible global function definition for ‘qnorm’
    tab2by2.test: no visible global function definition for ‘fisher.test’
    tab2by2.test: no visible global function definition for ‘chisq.test’
    Undefined global functions or variables:
     abline axis barplot binom.test chisq.test colors dbinom dpois
     fisher.test ftable matplot pbinom pchisq pnorm points ppois qgamma
     qnorm quantile rbinom rect rgb text title uniroot
Flavors: r-devel-linux-x86_64-debian-clang, r-devel-linux-x86_64-debian-gcc, r-devel-linux-x86_64-fedora-clang, r-devel-linux-x86_64-fedora-gcc, r-devel-windows-ix86+x86_64