CRAN Package Check Results for Package epitools

Last updated on 2015-03-26 21:46:54.

Flavor Version Tinstall Tcheck Ttotal Status Flags
r-devel-linux-x86_64-debian-clang 0.5-7 0.98 21.68 22.66 NOTE
r-devel-linux-x86_64-debian-gcc 0.5-7 1.17 21.73 22.90 NOTE
r-devel-linux-x86_64-fedora-clang 0.5-7 41.31 NOTE
r-devel-linux-x86_64-fedora-gcc 0.5-7 36.18 NOTE
r-devel-osx-x86_64-clang 0.5-7 43.98 NOTE
r-prerel-windows-ix86+x86_64 0.5-7 4.00 31.00 35.00 NOTE
r-prerel-linux-x86_64 0.5-7 0.95 21.90 22.86 NOTE
r-prerel-solaris-sparc 0.5-7 248.90 NOTE
r-prerel-solaris-x86 0.5-7 50.60 NOTE
r-release-linux-x86_64 0.5-7 1.00 22.42 23.42 OK
r-release-osx-x86_64-mavericks 0.5-7 OK
r-release-windows-ix86+x86_64 0.5-7 6.00 34.00 40.00 OK
r-oldrel-windows-ix86+x86_64 0.5-7 4.00 30.00 34.00 OK

Check Details

Version: 0.5-7
Check: DESCRIPTION meta-information
Result: NOTE
    Malformed Description field: should contain one or more complete sentences.
Flavors: r-devel-linux-x86_64-debian-clang, r-devel-linux-x86_64-debian-gcc, r-devel-linux-x86_64-fedora-clang, r-devel-linux-x86_64-fedora-gcc, r-devel-osx-x86_64-clang, r-prerel-windows-ix86+x86_64, r-prerel-linux-x86_64, r-prerel-solaris-sparc, r-prerel-solaris-x86