CRAN Package Check Results for Package epitools

Last updated on 2015-04-19 05:49:45.

Flavor Version Tinstall Tcheck Ttotal Status Flags
r-devel-linux-x86_64-debian-clang 0.5-7 1.05 22.24 23.29 NOTE
r-devel-linux-x86_64-debian-gcc 0.5-7 1.04 21.40 22.44 NOTE
r-devel-linux-x86_64-fedora-clang 0.5-7 41.50 NOTE
r-devel-linux-x86_64-fedora-gcc 0.5-7 37.11 NOTE
r-devel-osx-x86_64-clang 0.5-7 40.21 NOTE
r-patched-linux-x86_64 0.5-7 1.51 21.36 22.88 NOTE
r-patched-solaris-sparc 0.5-7 248.90 NOTE
r-patched-solaris-x86 0.5-7 51.10 NOTE
r-release-linux-x86_64 0.5-7 1.48 21.83 23.30 NOTE
r-release-osx-x86_64-mavericks 0.5-7 NOTE
r-release-osx-x86_64-snowleopard 0.5-7 NOTE
r-release-windows-ix86+x86_64 0.5-7 2.00 36.00 38.00 NOTE
r-oldrel-windows-ix86+x86_64 0.5-7 4.00 30.00 34.00 OK

Check Details

Version: 0.5-7
Check: DESCRIPTION meta-information
Result: NOTE
    Malformed Description field: should contain one or more complete sentences.
Flavors: r-devel-linux-x86_64-debian-clang, r-devel-linux-x86_64-debian-gcc, r-devel-linux-x86_64-fedora-clang, r-devel-linux-x86_64-fedora-gcc, r-devel-osx-x86_64-clang, r-patched-linux-x86_64, r-patched-solaris-sparc, r-patched-solaris-x86, r-release-linux-x86_64, r-release-osx-x86_64-mavericks, r-release-osx-x86_64-snowleopard, r-release-windows-ix86+x86_64