CRAN Package Check Results for Package epitools

Last updated on 2015-05-25 11:48:20.

Flavor Version Tinstall Tcheck Ttotal Status Flags
r-devel-linux-x86_64-debian-clang 0.5-7 0.94 21.90 22.84 NOTE
r-devel-linux-x86_64-debian-gcc 0.5-7 0.94 21.05 21.99 NOTE
r-devel-linux-x86_64-fedora-clang 0.5-7 40.67 NOTE
r-devel-linux-x86_64-fedora-gcc 0.5-7 37.91 NOTE
r-devel-osx-x86_64-clang 0.5-7 40.85 NOTE
r-devel-windows-ix86+x86_64 0.5-7 5.00 30.00 35.00 NOTE
r-patched-linux-x86_64 0.5-7 0.96 21.15 22.11 NOTE
r-patched-solaris-sparc 0.5-7 269.00 NOTE
r-patched-solaris-x86 0.5-7 52.70 NOTE
r-release-linux-x86_64 0.5-7 0.94 21.47 22.41 NOTE
r-release-osx-x86_64-mavericks 0.5-7 NOTE
r-release-osx-x86_64-snowleopard 0.5-7 NOTE
r-release-windows-ix86+x86_64 0.5-7 2.00 36.00 38.00 NOTE
r-oldrel-windows-ix86+x86_64 0.5-7 6.00 34.00 40.00 OK

Check Details

Version: 0.5-7
Check: DESCRIPTION meta-information
Result: NOTE
    Malformed Description field: should contain one or more complete sentences.
Flavors: r-devel-linux-x86_64-debian-clang, r-devel-linux-x86_64-debian-gcc, r-devel-linux-x86_64-fedora-clang, r-devel-linux-x86_64-fedora-gcc, r-devel-osx-x86_64-clang, r-devel-windows-ix86+x86_64, r-patched-linux-x86_64, r-patched-solaris-sparc, r-patched-solaris-x86, r-release-linux-x86_64, r-release-osx-x86_64-mavericks, r-release-osx-x86_64-snowleopard, r-release-windows-ix86+x86_64