CRAN Package Check Results for Package epoc

Last updated on 2015-01-30 11:49:10.

Flavor Version Tinstall Tcheck Ttotal Status Flags
r-devel-linux-x86_64-debian-clang 0.2.5-1 4.70 45.73 50.42 NOTE
r-devel-linux-x86_64-debian-gcc 0.2.5-1 3.92 45.74 49.66 NOTE
r-devel-linux-x86_64-fedora-clang 0.2.5-1 127.17 NOTE
r-devel-linux-x86_64-fedora-gcc 0.2.5-1 122.75 NOTE
r-devel-osx-x86_64-clang 0.2.5-1 108.51 NOTE
r-devel-windows-ix86+x86_64 0.2.5-1 15.00 68.00 83.00 OK
r-patched-linux-x86_64 0.2.5-1 5.03 53.33 58.36 OK
r-patched-solaris-sparc 0.2.5-1 728.50 NOTE
r-patched-solaris-x86 0.2.5-1 179.60 OK
r-release-linux-ix86 0.2.5-1 5.25 63.14 68.39 OK
r-release-linux-x86_64 0.2.5-1 4.75 54.38 59.13 OK
r-release-osx-x86_64-mavericks 0.2.5-1 NOTE
r-release-osx-x86_64-snowleopard 0.2.5-1 NOTE
r-release-windows-ix86+x86_64 0.2.5-1 15.00 85.00 100.00 OK
r-oldrel-windows-ix86+x86_64 0.2.5-1 15.00 77.00 92.00 OK

Check Details

Version: 0.2.5-1
Check: S3 generic/method consistency
Result: NOTE
    Found the following apparent S3 methods exported but not registered:
     plot.bootsize
    See section ‘Registering S3 methods’ in the ‘Writing R Extensions’
    manual.
Flavors: r-devel-linux-x86_64-debian-clang, r-devel-linux-x86_64-debian-gcc, r-devel-linux-x86_64-fedora-clang, r-devel-linux-x86_64-fedora-gcc, r-devel-osx-x86_64-clang

Version: 0.2.5-1
Check: package dependencies
Result: NOTE
    Package suggested but not available for checking: ‘RCytoscape’
Flavors: r-devel-osx-x86_64-clang, r-patched-solaris-sparc, r-release-osx-x86_64-mavericks, r-release-osx-x86_64-snowleopard