CRAN Package Check Results for Package epoc

Last updated on 2015-05-27 03:48:09.

Flavor Version Tinstall Tcheck Ttotal Status Flags
r-devel-linux-x86_64-debian-clang 0.2.5-1 3.97 44.46 48.43 NOTE
r-devel-linux-x86_64-debian-gcc 0.2.5-1 3.50 41.72 45.23 NOTE
r-devel-linux-x86_64-fedora-clang 0.2.5-1 97.91 NOTE
r-devel-linux-x86_64-fedora-gcc 0.2.5-1 91.72 NOTE
r-devel-osx-x86_64-clang 0.2.5-1 81.45 NOTE
r-devel-windows-ix86+x86_64 0.2.5-1 10.00 61.00 71.00 OK
r-patched-linux-x86_64 0.2.5-1 3.50 41.46 44.97 NOTE
r-patched-solaris-sparc 0.2.5-1 576.90 NOTE
r-patched-solaris-x86 0.2.5-1 132.60 NOTE
r-release-linux-x86_64 0.2.5-1 3.50 43.11 46.60 NOTE
r-release-osx-x86_64-mavericks 0.2.5-1 NOTE
r-release-osx-x86_64-snowleopard 0.2.5-1 ERROR
r-release-windows-ix86+x86_64 0.2.5-1 9.00 62.00 71.00 OK
r-oldrel-windows-ix86+x86_64 0.2.5-1 14.00 115.00 129.00 OK

Check Details

Version: 0.2.5-1
Check: S3 generic/method consistency
Result: NOTE
    Found the following apparent S3 methods exported but not registered:
     plot.bootsize
    See section ‘Registering S3 methods’ in the ‘Writing R Extensions’
    manual.
Flavors: r-devel-linux-x86_64-debian-clang, r-devel-linux-x86_64-debian-gcc, r-devel-linux-x86_64-fedora-clang, r-devel-linux-x86_64-fedora-gcc, r-devel-osx-x86_64-clang, r-patched-linux-x86_64, r-patched-solaris-sparc, r-patched-solaris-x86, r-release-linux-x86_64

Version: 0.2.5-1
Check: package dependencies
Result: NOTE
    Package suggested but not available for checking: ‘RCytoscape’
Flavors: r-devel-osx-x86_64-clang, r-patched-solaris-sparc, r-release-osx-x86_64-mavericks

Version: 0.2.5-1
Check: package dependencies
Result: ERROR
    Packages required but not available: ‘graph’ ‘Rgraphviz’
    
    Package suggested but not available for checking: ‘RCytoscape’
    
    See section ‘The DESCRIPTION file’ in the ‘Writing R Extensions’
    manual.
Flavor: r-release-osx-x86_64-snowleopard