CRAN Package Check Results for Package epoc

Last updated on 2014-07-31 01:47:45.

Flavor Version Tinstall Tcheck Ttotal Status Flags
r-devel-linux-x86_64-debian-clang 0.2.5-1 4.54 53.90 58.45 OK
r-devel-linux-x86_64-debian-gcc 0.2.5-1 4.56 53.32 57.88 OK
r-devel-linux-x86_64-fedora-clang 0.2.5-1 138.75 NOTE
r-devel-linux-x86_64-fedora-gcc 0.2.5-1 131.16 NOTE
r-devel-osx-x86_64-clang 0.2.5-1 105.51 NOTE
r-devel-windows-ix86+x86_64 0.2.5-1 12.00 75.00 87.00 OK
r-patched-linux-x86_64 0.2.5-1 4.69 53.44 58.13 OK
r-patched-solaris-sparc 0.2.5-1 711.50 NOTE
r-patched-solaris-x86 0.2.5-1 177.20 OK
r-release-linux-ix86 0.2.5-1 5.47 65.46 70.93 OK
r-release-linux-x86_64 0.2.5-1 4.62 54.04 58.66 OK
r-release-osx-x86_64-mavericks 0.2.5-1 NOTE
r-release-osx-x86_64-snowleopard 0.2.5-1 NOTE
r-release-windows-ix86+x86_64 0.2.5-1 19.00 105.00 124.00 OK
r-oldrel-windows-ix86+x86_64 0.2.5-1 19.00 103.00 122.00 OK

Check Details

Version: 0.2.5-1
Check: package dependencies
Result: NOTE
    Package suggested but not available for checking: RCytoscape
Flavors: r-devel-linux-x86_64-fedora-clang, r-devel-linux-x86_64-fedora-gcc, r-devel-osx-x86_64-clang, r-patched-solaris-sparc, r-release-osx-x86_64-mavericks, r-release-osx-x86_64-snowleopard