CRAN Package Check Results for Package epoc

Last updated on 2014-12-19 03:47:32.

Flavor Version Tinstall Tcheck Ttotal Status Flags
r-devel-linux-x86_64-debian-clang 0.2.5-1 4.50 53.64 58.14 OK
r-devel-linux-x86_64-debian-gcc 0.2.5-1 4.25 51.58 55.83 OK
r-devel-linux-x86_64-fedora-clang 0.2.5-1 136.55 OK
r-devel-linux-x86_64-fedora-gcc 0.2.5-1 122.74 OK
r-devel-osx-x86_64-clang 0.2.5-1 109.17 NOTE
r-devel-windows-ix86+x86_64 0.2.5-1 13.00 70.00 83.00 OK
r-patched-linux-x86_64 0.2.5-1 5.02 53.24 58.27 OK
r-patched-solaris-sparc 0.2.5-1 711.50 NOTE
r-patched-solaris-x86 0.2.5-1 179.60 OK
r-release-linux-ix86 0.2.5-1 5.35 63.00 68.34 OK
r-release-linux-x86_64 0.2.5-1 4.43 53.31 57.74 OK
r-release-osx-x86_64-mavericks 0.2.5-1 NOTE
r-release-osx-x86_64-snowleopard 0.2.5-1 NOTE
r-release-windows-ix86+x86_64 0.2.5-1 13.00 79.00 92.00 OK
r-oldrel-windows-ix86+x86_64 0.2.5-1 14.00 81.00 95.00 OK

Check Details

Version: 0.2.5-1
Check: package dependencies
Result: NOTE
    Package suggested but not available for checking: ‘RCytoscape’
Flavors: r-devel-osx-x86_64-clang, r-patched-solaris-sparc, r-release-osx-x86_64-mavericks, r-release-osx-x86_64-snowleopard