CRAN Package Check Results for Package epoc

Last updated on 2015-03-01 03:48:33.

Flavor Version Tinstall Tcheck Ttotal Status Flags
r-devel-linux-x86_64-debian-clang 0.2.5-1 3.46 43.48 46.94 NOTE
r-devel-linux-x86_64-debian-gcc 0.2.5-1 3.94 41.22 45.16 NOTE
r-devel-linux-x86_64-fedora-clang 0.2.5-1 93.92 NOTE
r-devel-linux-x86_64-fedora-gcc 0.2.5-1 92.78 NOTE
r-devel-osx-x86_64-clang 0.2.5-1 82.99 NOTE
r-devel-windows-ix86+x86_64 0.2.5-1 14.00 61.00 75.00 OK
r-patched-linux-x86_64 0.2.5-1 4.74 54.79 59.53 OK
r-patched-solaris-sparc 0.2.5-1 728.50 NOTE
r-patched-solaris-x86 0.2.5-1 179.00 OK
r-release-linux-ix86 0.2.5-1 5.24 64.21 69.45 OK
r-release-linux-x86_64 0.2.5-1 4.61 54.01 58.62 OK
r-release-osx-x86_64-mavericks 0.2.5-1 NOTE
r-release-osx-x86_64-snowleopard 0.2.5-1 NOTE
r-release-windows-ix86+x86_64 0.2.5-1 13.00 77.00 90.00 OK
r-oldrel-windows-ix86+x86_64 0.2.5-1 14.00 88.00 102.00 OK

Check Details

Version: 0.2.5-1
Check: S3 generic/method consistency
Result: NOTE
    Found the following apparent S3 methods exported but not registered:
     plot.bootsize
    See section ‘Registering S3 methods’ in the ‘Writing R Extensions’
    manual.
Flavors: r-devel-linux-x86_64-debian-clang, r-devel-linux-x86_64-debian-gcc, r-devel-linux-x86_64-fedora-clang, r-devel-linux-x86_64-fedora-gcc, r-devel-osx-x86_64-clang

Version: 0.2.5-1
Check: package dependencies
Result: NOTE
    Package suggested but not available for checking: ‘RCytoscape’
Flavors: r-devel-osx-x86_64-clang, r-patched-solaris-sparc, r-release-osx-x86_64-mavericks, r-release-osx-x86_64-snowleopard