CRAN Package Check Results for Package epoc

Last updated on 2014-04-24 09:49:00.

Flavor Version Tinstall Tcheck Ttotal Status Flags
r-devel-linux-x86_64-debian-clang 0.2.5-1 4.72 56.11 60.83 OK
r-devel-linux-x86_64-debian-gcc 0.2.5-1 4.84 56.99 61.83 OK
r-devel-linux-x86_64-fedora-clang 0.2.5-1 139.22 NOTE
r-devel-linux-x86_64-fedora-gcc 0.2.5-1 134.20 NOTE
r-devel-osx-x86_64-clang 0.2.5-1 102.52 NOTE
r-devel-osx-x86_64-gcc 0.2.5-1 ERROR
r-devel-windows-ix86+x86_64 0.2.5-1 14.00 75.00 89.00 OK
r-patched-linux-x86_64 0.2.5-1 4.63 55.42 60.05 OK
r-patched-solaris-sparc 0.2.5-1 714.80 NOTE
r-patched-solaris-x86 0.2.5-1 179.10 OK
r-release-linux-ix86 0.2.5-1 7.00 88.00 95.00 OK
r-release-linux-x86_64 0.2.5-1 4.66 55.36 60.02 OK
r-release-osx-x86_64-mavericks 0.2.5-1 ERROR
r-release-osx-x86_64-snowleopard 0.2.5-1 NOTE
r-release-windows-ix86+x86_64 0.2.5-1 14.00 80.00 94.00 OK
r-oldrel-windows-ix86+x86_64 0.2.5-1 13.00 75.00 88.00 OK

Check Details

Version: 0.2.5-1
Check: package dependencies
Result: NOTE
    Package suggested but not available for checking: ‘RCytoscape’
Flavors: r-devel-linux-x86_64-fedora-clang, r-devel-linux-x86_64-fedora-gcc, r-devel-osx-x86_64-clang, r-patched-solaris-sparc, r-release-osx-x86_64-snowleopard

Version: 0.2.5-1
Check: package dependencies
Result: ERROR
    Packages required but not available: ‘graph’ ‘Rgraphviz’
    
    Package suggested but not available for checking: ‘RCytoscape’
    
    See the information on DESCRIPTION files in the chapter ‘Creating R
    packages’ of the ‘Writing R Extensions’ manual.
Flavors: r-devel-osx-x86_64-gcc, r-release-osx-x86_64-mavericks