CRAN Package Check Results for Package epoc

Last updated on 2014-10-01 11:47:46.

Flavor Version Tinstall Tcheck Ttotal Status Flags
r-devel-linux-x86_64-debian-clang 0.2.5-1 4.52 51.15 55.67 OK
r-devel-linux-x86_64-debian-gcc 0.2.5-1 4.22 50.75 54.96 OK
r-devel-linux-x86_64-fedora-clang 0.2.5-1 133.95 NOTE
r-devel-linux-x86_64-fedora-gcc 0.2.5-1 128.70 NOTE
r-devel-osx-x86_64-clang 0.2.5-1 101.93 NOTE
r-devel-windows-ix86+x86_64 0.2.5-1 12.00 73.00 85.00 OK
r-patched-linux-x86_64 0.2.5-1 4.42 53.85 58.26 OK
r-patched-solaris-sparc 0.2.5-1 711.50 NOTE
r-patched-solaris-x86 0.2.5-1 180.90 OK
r-release-linux-ix86 0.2.5-1 5.47 66.33 71.80 OK
r-release-linux-x86_64 0.2.5-1 4.51 55.22 59.73 OK
r-release-osx-x86_64-mavericks 0.2.5-1 NOTE
r-release-osx-x86_64-snowleopard 0.2.5-1 NOTE
r-release-windows-ix86+x86_64 0.2.5-1 13.00 73.00 86.00 OK
r-oldrel-windows-ix86+x86_64 0.2.5-1 13.00 77.00 90.00 OK

Check Details

Version: 0.2.5-1
Check: package dependencies
Result: NOTE
    Package suggested but not available for checking: ‘RCytoscape’
Flavors: r-devel-linux-x86_64-fedora-clang, r-devel-linux-x86_64-fedora-gcc, r-devel-osx-x86_64-clang, r-patched-solaris-sparc, r-release-osx-x86_64-mavericks, r-release-osx-x86_64-snowleopard