CRAN Package Check Results for Package epoc

Last updated on 2014-09-01 11:48:53.

Flavor Version Tinstall Tcheck Ttotal Status Flags
r-devel-linux-x86_64-debian-clang 0.2.5-1 4.45 52.33 56.78 OK
r-devel-linux-x86_64-debian-gcc 0.2.5-1 4.31 50.55 54.86 OK
r-devel-linux-x86_64-fedora-clang 0.2.5-1 144.09 NOTE
r-devel-linux-x86_64-fedora-gcc 0.2.5-1 129.62 NOTE
r-devel-osx-x86_64-clang 0.2.5-1 102.77 NOTE
r-devel-windows-ix86+x86_64 0.2.5-1 12.00 78.00 90.00 OK
r-patched-linux-x86_64 0.2.5-1 4.53 52.62 57.15 OK
r-patched-solaris-sparc 0.2.5-1 711.50 NOTE
r-patched-solaris-x86 0.2.5-1 178.20 OK
r-release-linux-ix86 0.2.5-1 5.46 67.66 73.12 OK
r-release-linux-x86_64 0.2.5-1 4.54 54.37 58.92 OK
r-release-osx-x86_64-mavericks 0.2.5-1 NOTE
r-release-osx-x86_64-snowleopard 0.2.5-1 NOTE
r-release-windows-ix86+x86_64 0.2.5-1 13.00 78.00 91.00 OK
r-oldrel-windows-ix86+x86_64 0.2.5-1 13.00 72.00 85.00 OK

Check Details

Version: 0.2.5-1
Check: package dependencies
Result: NOTE
    Package suggested but not available for checking: ‘RCytoscape’
Flavors: r-devel-linux-x86_64-fedora-clang, r-devel-linux-x86_64-fedora-gcc, r-devel-osx-x86_64-clang, r-patched-solaris-sparc, r-release-osx-x86_64-mavericks, r-release-osx-x86_64-snowleopard