CRAN Package Check Results for Package epoc

Last updated on 2014-11-22 10:52:59.

Flavor Version Tinstall Tcheck Ttotal Status Flags
r-devel-linux-x86_64-debian-clang 0.2.5-1 4.22 51.22 55.43 OK
r-devel-linux-x86_64-debian-gcc 0.2.5-1 4.17 50.68 54.85 OK
r-devel-linux-x86_64-fedora-clang 0.2.5-1 131.40 OK
r-devel-linux-x86_64-fedora-gcc 0.2.5-1 127.01 OK
r-devel-osx-x86_64-clang 0.2.5-1 110.44 NOTE
r-devel-windows-ix86+x86_64 0.2.5-1 12.00 76.00 88.00 OK
r-patched-linux-x86_64 0.2.5-1 4.74 55.00 59.74 OK
r-patched-solaris-sparc 0.2.5-1 711.50 NOTE
r-patched-solaris-x86 0.2.5-1 178.80 OK
r-release-linux-ix86 0.2.5-1 5.26 62.61 67.88 OK
r-release-linux-x86_64 0.2.5-1 4.47 52.64 57.10 OK
r-release-osx-x86_64-mavericks 0.2.5-1 NOTE
r-release-osx-x86_64-snowleopard 0.2.5-1 NOTE
r-release-windows-ix86+x86_64 0.2.5-1 18.00 79.00 97.00 OK
r-oldrel-windows-ix86+x86_64 0.2.5-1 12.00 78.00 90.00 OK

Check Details

Version: 0.2.5-1
Check: package dependencies
Result: NOTE
    Package suggested but not available for checking: ‘RCytoscape’
Flavors: r-devel-osx-x86_64-clang, r-patched-solaris-sparc, r-release-osx-x86_64-mavericks, r-release-osx-x86_64-snowleopard