CRAN Package Check Results for Package epoc

Last updated on 2014-08-20 11:48:40.

Flavor Version Tinstall Tcheck Ttotal Status Flags
r-devel-linux-x86_64-debian-clang 0.2.5-1 4.54 52.74 57.29 OK
r-devel-linux-x86_64-debian-gcc 0.2.5-1 4.60 51.93 56.52 OK
r-devel-linux-x86_64-fedora-clang 0.2.5-1 141.71 NOTE
r-devel-linux-x86_64-fedora-gcc 0.2.5-1 129.91 NOTE
r-devel-osx-x86_64-clang 0.2.5-1 103.51 NOTE
r-devel-windows-ix86+x86_64 0.2.5-1 12.00 78.00 90.00 OK
r-patched-linux-x86_64 0.2.5-1 4.48 54.10 58.59 OK
r-patched-solaris-sparc 0.2.5-1 711.50 NOTE
r-patched-solaris-x86 0.2.5-1 178.10 OK
r-release-linux-ix86 0.2.5-1 5.56 66.14 71.70 OK
r-release-linux-x86_64 0.2.5-1 4.88 54.68 59.56 OK
r-release-osx-x86_64-mavericks 0.2.5-1 NOTE
r-release-osx-x86_64-snowleopard 0.2.5-1 NOTE
r-release-windows-ix86+x86_64 0.2.5-1 14.00 79.00 93.00 OK
r-oldrel-windows-ix86+x86_64 0.2.5-1 12.00 75.00 87.00 OK

Check Details

Version: 0.2.5-1
Check: package dependencies
Result: NOTE
    Package suggested but not available for checking: ‘RCytoscape’
Flavors: r-devel-linux-x86_64-fedora-clang, r-devel-linux-x86_64-fedora-gcc, r-devel-osx-x86_64-clang, r-patched-solaris-sparc, r-release-osx-x86_64-mavericks, r-release-osx-x86_64-snowleopard