CRAN Package Check Results for Package epoc

Last updated on 2015-04-27 11:48:37.

Flavor Version Tinstall Tcheck Ttotal Status Flags
r-devel-linux-x86_64-debian-clang 0.2.5-1 3.62 44.82 48.44 NOTE
r-devel-linux-x86_64-debian-gcc 0.2.5-1 3.70 43.86 47.56 NOTE
r-devel-linux-x86_64-fedora-clang 0.2.5-1 98.24 NOTE
r-devel-linux-x86_64-fedora-gcc 0.2.5-1 90.40 NOTE
r-devel-osx-x86_64-clang 0.2.5-1 80.97 NOTE
r-devel-windows-ix86+x86_64 0.2.5-1 9.00 96.00 105.00 OK
r-patched-linux-x86_64 0.2.5-1 3.78 41.96 45.74 NOTE
r-patched-solaris-sparc 0.2.5-1 543.90 NOTE
r-patched-solaris-x86 0.2.5-1 131.80 NOTE
r-release-linux-x86_64 0.2.5-1 3.77 42.16 45.93 NOTE
r-release-osx-x86_64-mavericks 0.2.5-1 NOTE
r-release-osx-x86_64-snowleopard 0.2.5-1 ERROR
r-release-windows-ix86+x86_64 0.2.5-1 12.00 82.00 94.00 OK
r-oldrel-windows-ix86+x86_64 0.2.5-1 12.00 100.00 112.00 OK

Check Details

Version: 0.2.5-1
Check: S3 generic/method consistency
Result: NOTE
    Found the following apparent S3 methods exported but not registered:
     plot.bootsize
    See section ‘Registering S3 methods’ in the ‘Writing R Extensions’
    manual.
Flavors: r-devel-linux-x86_64-debian-clang, r-devel-linux-x86_64-debian-gcc, r-devel-linux-x86_64-fedora-clang, r-devel-linux-x86_64-fedora-gcc, r-devel-osx-x86_64-clang, r-patched-solaris-x86, r-release-linux-x86_64

Version: 0.2.5-1
Check: package dependencies
Result: NOTE
    Package suggested but not available for checking: ‘RCytoscape’
Flavors: r-devel-osx-x86_64-clang, r-patched-solaris-sparc, r-release-osx-x86_64-mavericks

Version: 0.2.5-1
Check: package dependencies
Result: ERROR
    Packages required but not available: ‘graph’ ‘Rgraphviz’
    
    Package suggested but not available for checking: ‘RCytoscape’
    
    See section ‘The DESCRIPTION file’ in the ‘Writing R Extensions’
    manual.
Flavor: r-release-osx-x86_64-snowleopard