CRAN Package Check Results for Package eponge

Last updated on 2022-11-29 20:52:59 CET.

Flavor Version Tinstall Tcheck Ttotal Status Flags
r-devel-linux-x86_64-debian-clang 0.1.0 2.87 29.56 32.43 NOTE
r-devel-linux-x86_64-debian-gcc 0.1.0 2.25 23.60 25.85 NOTE
r-devel-linux-x86_64-fedora-clang 0.1.0 51.30 NOTE
r-devel-linux-x86_64-fedora-gcc 0.1.0 51.87 NOTE
r-devel-windows-x86_64 0.1.0 15.00 59.00 74.00 NOTE
r-patched-linux-x86_64 0.1.0 2.78 28.80 31.58 NOTE
r-release-linux-x86_64 0.1.0 2.01 28.51 30.52 NOTE
r-release-macos-arm64 0.1.0 15.00 NOTE
r-release-macos-x86_64 0.1.0 23.00 NOTE
r-release-windows-x86_64 0.1.0 18.00 57.00 75.00 NOTE
r-oldrel-macos-arm64 0.1.0 18.00 NOTE
r-oldrel-macos-x86_64 0.1.0 27.00 NOTE
r-oldrel-windows-ix86+x86_64 0.1.0 7.00 52.00 59.00 NOTE

Check Details

Version: 0.1.0
Check: LazyData
Result: NOTE
     'LazyData' is specified without a 'data' directory
Flavors: r-devel-linux-x86_64-debian-clang, r-devel-linux-x86_64-debian-gcc, r-devel-linux-x86_64-fedora-clang, r-devel-linux-x86_64-fedora-gcc, r-devel-windows-x86_64, r-patched-linux-x86_64, r-release-linux-x86_64, r-release-macos-arm64, r-release-macos-x86_64, r-release-windows-x86_64, r-oldrel-macos-arm64, r-oldrel-macos-x86_64, r-oldrel-windows-ix86+x86_64