CRAN Package Check Results for Package epos

Last updated on 2020-02-20 08:48:06 CET.

Flavor Version Tinstall Tcheck Ttotal Status Flags
r-devel-linux-x86_64-debian-clang 0.1.0 13.15 108.25 121.40 OK
r-devel-linux-x86_64-debian-gcc 0.1.0 10.18 79.77 89.95 OK
r-devel-linux-x86_64-fedora-clang 0.1.0 138.87 NOTE
r-devel-linux-x86_64-fedora-gcc 0.1.0 140.52 NOTE
r-devel-windows-ix86+x86_64 0.1.0 32.00 115.00 147.00 OK
r-devel-windows-ix86+x86_64-gcc8 0.1.0 47.00 187.00 234.00 OK
r-patched-linux-x86_64 0.1.0 10.10 92.65 102.75 OK
r-patched-solaris-x86 0.1.0 190.30 NOTE
r-release-linux-x86_64 0.1.0 10.20 92.95 103.15 OK
r-release-windows-ix86+x86_64 0.1.0 27.00 109.00 136.00 OK
r-release-osx-x86_64 0.1.0 NOTE
r-oldrel-windows-ix86+x86_64 0.1.0 15.00 104.00 119.00 OK
r-oldrel-osx-x86_64 0.1.0 NOTE

Check Details

Version: 0.1.0
Check: dependencies in R code
Result: NOTE
    Namespaces in Imports field not imported from:
     ‘dplyr’ ‘testthat’ ‘tidyr’
     All declared Imports should be used.
Flavors: r-devel-linux-x86_64-fedora-clang, r-devel-linux-x86_64-fedora-gcc, r-patched-solaris-x86, r-release-osx-x86_64, r-oldrel-osx-x86_64