CRAN Package Check Results for Package epoxy

Last updated on 2024-03-04 08:52:09 CET.

Flavor Version Tinstall Tcheck Ttotal Status Flags
r-devel-linux-x86_64-debian-clang 1.0.0 5.03 72.29 77.32 OK
r-devel-linux-x86_64-debian-gcc 1.0.0 4.23 53.92 58.15 OK
r-devel-linux-x86_64-fedora-clang 1.0.0 95.07 NOTE
r-devel-linux-x86_64-fedora-gcc 1.0.0 106.73 NOTE
r-devel-windows-x86_64 1.0.0 7.00 81.00 88.00 OK
r-patched-linux-x86_64 1.0.0 4.98 69.15 74.13 OK
r-release-linux-x86_64 1.0.0 4.90 69.41 74.31 OK
r-release-macos-arm64 1.0.0 41.00 OK
r-release-macos-x86_64 1.0.0 131.00 OK
r-release-windows-x86_64 1.0.0 8.00 95.00 103.00 OK
r-oldrel-macos-arm64 1.0.0 42.00 OK
r-oldrel-windows-x86_64 1.0.0 7.00 91.00 98.00 OK

Check Details

Version: 1.0.0
Check: data for non-ASCII characters
Result: NOTE Note: found 1 marked UTF-8 string Flavors: r-devel-linux-x86_64-fedora-clang, r-devel-linux-x86_64-fedora-gcc