CRAN Package Check Results for Package eqs2lavaan

Last updated on 2016-05-30 13:47:29.

Flavor Version Tinstall Tcheck Ttotal Status Flags
r-devel-linux-x86_64-debian-gcc 3.0 0.87 16.02 16.89 NOTE
r-devel-linux-x86_64-fedora-clang 3.0 29.65 NOTE
r-devel-linux-x86_64-fedora-gcc 3.0 24.78 NOTE
r-devel-osx-x86_64-clang 3.0 29.92 NOTE
r-devel-windows-ix86+x86_64 3.0 4.00 31.00 35.00 NOTE
r-patched-linux-x86_64 3.0 0.94 14.31 15.25 NOTE
r-patched-solaris-sparc 3.0 170.30 NOTE
r-patched-solaris-x86 3.0 39.30 NOTE
r-release-linux-x86_64 3.0 0.92 14.42 15.34 NOTE
r-release-osx-x86_64-mavericks 3.0 NOTE
r-release-windows-ix86+x86_64 3.0 5.00 33.00 38.00 NOTE
r-oldrel-windows-ix86+x86_64 3.0 4.00 32.00 36.00 NOTE

Check Details

Version: 3.0
Check: R code for possible problems
Result: NOTE
    eqs2lavaan: no visible binding for global variable ‘r’
    eqsCorr: no visible global function definition for ‘cov2cor’
    plotCov: no visible global function definition for ‘cov2cor’
    plotCov: no visible global function definition for ‘par’
    plotCov: no visible global function definition for ‘image’
    plotCov: no visible global function definition for ‘axis’
    Undefined global functions or variables:
     axis cov2cor image par r
    Consider adding
     importFrom("graphics", "axis", "image", "par")
     importFrom("stats", "cov2cor")
    to your NAMESPACE file.
Flavors: r-devel-linux-x86_64-debian-gcc, r-devel-linux-x86_64-fedora-clang, r-devel-linux-x86_64-fedora-gcc, r-devel-osx-x86_64-clang, r-devel-windows-ix86+x86_64, r-patched-linux-x86_64, r-patched-solaris-sparc, r-patched-solaris-x86, r-release-linux-x86_64, r-release-osx-x86_64-mavericks, r-release-windows-ix86+x86_64

Version: 3.0
Check: R code for possible problems
Result: NOTE
    eqs2lavaan: no visible binding for global variable 'r'
Flavor: r-oldrel-windows-ix86+x86_64