CRAN Package Check Results for Package eqs2lavaan

Last updated on 2016-07-23 19:47:41.

Flavor Version Tinstall Tcheck Ttotal Status Flags
r-devel-linux-x86_64-debian-clang 3.0 1.03 17.02 18.05 NOTE
r-devel-linux-x86_64-debian-gcc 3.0 1.16 18.62 19.79 NOTE
r-devel-linux-x86_64-fedora-clang 3.0 26.69 NOTE
r-devel-linux-x86_64-fedora-gcc 3.0 24.43 NOTE
r-devel-osx-x86_64-clang 3.0 23.26 NOTE
r-devel-windows-ix86+x86_64 3.0 4.00 45.00 49.00 NOTE
r-patched-linux-x86_64 3.0 0.97 17.64 18.61 NOTE
r-patched-solaris-sparc 3.0 167.50 NOTE
r-patched-solaris-x86 3.0 38.20 NOTE
r-release-linux-x86_64 3.0 1.13 17.23 18.36 NOTE
r-release-osx-x86_64-mavericks 3.0 NOTE
r-release-windows-ix86+x86_64 3.0 3.00 35.00 38.00 NOTE
r-oldrel-windows-ix86+x86_64 3.0 4.00 30.00 34.00 NOTE

Check Details

Version: 3.0
Check: R code for possible problems
Result: NOTE
    eqs2lavaan: no visible binding for global variable ‘r’
    eqsCorr: no visible global function definition for ‘cov2cor’
    plotCov: no visible global function definition for ‘cov2cor’
    plotCov: no visible global function definition for ‘par’
    plotCov: no visible global function definition for ‘image’
    plotCov: no visible global function definition for ‘axis’
    Undefined global functions or variables:
     axis cov2cor image par r
    Consider adding
     importFrom("graphics", "axis", "image", "par")
     importFrom("stats", "cov2cor")
    to your NAMESPACE file.
Flavors: r-devel-linux-x86_64-debian-clang, r-devel-linux-x86_64-debian-gcc, r-devel-linux-x86_64-fedora-clang, r-devel-linux-x86_64-fedora-gcc, r-devel-osx-x86_64-clang, r-devel-windows-ix86+x86_64, r-patched-linux-x86_64, r-patched-solaris-sparc, r-patched-solaris-x86, r-release-linux-x86_64, r-release-osx-x86_64-mavericks, r-release-windows-ix86+x86_64

Version: 3.0
Check: R code for possible problems
Result: NOTE
    eqs2lavaan: no visible binding for global variable 'r'
Flavor: r-oldrel-windows-ix86+x86_64