CRAN Package Check Results for Package eqs2lavaan

Last updated on 2014-07-23 22:47:00.

Flavor Version Tinstall Tcheck Ttotal Status Flags
r-devel-linux-x86_64-debian-clang 3.0 0.99 15.68 16.67 NOTE
r-devel-linux-x86_64-debian-gcc 3.0 0.96 15.92 16.88 NOTE
r-devel-linux-x86_64-fedora-clang 3.0 35.73 NOTE
r-devel-linux-x86_64-fedora-gcc 3.0 34.77 NOTE
r-devel-osx-x86_64-clang 3.0 34.36 NOTE
r-devel-windows-ix86+x86_64 3.0 4.00 25.00 29.00 NOTE
r-patched-linux-x86_64 3.0 1.39 15.78 17.17 NOTE
r-patched-solaris-sparc 3.0 195.90 NOTE
r-patched-solaris-x86 3.0 49.80 NOTE
r-release-linux-ix86 3.0 1.40 22.62 24.02 NOTE
r-release-linux-x86_64 3.0 1.24 15.83 17.07 NOTE
r-release-osx-x86_64-mavericks 3.0 NOTE
r-release-osx-x86_64-snowleopard 3.0 NOTE
r-release-windows-ix86+x86_64 3.0 4.00 26.00 30.00 NOTE
r-oldrel-windows-ix86+x86_64 3.0 4.00 26.00 30.00 NOTE

Check Details

Version: 3.0
Check: R code for possible problems
Result: NOTE
    eqs2lavaan: no visible binding for global variable ‘r’
Flavors: r-devel-linux-x86_64-debian-clang, r-devel-linux-x86_64-debian-gcc, r-devel-linux-x86_64-fedora-clang, r-devel-linux-x86_64-fedora-gcc, r-devel-osx-x86_64-clang, r-devel-windows-ix86+x86_64, r-patched-linux-x86_64, r-patched-solaris-sparc, r-patched-solaris-x86, r-release-linux-ix86, r-release-linux-x86_64, r-release-osx-x86_64-mavericks, r-release-osx-x86_64-snowleopard, r-release-windows-ix86+x86_64, r-oldrel-windows-ix86+x86_64