CRAN Package Check Results for Package eqs2lavaan

Last updated on 2014-12-22 23:48:45.

Flavor Version Tinstall Tcheck Ttotal Status Flags
r-devel-linux-x86_64-debian-clang 3.0 1.02 16.02 17.04 NOTE
r-devel-linux-x86_64-debian-gcc 3.0 1.17 15.55 16.72 NOTE
r-devel-linux-x86_64-fedora-clang 3.0 36.80 NOTE
r-devel-linux-x86_64-fedora-gcc 3.0 35.07 NOTE
r-devel-osx-x86_64-clang 3.0 35.56 NOTE
r-devel-windows-ix86+x86_64 3.0 4.00 30.00 34.00 NOTE
r-patched-linux-x86_64 3.0 1.02 15.93 16.96 NOTE
r-patched-solaris-sparc 3.0 192.00 NOTE
r-patched-solaris-x86 3.0 50.60 NOTE
r-release-linux-ix86 3.0 1.29 22.03 23.32 NOTE
r-release-linux-x86_64 3.0 1.04 16.08 17.12 NOTE
r-release-osx-x86_64-mavericks 3.0 NOTE
r-release-osx-x86_64-snowleopard 3.0 NOTE
r-release-windows-ix86+x86_64 3.0 5.00 29.00 34.00 NOTE
r-oldrel-windows-ix86+x86_64 3.0 5.00 31.00 36.00 NOTE

Check Details

Version: 3.0
Check: R code for possible problems
Result: NOTE
    eqs2lavaan: no visible binding for global variable ‘r’
Flavors: r-devel-linux-x86_64-debian-clang, r-devel-linux-x86_64-debian-gcc, r-devel-linux-x86_64-fedora-clang, r-devel-linux-x86_64-fedora-gcc, r-devel-osx-x86_64-clang, r-devel-windows-ix86+x86_64, r-patched-linux-x86_64, r-patched-solaris-sparc, r-patched-solaris-x86, r-release-linux-ix86, r-release-linux-x86_64, r-release-osx-x86_64-mavericks, r-release-osx-x86_64-snowleopard, r-release-windows-ix86+x86_64, r-oldrel-windows-ix86+x86_64