CRAN Package Check Results for Package eqs2lavaan

Last updated on 2014-09-01 08:47:05.

Flavor Version Tinstall Tcheck Ttotal Status Flags
r-devel-linux-x86_64-debian-clang 3.0 0.95 15.12 16.07 NOTE
r-devel-linux-x86_64-debian-gcc 3.0 1.02 15.04 16.06 NOTE
r-devel-linux-x86_64-fedora-clang 3.0 35.78 NOTE
r-devel-linux-x86_64-fedora-gcc 3.0 32.29 NOTE
r-devel-osx-x86_64-clang 3.0 33.57 NOTE
r-devel-windows-ix86+x86_64 3.0 4.00 25.00 29.00 NOTE
r-patched-linux-x86_64 3.0 1.02 15.61 16.62 NOTE
r-patched-solaris-sparc 3.0 191.70 NOTE
r-patched-solaris-x86 3.0 51.70 NOTE
r-release-linux-ix86 3.0 1.41 23.24 24.65 NOTE
r-release-linux-x86_64 3.0 1.04 16.26 17.30 NOTE
r-release-osx-x86_64-mavericks 3.0 NOTE
r-release-osx-x86_64-snowleopard 3.0 NOTE
r-release-windows-ix86+x86_64 3.0 4.00 27.00 31.00 NOTE
r-oldrel-windows-ix86+x86_64 3.0 6.00 27.00 33.00 NOTE

Check Details

Version: 3.0
Check: R code for possible problems
Result: NOTE
    eqs2lavaan: no visible binding for global variable ‘r’
Flavors: r-devel-linux-x86_64-debian-clang, r-devel-linux-x86_64-debian-gcc, r-devel-linux-x86_64-fedora-clang, r-devel-linux-x86_64-fedora-gcc, r-devel-osx-x86_64-clang, r-devel-windows-ix86+x86_64, r-patched-linux-x86_64, r-patched-solaris-sparc, r-patched-solaris-x86, r-release-linux-ix86, r-release-linux-x86_64, r-release-osx-x86_64-mavericks, r-release-osx-x86_64-snowleopard, r-release-windows-ix86+x86_64, r-oldrel-windows-ix86+x86_64