CRAN Package Check Results for Package eqs2lavaan

Last updated on 2014-04-24 19:53:57.

Flavor Version Tinstall Tcheck Ttotal Status Flags
r-devel-linux-x86_64-debian-clang 3.0 1.07 16.81 17.88 NOTE
r-devel-linux-x86_64-debian-gcc 3.0 1.09 16.72 17.81 NOTE
r-devel-linux-x86_64-fedora-clang 3.0 36.06 NOTE
r-devel-linux-x86_64-fedora-gcc 3.0 34.11 NOTE
r-devel-osx-x86_64-clang 3.0 34.06 NOTE
r-devel-osx-x86_64-gcc 3.0 NOTE
r-devel-windows-ix86+x86_64 3.0 4.00 25.00 29.00 NOTE
r-patched-linux-x86_64 3.0 1.14 16.96 18.10 NOTE
r-patched-solaris-sparc 3.0 195.90 NOTE
r-patched-solaris-x86 3.0 53.10 NOTE
r-release-linux-ix86 3.0 2.00 32.00 34.00 NOTE
r-release-linux-x86_64 3.0 1.16 16.24 17.40 NOTE
r-release-osx-x86_64-mavericks 3.0 WARN
r-release-osx-x86_64-snowleopard 3.0 NOTE
r-release-windows-ix86+x86_64 3.0 4.00 26.00 30.00 NOTE
r-oldrel-windows-ix86+x86_64 3.0 4.00 27.00 31.00 NOTE

Check Details

Version: 3.0
Check: R code for possible problems
Result: NOTE
    eqs2lavaan: no visible binding for global variable ‘r’
Flavors: r-devel-linux-x86_64-debian-clang, r-devel-linux-x86_64-debian-gcc, r-devel-linux-x86_64-fedora-clang, r-devel-linux-x86_64-fedora-gcc, r-devel-osx-x86_64-clang, r-devel-osx-x86_64-gcc, r-devel-windows-ix86+x86_64, r-patched-linux-x86_64, r-patched-solaris-sparc, r-patched-solaris-x86, r-release-linux-ix86, r-release-linux-x86_64, r-release-osx-x86_64-mavericks, r-release-osx-x86_64-snowleopard, r-release-windows-ix86+x86_64, r-oldrel-windows-ix86+x86_64

Version: 3.0
Check: PDF version of manual
Result: WARNING
    LaTeX errors when creating PDF version.
    This typically indicates Rd problems.
    LaTeX errors found:
    ! LaTeX Error: File `upquote.sty' not found.
    
    Type X to quit or <RETURN> to proceed,
    or enter new name. (Default extension: sty)
    
    cfe691/Rd2.tex:8: ==> Fatal error occurred, no output PDF file produced!
Flavor: r-release-osx-x86_64-mavericks