CRAN Package Check Results for Package eqs2lavaan

Last updated on 2015-08-30 19:47:00.

Flavor Version Tinstall Tcheck Ttotal Status Flags
r-devel-linux-x86_64-debian-clang 3.0 1.06 13.98 15.04 NOTE
r-devel-linux-x86_64-debian-gcc 3.0 0.80 13.96 14.76 NOTE
r-devel-linux-x86_64-fedora-clang 3.0 28.02 NOTE
r-devel-linux-x86_64-fedora-gcc 3.0 26.63 NOTE
r-devel-osx-x86_64-clang 3.0 26.98 NOTE
r-devel-windows-ix86+x86_64 3.0 6.00 29.00 35.00 NOTE
r-patched-linux-x86_64 3.0 0.87 13.84 14.71 NOTE
r-patched-solaris-sparc 3.0 196.40 NOTE
r-patched-solaris-x86 3.0 44.40 NOTE
r-release-linux-x86_64 3.0 0.88 14.48 15.36 NOTE
r-release-osx-x86_64-mavericks 3.0 NOTE
r-release-windows-ix86+x86_64 3.0 5.00 27.00 32.00 NOTE
r-oldrel-windows-ix86+x86_64 3.0 8.00 34.00 42.00 NOTE

Check Details

Version: 3.0
Check: R code for possible problems
Result: NOTE
    eqs2lavaan: no visible binding for global variable ‘r’
    eqsCorr: no visible global function definition for ‘cov2cor’
    plotCov: no visible global function definition for ‘cov2cor’
    plotCov: no visible global function definition for ‘par’
    plotCov: no visible global function definition for ‘image’
    plotCov: no visible global function definition for ‘axis’
    Undefined global functions or variables:
     axis cov2cor image par r
    Consider adding
     importFrom("graphics", "axis", "image", "par")
     importFrom("stats", "cov2cor")
    to your NAMESPACE.
Flavors: r-devel-linux-x86_64-debian-clang, r-devel-linux-x86_64-debian-gcc, r-devel-linux-x86_64-fedora-clang, r-devel-linux-x86_64-fedora-gcc, r-devel-windows-ix86+x86_64

Version: 3.0
Check: R code for possible problems
Result: NOTE
    eqs2lavaan: no visible binding for global variable ‘r’
    Undefined global functions or variables:
     r
Flavor: r-devel-osx-x86_64-clang

Version: 3.0
Check: R code for possible problems
Result: NOTE
    eqs2lavaan: no visible binding for global variable ‘r’
Flavors: r-patched-linux-x86_64, r-patched-solaris-sparc, r-patched-solaris-x86, r-release-linux-x86_64, r-release-osx-x86_64-mavericks, r-release-windows-ix86+x86_64, r-oldrel-windows-ix86+x86_64