CRAN Package Check Results for Package eqs2lavaan

Last updated on 2014-08-20 21:47:25.

Flavor Version Tinstall Tcheck Ttotal Status Flags
r-devel-linux-x86_64-debian-clang 3.0 0.99 15.46 16.45 NOTE
r-devel-linux-x86_64-debian-gcc 3.0 0.96 15.74 16.69 NOTE
r-devel-linux-x86_64-fedora-clang 3.0 34.67 NOTE
r-devel-linux-x86_64-fedora-gcc 3.0 32.50 NOTE
r-devel-osx-x86_64-clang 3.0 34.48 NOTE
r-devel-windows-ix86+x86_64 3.0 4.00 23.00 27.00 NOTE
r-patched-linux-x86_64 3.0 0.98 15.68 16.66 NOTE
r-patched-solaris-sparc 3.0 191.70 NOTE
r-patched-solaris-x86 3.0 50.00 NOTE
r-release-linux-ix86 3.0 1.36 22.90 24.26 NOTE
r-release-linux-x86_64 3.0 1.10 16.23 17.34 NOTE
r-release-osx-x86_64-mavericks 3.0 NOTE
r-release-osx-x86_64-snowleopard 3.0 NOTE
r-release-windows-ix86+x86_64 3.0 4.00 26.00 30.00 NOTE
r-oldrel-windows-ix86+x86_64 3.0 4.00 27.00 31.00 NOTE

Check Details

Version: 3.0
Check: R code for possible problems
Result: NOTE
    eqs2lavaan: no visible binding for global variable ‘r’
Flavors: r-devel-linux-x86_64-debian-clang, r-devel-linux-x86_64-debian-gcc, r-devel-linux-x86_64-fedora-clang, r-devel-linux-x86_64-fedora-gcc, r-devel-osx-x86_64-clang, r-devel-windows-ix86+x86_64, r-patched-linux-x86_64, r-patched-solaris-sparc, r-patched-solaris-x86, r-release-linux-ix86, r-release-linux-x86_64, r-release-osx-x86_64-mavericks, r-release-osx-x86_64-snowleopard, r-release-windows-ix86+x86_64, r-oldrel-windows-ix86+x86_64