CRAN Package Check Results for Package eqs2lavaan

Last updated on 2018-02-24 10:48:46 CET.

Flavor Version Tinstall Tcheck Ttotal Status Flags
r-devel-linux-x86_64-debian-clang 3.0 1.95 25.10 27.05 NOTE
r-devel-linux-x86_64-debian-gcc 3.0 1.17 20.04 21.21 NOTE
r-devel-linux-x86_64-fedora-clang 3.0 33.50 NOTE
r-devel-linux-x86_64-fedora-gcc 3.0 31.71 NOTE
r-devel-windows-ix86+x86_64 3.0 6.00 49.00 55.00 NOTE
r-patched-linux-x86_64 3.0 1.18 24.16 25.34 NOTE
r-patched-solaris-x86 3.0 46.10 NOTE
r-release-linux-x86_64 3.0 1.34 23.99 25.33 NOTE
r-release-windows-ix86+x86_64 3.0 4.00 50.00 54.00 NOTE
r-release-osx-x86_64 3.0 NOTE
r-oldrel-windows-ix86+x86_64 3.0 3.00 36.00 39.00 NOTE
r-oldrel-osx-x86_64 3.0 NOTE

Check Details

Version: 3.0
Check: R code for possible problems
Result: NOTE
    eqs2lavaan: no visible global function definition for ‘ignore.case’
    eqs2lavaan: no visible global function definition for ‘str_join’
    eqs2lavaan: no visible binding for global variable ‘r’
    eqsCorr: no visible global function definition for ‘cov2cor’
    plotCov: no visible global function definition for ‘cov2cor’
    plotCov: no visible global function definition for ‘par’
    plotCov: no visible global function definition for ‘image’
    plotCov: no visible global function definition for ‘axis’
    Undefined global functions or variables:
     axis cov2cor ignore.case image par r str_join
    Consider adding
     importFrom("graphics", "axis", "image", "par")
     importFrom("stats", "cov2cor")
    to your NAMESPACE file.
Flavors: r-devel-linux-x86_64-debian-clang, r-devel-linux-x86_64-debian-gcc, r-devel-linux-x86_64-fedora-clang, r-devel-linux-x86_64-fedora-gcc, r-devel-windows-ix86+x86_64, r-patched-linux-x86_64, r-release-linux-x86_64, r-release-windows-ix86+x86_64, r-oldrel-windows-ix86+x86_64

Version: 3.0
Check: R code for possible problems
Result: NOTE
    eqs2lavaan: no visible binding for global variable ‘r’
    eqsCorr: no visible global function definition for ‘cov2cor’
    plotCov: no visible global function definition for ‘cov2cor’
    plotCov: no visible global function definition for ‘par’
    plotCov: no visible global function definition for ‘image’
    plotCov: no visible global function definition for ‘axis’
    Undefined global functions or variables:
     axis cov2cor image par r
    Consider adding
     importFrom("graphics", "axis", "image", "par")
     importFrom("stats", "cov2cor")
    to your NAMESPACE file.
Flavors: r-patched-solaris-x86, r-release-osx-x86_64, r-oldrel-osx-x86_64