CRAN Package Check Results for Package eqs2lavaan

Last updated on 2017-05-28 23:49:56.

Flavor Version Tinstall Tcheck Ttotal Status Flags
r-devel-linux-x86_64-debian-clang 3.0 0.89 16.99 17.88 NOTE
r-devel-linux-x86_64-debian-gcc 3.0 0.97 16.17 17.14 NOTE
r-devel-linux-x86_64-fedora-clang 3.0 31.31 NOTE
r-devel-linux-x86_64-fedora-gcc 3.0 29.34 NOTE
r-devel-windows-ix86+x86_64 3.0 4.00 46.00 50.00 NOTE
r-patched-linux-x86_64 3.0 1.02 17.59 18.61 NOTE
r-patched-solaris-sparc 3.0 183.80 NOTE
r-patched-solaris-x86 3.0 45.30 NOTE
r-release-linux-x86_64 3.0 1.10 16.60 17.69 NOTE
r-release-windows-ix86+x86_64 3.0 8.00 35.00 43.00 NOTE
r-release-osx-x86_64 3.0 NOTE
r-oldrel-windows-ix86+x86_64 3.0 6.00 31.00 37.00 NOTE
r-oldrel-osx-x86_64 3.0 NOTE

Check Details

Version: 3.0
Check: R code for possible problems
Result: NOTE
    eqs2lavaan: no visible binding for global variable ‘r’
    eqsCorr: no visible global function definition for ‘cov2cor’
    plotCov: no visible global function definition for ‘cov2cor’
    plotCov: no visible global function definition for ‘par’
    plotCov: no visible global function definition for ‘image’
    plotCov: no visible global function definition for ‘axis’
    Undefined global functions or variables:
     axis cov2cor image par r
    Consider adding
     importFrom("graphics", "axis", "image", "par")
     importFrom("stats", "cov2cor")
    to your NAMESPACE file.
Flavors: r-devel-linux-x86_64-debian-clang, r-devel-linux-x86_64-debian-gcc, r-devel-linux-x86_64-fedora-clang, r-devel-linux-x86_64-fedora-gcc, r-devel-windows-ix86+x86_64, r-patched-linux-x86_64, r-patched-solaris-sparc, r-patched-solaris-x86, r-release-linux-x86_64, r-release-windows-ix86+x86_64, r-release-osx-x86_64, r-oldrel-windows-ix86+x86_64, r-oldrel-osx-x86_64