CRAN Package Check Results for Package eqs2lavaan

Last updated on 2015-07-30 03:48:15.

Flavor Version Tinstall Tcheck Ttotal Status Flags
r-devel-linux-x86_64-debian-clang 3.0 0.92 14.05 14.97 NOTE
r-devel-linux-x86_64-debian-gcc 3.0 0.87 14.08 14.95 NOTE
r-devel-linux-x86_64-fedora-clang 3.0 28.94 NOTE
r-devel-linux-x86_64-fedora-gcc 3.0 27.72 NOTE
r-devel-osx-x86_64-clang 3.0 26.41 NOTE
r-devel-windows-ix86+x86_64 3.0 3.00 24.00 27.00 NOTE
r-patched-linux-x86_64 3.0 0.99 14.32 15.32 NOTE
r-patched-solaris-sparc 3.0 196.40 NOTE
r-patched-solaris-x86 3.0 43.80 NOTE
r-release-linux-x86_64 3.0 0.85 14.17 15.02 NOTE
r-release-osx-x86_64-mavericks 3.0 NOTE
r-release-windows-ix86+x86_64 3.0 4.00 26.00 30.00 NOTE
r-oldrel-windows-ix86+x86_64 3.0 8.00 31.00 39.00 NOTE

Check Details

Version: 3.0
Check: R code for possible problems
Result: NOTE
    eqs2lavaan: no visible binding for global variable ‘r’
    eqsCorr: no visible global function definition for ‘cov2cor’
    plotCov: no visible global function definition for ‘cov2cor’
    plotCov: no visible global function definition for ‘par’
    plotCov: no visible global function definition for ‘image’
    plotCov: no visible global function definition for ‘axis’
    Undefined global functions or variables:
     axis cov2cor image par r
    Consider adding
     importFrom("graphics", "axis", "image", "par")
     importFrom("stats", "cov2cor")
    to your NAMESPACE.
Flavors: r-devel-linux-x86_64-debian-clang, r-devel-linux-x86_64-debian-gcc, r-devel-linux-x86_64-fedora-clang, r-devel-linux-x86_64-fedora-gcc, r-devel-windows-ix86+x86_64

Version: 3.0
Check: R code for possible problems
Result: NOTE
    eqs2lavaan: no visible binding for global variable ‘r’
    Undefined global functions or variables:
     r
Flavor: r-devel-osx-x86_64-clang

Version: 3.0
Check: R code for possible problems
Result: NOTE
    eqs2lavaan: no visible binding for global variable ‘r’
Flavors: r-patched-linux-x86_64, r-patched-solaris-sparc, r-patched-solaris-x86, r-release-linux-x86_64, r-release-osx-x86_64-mavericks, r-release-windows-ix86+x86_64, r-oldrel-windows-ix86+x86_64