CRAN Package Check Results for Package eqs2lavaan

Last updated on 2016-09-25 08:47:36.

Flavor Version Tinstall Tcheck Ttotal Status Flags
r-devel-linux-x86_64-debian-clang 3.0 0.91 14.48 15.39 NOTE
r-devel-linux-x86_64-debian-gcc 3.0 0.86 14.81 15.67 NOTE
r-devel-linux-x86_64-fedora-clang 3.0 26.35 NOTE
r-devel-linux-x86_64-fedora-gcc 3.0 25.48 NOTE
r-devel-macos-x86_64-clang 3.0 23.24 NOTE
r-devel-windows-ix86+x86_64 3.0 5.00 44.00 49.00 NOTE
r-patched-linux-x86_64 3.0 0.88 15.21 16.09 NOTE
r-patched-solaris-sparc 3.0 167.50 NOTE
r-patched-solaris-x86 3.0 38.50 NOTE
r-release-linux-x86_64 3.0 0.98 15.87 16.85 NOTE
r-release-osx-x86_64-mavericks 3.0 NOTE
r-release-windows-ix86+x86_64 3.0 3.00 37.00 40.00 NOTE
r-oldrel-windows-ix86+x86_64 3.0 6.00 42.00 48.00 NOTE

Check Details

Version: 3.0
Check: R code for possible problems
Result: NOTE
    eqs2lavaan: no visible binding for global variable ‘r’
    eqsCorr: no visible global function definition for ‘cov2cor’
    plotCov: no visible global function definition for ‘cov2cor’
    plotCov: no visible global function definition for ‘par’
    plotCov: no visible global function definition for ‘image’
    plotCov: no visible global function definition for ‘axis’
    Undefined global functions or variables:
     axis cov2cor image par r
    Consider adding
     importFrom("graphics", "axis", "image", "par")
     importFrom("stats", "cov2cor")
    to your NAMESPACE file.
Flavors: r-devel-linux-x86_64-debian-clang, r-devel-linux-x86_64-debian-gcc, r-devel-linux-x86_64-fedora-clang, r-devel-linux-x86_64-fedora-gcc, r-devel-macos-x86_64-clang, r-devel-windows-ix86+x86_64, r-patched-linux-x86_64, r-patched-solaris-sparc, r-patched-solaris-x86, r-release-linux-x86_64, r-release-osx-x86_64-mavericks, r-release-windows-ix86+x86_64

Version: 3.0
Check: R code for possible problems
Result: NOTE
    eqs2lavaan: no visible binding for global variable 'r'
Flavor: r-oldrel-windows-ix86+x86_64