CRAN Package Check Results for Package eqs2lavaan

Last updated on 2017-07-23 17:47:06.

Flavor Version Tinstall Tcheck Ttotal Status Flags
r-devel-linux-x86_64-debian-clang 3.0 0.98 22.41 23.40 NOTE
r-devel-linux-x86_64-debian-gcc 3.0 0.91 22.42 23.34 NOTE
r-devel-linux-x86_64-fedora-clang 3.0 31.30 NOTE
r-devel-linux-x86_64-fedora-gcc 3.0 30.57 NOTE
r-devel-windows-ix86+x86_64 3.0 5.00 48.00 53.00 NOTE
r-patched-linux-x86_64 3.0 0.88 22.67 23.55 NOTE
r-patched-solaris-x86 3.0 46.50 NOTE
r-release-linux-x86_64 3.0 0.97 22.72 23.70 NOTE
r-release-windows-ix86+x86_64 3.0 4.00 50.00 54.00 NOTE
r-release-osx-x86_64 3.0 NOTE
r-oldrel-windows-ix86+x86_64 3.0 7.00 46.00 53.00 NOTE
r-oldrel-osx-x86_64 3.0 NOTE

Check Details

Version: 3.0
Check: R code for possible problems
Result: NOTE
    eqs2lavaan: no visible binding for global variable ‘r’
    eqsCorr: no visible global function definition for ‘cov2cor’
    plotCov: no visible global function definition for ‘cov2cor’
    plotCov: no visible global function definition for ‘par’
    plotCov: no visible global function definition for ‘image’
    plotCov: no visible global function definition for ‘axis’
    Undefined global functions or variables:
     axis cov2cor image par r
    Consider adding
     importFrom("graphics", "axis", "image", "par")
     importFrom("stats", "cov2cor")
    to your NAMESPACE file.
Flavors: r-devel-linux-x86_64-debian-clang, r-devel-linux-x86_64-debian-gcc, r-devel-linux-x86_64-fedora-clang, r-devel-linux-x86_64-fedora-gcc, r-devel-windows-ix86+x86_64, r-patched-linux-x86_64, r-patched-solaris-x86, r-release-linux-x86_64, r-release-windows-ix86+x86_64, r-release-osx-x86_64, r-oldrel-windows-ix86+x86_64, r-oldrel-osx-x86_64