CRAN Package Check Results for Package eqs2lavaan

Last updated on 2015-03-02 16:50:04.

Flavor Version Tinstall Tcheck Ttotal Status Flags
r-devel-linux-x86_64-debian-clang 3.0 0.86 13.84 14.70 NOTE
r-devel-linux-x86_64-debian-gcc 3.0 0.84 13.65 14.49 NOTE
r-devel-linux-x86_64-fedora-clang 3.0 28.28 NOTE
r-devel-linux-x86_64-fedora-gcc 3.0 27.12 NOTE
r-devel-osx-x86_64-clang 3.0 30.35 NOTE
r-devel-windows-ix86+x86_64 3.0 8.00 30.00 38.00 NOTE
r-patched-linux-x86_64 3.0 1.10 16.95 18.05 NOTE
r-patched-solaris-sparc 3.0 192.00 NOTE
r-patched-solaris-x86 3.0 50.60 NOTE
r-release-linux-ix86 3.0 1.28 22.89 24.17 NOTE
r-release-linux-x86_64 3.0 1.05 16.39 17.44 NOTE
r-release-osx-x86_64-mavericks 3.0 NOTE
r-release-osx-x86_64-snowleopard 3.0 NOTE
r-release-windows-ix86+x86_64 3.0 8.00 35.00 43.00 NOTE
r-oldrel-windows-ix86+x86_64 3.0 5.00 27.00 32.00 NOTE

Check Details

Version: 3.0
Check: R code for possible problems
Result: NOTE
    eqs2lavaan: no visible binding for global variable ‘r’
Flavors: r-devel-linux-x86_64-debian-clang, r-devel-linux-x86_64-debian-gcc, r-devel-linux-x86_64-fedora-clang, r-devel-linux-x86_64-fedora-gcc, r-devel-osx-x86_64-clang, r-devel-windows-ix86+x86_64, r-patched-linux-x86_64, r-patched-solaris-sparc, r-patched-solaris-x86, r-release-linux-ix86, r-release-linux-x86_64, r-release-osx-x86_64-mavericks, r-release-osx-x86_64-snowleopard, r-release-windows-ix86+x86_64, r-oldrel-windows-ix86+x86_64