CRAN Package Check Results for Package eqs2lavaan

Last updated on 2014-10-23 00:47:57.

Flavor Version Tinstall Tcheck Ttotal Status Flags
r-devel-linux-x86_64-debian-clang 3.0 1.05 16.74 17.79 NOTE
r-devel-linux-x86_64-debian-gcc 3.0 0.99 15.97 16.96 NOTE
r-devel-linux-x86_64-fedora-clang 3.0 36.01 NOTE
r-devel-linux-x86_64-fedora-gcc 3.0 32.69 NOTE
r-devel-osx-x86_64-clang 3.0 36.33 NOTE
r-devel-windows-ix86+x86_64 3.0 4.00 26.00 30.00 NOTE
r-patched-linux-x86_64 3.0 1.10 16.08 17.18 NOTE
r-patched-solaris-sparc 3.0 194.90 NOTE
r-patched-solaris-x86 3.0 52.40 NOTE
r-release-linux-ix86 3.0 1.38 22.85 24.23 NOTE
r-release-linux-x86_64 3.0 1.02 16.39 17.42 NOTE
r-release-osx-x86_64-mavericks 3.0 NOTE
r-release-osx-x86_64-snowleopard 3.0 NOTE
r-release-windows-ix86+x86_64 3.0 4.00 28.00 32.00 NOTE
r-oldrel-windows-ix86+x86_64 3.0 5.00 27.00 32.00 NOTE

Check Details

Version: 3.0
Check: R code for possible problems
Result: NOTE
    eqs2lavaan: no visible binding for global variable ‘r’
Flavors: r-devel-linux-x86_64-debian-clang, r-devel-linux-x86_64-debian-gcc, r-devel-linux-x86_64-fedora-clang, r-devel-linux-x86_64-fedora-gcc, r-devel-osx-x86_64-clang, r-devel-windows-ix86+x86_64, r-patched-linux-x86_64, r-patched-solaris-sparc, r-patched-solaris-x86, r-release-linux-ix86, r-release-linux-x86_64, r-release-osx-x86_64-mavericks, r-release-osx-x86_64-snowleopard, r-release-windows-ix86+x86_64, r-oldrel-windows-ix86+x86_64