CRAN Package Check Results for Package eqs2lavaan

Last updated on 2017-01-18 16:47:34.

Flavor Version Tinstall Tcheck Ttotal Status Flags
r-devel-linux-x86_64-debian-clang 3.0 0.98 16.17 17.15 NOTE
r-devel-linux-x86_64-debian-gcc 3.0 0.96 16.06 17.02 NOTE
r-devel-linux-x86_64-fedora-clang 3.0 30.12 NOTE --no-stop-on-test-error
r-devel-linux-x86_64-fedora-gcc 3.0 29.34 NOTE --no-stop-on-test-error
r-devel-macos-x86_64-clang 3.0 25.02 NOTE --no-stop-on-test-error
r-devel-windows-ix86+x86_64 3.0 7.00 35.00 42.00 NOTE
r-patched-linux-x86_64 3.0 0.86 14.37 15.23 NOTE
r-patched-solaris-sparc 3.0 174.90 NOTE
r-patched-solaris-x86 3.0 39.90 NOTE
r-release-linux-x86_64 3.0 0.90 14.22 15.12 NOTE
r-release-osx-x86_64-mavericks 3.0 NOTE
r-release-windows-ix86+x86_64 3.0 3.00 32.00 35.00 NOTE
r-oldrel-windows-ix86+x86_64 3.0 4.00 49.00 53.00 NOTE

Check Details

Version: 3.0
Check: R code for possible problems
Result: NOTE
    eqs2lavaan: no visible binding for global variable ‘r’
    eqsCorr: no visible global function definition for ‘cov2cor’
    plotCov: no visible global function definition for ‘cov2cor’
    plotCov: no visible global function definition for ‘par’
    plotCov: no visible global function definition for ‘image’
    plotCov: no visible global function definition for ‘axis’
    Undefined global functions or variables:
     axis cov2cor image par r
    Consider adding
     importFrom("graphics", "axis", "image", "par")
     importFrom("stats", "cov2cor")
    to your NAMESPACE file.
Flavors: r-devel-linux-x86_64-debian-clang, r-devel-linux-x86_64-debian-gcc, r-devel-windows-ix86+x86_64, r-patched-linux-x86_64, r-patched-solaris-sparc, r-patched-solaris-x86, r-release-linux-x86_64, r-release-osx-x86_64-mavericks, r-release-windows-ix86+x86_64

Version: 3.0
Flags: --no-stop-on-test-error
Check: R code for possible problems
Result: NOTE
    eqs2lavaan: no visible binding for global variable ‘r’
    eqsCorr: no visible global function definition for ‘cov2cor’
    plotCov: no visible global function definition for ‘cov2cor’
    plotCov: no visible global function definition for ‘par’
    plotCov: no visible global function definition for ‘image’
    plotCov: no visible global function definition for ‘axis’
    Undefined global functions or variables:
     axis cov2cor image par r
    Consider adding
     importFrom("graphics", "axis", "image", "par")
     importFrom("stats", "cov2cor")
    to your NAMESPACE file.
Flavors: r-devel-linux-x86_64-fedora-clang, r-devel-linux-x86_64-fedora-gcc, r-devel-macos-x86_64-clang

Version: 3.0
Check: R code for possible problems
Result: NOTE
    eqs2lavaan: no visible binding for global variable 'r'
Flavor: r-oldrel-windows-ix86+x86_64