CRAN Package Check Results for Package eqs2lavaan

Last updated on 2017-11-21 08:57:08 CET.

Flavor Version Tinstall Tcheck Ttotal Status Flags
r-devel-linux-x86_64-debian-clang 3.0 0.79 15.42 16.21 NOTE
r-devel-linux-x86_64-debian-gcc 3.0 1.06 37.51 38.56 NOTE
r-devel-linux-x86_64-fedora-clang 3.0 27.51 NOTE
r-devel-linux-x86_64-fedora-gcc 3.0 59.32 NOTE
r-devel-windows-ix86+x86_64 3.0 6.00 38.00 44.00 NOTE
r-patched-linux-x86_64 3.0 1.02 16.82 17.84 NOTE
r-patched-solaris-x86 3.0 45.60 NOTE
r-release-linux-x86_64 3.0 0.96 16.42 17.38 NOTE
r-release-windows-ix86+x86_64 3.0 4.00 37.00 41.00 NOTE
r-release-osx-x86_64 3.0 NOTE
r-oldrel-windows-ix86+x86_64 3.0 3.00 49.00 52.00 NOTE
r-oldrel-osx-x86_64 3.0 NOTE

Check Details

Version: 3.0
Check: R code for possible problems
Result: NOTE
    eqs2lavaan: no visible binding for global variable ‘r’
    eqsCorr: no visible global function definition for ‘cov2cor’
    plotCov: no visible global function definition for ‘cov2cor’
    plotCov: no visible global function definition for ‘par’
    plotCov: no visible global function definition for ‘image’
    plotCov: no visible global function definition for ‘axis’
    Undefined global functions or variables:
     axis cov2cor image par r
    Consider adding
     importFrom("graphics", "axis", "image", "par")
     importFrom("stats", "cov2cor")
    to your NAMESPACE file.
Flavors: r-devel-linux-x86_64-debian-clang, r-devel-linux-x86_64-debian-gcc, r-devel-linux-x86_64-fedora-clang, r-devel-linux-x86_64-fedora-gcc, r-devel-windows-ix86+x86_64, r-patched-linux-x86_64, r-patched-solaris-x86, r-release-linux-x86_64, r-release-windows-ix86+x86_64, r-release-osx-x86_64, r-oldrel-windows-ix86+x86_64, r-oldrel-osx-x86_64