CRAN Package Check Results for Package eqs2lavaan

Last updated on 2014-11-23 03:47:58.

Flavor Version Tinstall Tcheck Ttotal Status Flags
r-devel-linux-x86_64-debian-clang 3.0 0.98 15.84 16.82 NOTE
r-devel-linux-x86_64-debian-gcc 3.0 0.96 15.24 16.19 NOTE
r-devel-linux-x86_64-fedora-clang 3.0 35.95 NOTE
r-devel-linux-x86_64-fedora-gcc 3.0 33.65 NOTE
r-devel-osx-x86_64-clang 3.0 36.61 NOTE
r-devel-windows-ix86+x86_64 3.0 4.00 26.00 30.00 NOTE
r-patched-linux-x86_64 3.0 1.00 15.76 16.77 NOTE
r-patched-solaris-sparc 3.0 194.90 NOTE
r-patched-solaris-x86 3.0 50.90 NOTE
r-release-linux-ix86 3.0 1.34 21.83 23.17 NOTE
r-release-linux-x86_64 3.0 0.99 15.89 16.88 NOTE
r-release-osx-x86_64-mavericks 3.0 NOTE
r-release-osx-x86_64-snowleopard 3.0 NOTE
r-release-windows-ix86+x86_64 3.0 6.00 26.00 32.00 NOTE
r-oldrel-windows-ix86+x86_64 3.0 4.00 27.00 31.00 NOTE

Check Details

Version: 3.0
Check: R code for possible problems
Result: NOTE
    eqs2lavaan: no visible binding for global variable ‘r’
Flavors: r-devel-linux-x86_64-debian-clang, r-devel-linux-x86_64-debian-gcc, r-devel-linux-x86_64-fedora-clang, r-devel-linux-x86_64-fedora-gcc, r-devel-osx-x86_64-clang, r-devel-windows-ix86+x86_64, r-patched-linux-x86_64, r-patched-solaris-sparc, r-patched-solaris-x86, r-release-linux-ix86, r-release-linux-x86_64, r-release-osx-x86_64-mavericks, r-release-osx-x86_64-snowleopard, r-release-windows-ix86+x86_64, r-oldrel-windows-ix86+x86_64