CRAN Package Check Results for Package eqs2lavaan

Last updated on 2015-05-29 13:48:44.

Flavor Version Tinstall Tcheck Ttotal Status Flags
r-devel-linux-x86_64-debian-clang 3.0 0.88 14.20 15.08 NOTE
r-devel-linux-x86_64-debian-gcc 3.0 0.88 14.32 15.21 NOTE
r-devel-linux-x86_64-fedora-clang 3.0 30.48 NOTE
r-devel-linux-x86_64-fedora-gcc 3.0 27.95 NOTE
r-devel-osx-x86_64-clang 3.0 31.20 NOTE
r-devel-windows-ix86+x86_64 3.0 3.00 29.00 32.00 NOTE
r-patched-linux-x86_64 3.0 0.87 14.64 15.51 NOTE
r-patched-solaris-sparc 3.0 205.50 NOTE
r-patched-solaris-x86 3.0 45.60 NOTE
r-release-linux-x86_64 3.0 0.88 14.09 14.98 NOTE
r-release-osx-x86_64-mavericks 3.0 NOTE
r-release-osx-x86_64-snowleopard 3.0 NOTE
r-release-windows-ix86+x86_64 3.0 3.00 28.00 31.00 NOTE
r-oldrel-windows-ix86+x86_64 3.0 5.00 31.00 36.00 NOTE

Check Details

Version: 3.0
Check: R code for possible problems
Result: NOTE
    eqs2lavaan: no visible binding for global variable ‘r’
Flavors: r-devel-linux-x86_64-debian-clang, r-devel-linux-x86_64-debian-gcc, r-devel-linux-x86_64-fedora-clang, r-devel-linux-x86_64-fedora-gcc, r-devel-osx-x86_64-clang, r-devel-windows-ix86+x86_64, r-patched-linux-x86_64, r-patched-solaris-sparc, r-patched-solaris-x86, r-release-linux-x86_64, r-release-osx-x86_64-mavericks, r-release-osx-x86_64-snowleopard, r-release-windows-ix86+x86_64, r-oldrel-windows-ix86+x86_64