CRAN Package Check Results for Package eqs2lavaan

Last updated on 2022-01-17 16:48:58 CET.

Flavor Version Tinstall Tcheck Ttotal Status Flags
r-devel-linux-x86_64-debian-clang 3.0 3.73 40.18 43.91 NOTE
r-devel-linux-x86_64-debian-gcc 3.0 2.87 31.54 34.41 NOTE
r-devel-linux-x86_64-fedora-clang 3.0 54.12 NOTE
r-devel-linux-x86_64-fedora-gcc 3.0 42.76 NOTE
r-devel-windows-x86_64-new-UL 3.0 21.00 60.00 81.00 NOTE
r-devel-windows-x86_64-new-TK 3.0 NOTE
r-patched-linux-x86_64 3.0 5.65 38.96 44.61 NOTE
r-release-linux-x86_64 3.0 NOTE
r-release-macos-arm64 3.0 NOTE
r-release-macos-x86_64 3.0 NOTE
r-release-windows-ix86+x86_64 3.0 8.00 51.00 59.00 NOTE
r-oldrel-macos-x86_64 3.0 NOTE
r-oldrel-windows-ix86+x86_64 3.0 8.00 52.00 60.00 NOTE

Check Details

Version: 3.0
Check: R code for possible problems
Result: NOTE
    eqs2lavaan: no visible global function definition for 'ignore.case'
    eqs2lavaan: no visible global function definition for 'str_join'
    eqs2lavaan: no visible binding for global variable 'r'
    eqsCorr: no visible global function definition for 'cov2cor'
    plotCov: no visible global function definition for 'cov2cor'
    plotCov: no visible global function definition for 'par'
    plotCov: no visible global function definition for 'image'
    plotCov: no visible global function definition for 'axis'
    Undefined global functions or variables:
     axis cov2cor ignore.case image par r str_join
    Consider adding
     importFrom("graphics", "axis", "image", "par")
     importFrom("stats", "cov2cor")
    to your NAMESPACE file.
Flavors: r-devel-linux-x86_64-debian-clang, r-devel-linux-x86_64-debian-gcc, r-devel-linux-x86_64-fedora-clang, r-devel-linux-x86_64-fedora-gcc, r-devel-windows-x86_64-new-UL, r-devel-windows-x86_64-new-TK, r-patched-linux-x86_64, r-release-linux-x86_64, r-release-macos-arm64, r-release-macos-x86_64, r-release-windows-ix86+x86_64, r-oldrel-macos-x86_64, r-oldrel-windows-ix86+x86_64