CRAN Package Check Results for Package eqs2lavaan

Last updated on 2015-01-30 03:49:01.

Flavor Version Tinstall Tcheck Ttotal Status Flags
r-devel-linux-x86_64-debian-clang 3.0 0.88 13.92 14.79 NOTE
r-devel-linux-x86_64-debian-gcc 3.0 0.88 14.21 15.09 NOTE
r-devel-linux-x86_64-fedora-clang 3.0 32.25 NOTE
r-devel-linux-x86_64-fedora-gcc 3.0 31.46 NOTE
r-devel-osx-x86_64-clang 3.0 36.15 NOTE
r-devel-windows-ix86+x86_64 3.0 5.00 20.00 25.00 NOTE
r-patched-linux-x86_64 3.0 1.04 16.00 17.03 NOTE
r-patched-solaris-sparc 3.0 192.00 NOTE
r-patched-solaris-x86 3.0 50.80 NOTE
r-release-linux-ix86 3.0 1.30 22.19 23.49 NOTE
r-release-linux-x86_64 3.0 1.00 16.03 17.04 NOTE
r-release-osx-x86_64-mavericks 3.0 NOTE
r-release-osx-x86_64-snowleopard 3.0 NOTE
r-release-windows-ix86+x86_64 3.0 5.00 28.00 33.00 NOTE
r-oldrel-windows-ix86+x86_64 3.0 5.00 28.00 33.00 NOTE

Check Details

Version: 3.0
Check: R code for possible problems
Result: NOTE
    eqs2lavaan: no visible binding for global variable ‘r’
Flavors: r-devel-linux-x86_64-debian-clang, r-devel-linux-x86_64-debian-gcc, r-devel-linux-x86_64-fedora-clang, r-devel-linux-x86_64-fedora-gcc, r-devel-osx-x86_64-clang, r-devel-windows-ix86+x86_64, r-patched-linux-x86_64, r-patched-solaris-sparc, r-patched-solaris-x86, r-release-linux-ix86, r-release-linux-x86_64, r-release-osx-x86_64-mavericks, r-release-osx-x86_64-snowleopard, r-release-windows-ix86+x86_64, r-oldrel-windows-ix86+x86_64