CRAN Package Check Results for Package eqs2lavaan

Last updated on 2017-03-29 23:53:02.

Flavor Version Tinstall Tcheck Ttotal Status Flags
r-devel-linux-x86_64-debian-clang 3.0 0.96 17.02 17.99 NOTE
r-devel-linux-x86_64-debian-gcc 3.0 1.05 16.41 17.45 NOTE
r-devel-linux-x86_64-fedora-clang 3.0 30.56 NOTE --no-stop-on-test-error
r-devel-linux-x86_64-fedora-gcc 3.0 29.76 NOTE --no-stop-on-test-error
r-devel-macos-x86_64-clang 3.0 25.27 NOTE --no-stop-on-test-error
r-devel-windows-ix86+x86_64 3.0 4.00 35.00 39.00 NOTE
r-patched-linux-x86_64 3.0 0.93 16.48 17.41 NOTE
r-patched-solaris-sparc 3.0 183.80 NOTE
r-patched-solaris-x86 3.0 45.40 NOTE
r-release-linux-x86_64 3.0 0.90 14.23 15.12 NOTE
r-release-osx-x86_64-mavericks 3.0 NOTE
r-release-windows-ix86+x86_64 3.0 9.00 55.00 64.00 NOTE
r-oldrel-windows-ix86+x86_64 3.0 11.00 29.00 40.00 NOTE

Check Details

Version: 3.0
Check: R code for possible problems
Result: NOTE
    eqs2lavaan: no visible binding for global variable ‘r’
    eqsCorr: no visible global function definition for ‘cov2cor’
    plotCov: no visible global function definition for ‘cov2cor’
    plotCov: no visible global function definition for ‘par’
    plotCov: no visible global function definition for ‘image’
    plotCov: no visible global function definition for ‘axis’
    Undefined global functions or variables:
     axis cov2cor image par r
    Consider adding
     importFrom("graphics", "axis", "image", "par")
     importFrom("stats", "cov2cor")
    to your NAMESPACE file.
Flavors: r-devel-linux-x86_64-debian-clang, r-devel-linux-x86_64-debian-gcc, r-devel-windows-ix86+x86_64, r-patched-linux-x86_64, r-patched-solaris-sparc, r-patched-solaris-x86, r-release-linux-x86_64, r-release-osx-x86_64-mavericks, r-release-windows-ix86+x86_64

Version: 3.0
Flags: --no-stop-on-test-error
Check: R code for possible problems
Result: NOTE
    eqs2lavaan: no visible binding for global variable ‘r’
    eqsCorr: no visible global function definition for ‘cov2cor’
    plotCov: no visible global function definition for ‘cov2cor’
    plotCov: no visible global function definition for ‘par’
    plotCov: no visible global function definition for ‘image’
    plotCov: no visible global function definition for ‘axis’
    Undefined global functions or variables:
     axis cov2cor image par r
    Consider adding
     importFrom("graphics", "axis", "image", "par")
     importFrom("stats", "cov2cor")
    to your NAMESPACE file.
Flavors: r-devel-linux-x86_64-fedora-clang, r-devel-linux-x86_64-fedora-gcc, r-devel-macos-x86_64-clang

Version: 3.0
Check: R code for possible problems
Result: NOTE
    eqs2lavaan: no visible binding for global variable 'r'
Flavor: r-oldrel-windows-ix86+x86_64