CRAN Package Check Results for Package equate

Last updated on 2017-10-19 19:47:02.

Flavor Version Tinstall Tcheck Ttotal Status Flags
r-devel-linux-x86_64-debian-clang 2.0.6 1.42 51.66 53.08 OK
r-devel-linux-x86_64-debian-gcc 2.0.6 1.44 51.55 52.99 OK
r-devel-linux-x86_64-fedora-clang 2.0.6 103.93 OK
r-devel-linux-x86_64-fedora-gcc 2.0.6 103.97 OK
r-devel-windows-ix86+x86_64 2.0.6 5.00 92.00 97.00 OK
r-patched-linux-x86_64 2.0.6 1.48 49.82 51.30 OK
r-patched-solaris-x86 2.0.6 117.20 OK
r-release-linux-x86_64 2.0.6 1.58 50.24 51.82 OK
r-release-windows-ix86+x86_64 2.0.6 4.00 103.00 107.00 OK
r-release-osx-x86_64 2.0.6 NOTE
r-oldrel-windows-ix86+x86_64 2.0.6 8.00 107.00 115.00 OK
r-oldrel-osx-x86_64 2.0.6 OK

Check Details

Version: 2.0.6
Check: re-building of vignette outputs
Result: NOTE
    Error in re-building vignettes:
     ...
    Error in texi2dvi(file = file, pdf = TRUE, clean = clean, quiet = quiet, :
     Running 'texi2dvi' on 'equatevignette.tex' failed.
    LaTeX errors:
    ! LaTeX Error: File `upgreek.sty' not found.
    
    Type X to quit or <RETURN> to proceed,
    or enter new name. (Default extension: sty)
    
    ! Emergency stop.
    <read *>
    
    l.6 ^^M
    
    ! ==> Fatal error occurred, no output PDF file produced!
    Calls: buildVignettes -> texi2pdf -> texi2dvi
    Execution halted
Flavor: r-release-osx-x86_64