CRAN Package Check Results for Package equate

Last updated on 2020-10-01 23:48:34 CEST.

Flavor Version Tinstall Tcheck Ttotal Status Flags
r-devel-linux-x86_64-debian-clang 2.0.7 5.58 93.69 99.27 NOTE
r-devel-linux-x86_64-debian-gcc 2.0.7 4.41 66.94 71.35 NOTE
r-devel-linux-x86_64-fedora-clang 2.0.7 123.21 NOTE
r-devel-linux-x86_64-fedora-gcc 2.0.7 114.62 NOTE
r-devel-windows-ix86+x86_64 2.0.7 10.00 112.00 122.00 NOTE
r-patched-linux-x86_64 2.0.7 6.90 88.64 95.54 NOTE
r-patched-solaris-x86 2.0.7 150.30 NOTE
r-release-linux-x86_64 2.0.7 5.75 87.41 93.16 NOTE
r-release-macos-x86_64 2.0.7 NOTE
r-release-windows-ix86+x86_64 2.0.7 11.00 100.00 111.00 NOTE
r-oldrel-macos-x86_64 2.0.7 NOTE
r-oldrel-windows-ix86+x86_64 2.0.7 9.00 125.00 134.00 NOTE

Check Details

Version: 2.0.7
Check: files in ‘vignettes’
Result: NOTE
    The following files contain a license that requires
    distribution of original sources:
     'upgreek.sty'
    Please ensure that you have complied with it.
Flavors: r-devel-linux-x86_64-debian-clang, r-devel-linux-x86_64-debian-gcc, r-devel-linux-x86_64-fedora-clang, r-devel-linux-x86_64-fedora-gcc, r-devel-windows-ix86+x86_64, r-patched-linux-x86_64, r-patched-solaris-x86, r-release-linux-x86_64, r-release-macos-x86_64, r-release-windows-ix86+x86_64, r-oldrel-macos-x86_64, r-oldrel-windows-ix86+x86_64