CRAN Package Check Results for Package equate

Last updated on 2014-11-01 08:48:14.

Flavor Version Tinstall Tcheck Ttotal Status Flags
r-devel-linux-x86_64-debian-clang 2.0-3 1.42 70.52 71.94 OK
r-devel-linux-x86_64-debian-gcc 2.0-3 1.37 67.73 69.10 OK
r-devel-linux-x86_64-fedora-clang 2.0-3 153.16 OK
r-devel-linux-x86_64-fedora-gcc 2.0-3 144.86 OK
r-devel-osx-x86_64-clang 2.0-3 125.38 OK
r-devel-windows-ix86+x86_64 2.0-3 4.00 95.00 99.00 OK
r-patched-linux-x86_64 2.0-3 1.41 73.60 75.00 OK
r-patched-solaris-sparc 2.0-3 839.30 OK
r-patched-solaris-x86 2.0-3 175.30 OK
r-release-linux-ix86 2.0-2 2.05 60.67 62.72 OK
r-release-linux-x86_64 2.0-2 1.36 47.28 48.64 OK
r-release-osx-x86_64-mavericks 2.0-3 NOTE
r-release-osx-x86_64-snowleopard 2.0-3 OK
r-release-windows-ix86+x86_64 2.0-3 4.00 106.00 110.00 OK
r-oldrel-windows-ix86+x86_64 2.0-3 5.00 111.00 116.00 OK

Check Details

Version: 2.0-3
Check: re-building of vignette outputs
Result: NOTE
    Error in re-building vignettes:
     ...
    Error in texi2dvi(file = file, pdf = TRUE, clean = clean, quiet = quiet, :
     Running 'texi2dvi' on 'equatevignette.tex' failed.
    LaTeX errors:
    ! LaTeX Error: File `upgreek.sty' not found.
    
    Type X to quit or <RETURN> to proceed,
    or enter new name. (Default extension: sty)
    
    test/equate/vignettes/equatevignette.tex:6: ==> Fatal error occurred, no outpu
    t PDF file produced!
    Calls: buildVignettes -> texi2pdf -> texi2dvi
    Execution halted
Flavor: r-release-osx-x86_64-mavericks