CRAN Package Check Results for Package equate

Last updated on 2018-04-26 10:46:48 CEST.

Flavor Version Tinstall Tcheck Ttotal Status Flags
r-devel-linux-x86_64-debian-clang 2.0.7 4.25 73.59 77.84 NOTE
r-devel-linux-x86_64-debian-gcc 2.0.7 3.24 59.32 62.56 NOTE
r-devel-linux-x86_64-fedora-clang 2.0.7 103.92 NOTE
r-devel-linux-x86_64-fedora-gcc 2.0.7 98.42 NOTE
r-devel-windows-ix86+x86_64 2.0.7 8.00 94.00 102.00 NOTE
r-patched-linux-x86_64 2.0.7 3.92 78.82 82.74 NOTE
r-patched-solaris-x86 2.0.7 133.30 NOTE
r-release-linux-x86_64 2.0.7 4.84 79.25 84.09 NOTE
r-release-windows-ix86+x86_64 2.0.7 8.00 94.00 102.00 NOTE
r-release-osx-x86_64 2.0.7 NOTE
r-oldrel-windows-ix86+x86_64 2.0.7 6.00 125.00 131.00 NOTE
r-oldrel-osx-x86_64 2.0.7 NOTE

Check Details

Version: 2.0.7
Check: files in ‘vignettes’
Result: NOTE
    The following files contain a license that requires
    distribution of original sources:
     ‘upgreek.sty’
    Please ensure that you have complied with it.
Flavors: r-devel-linux-x86_64-debian-clang, r-devel-linux-x86_64-debian-gcc, r-devel-linux-x86_64-fedora-clang, r-devel-linux-x86_64-fedora-gcc, r-devel-windows-ix86+x86_64, r-patched-linux-x86_64, r-patched-solaris-x86, r-release-linux-x86_64, r-release-windows-ix86+x86_64, r-release-osx-x86_64, r-oldrel-windows-ix86+x86_64, r-oldrel-osx-x86_64