CRAN Package Check Results for Package equate

Last updated on 2017-08-18 04:46:40.

Flavor Version Tinstall Tcheck Ttotal Status Flags
r-devel-linux-x86_64-debian-clang 2.0.6 1.49 52.10 53.59 OK
r-devel-linux-x86_64-debian-gcc 2.0.6 1.43 51.66 53.08 OK
r-devel-linux-x86_64-fedora-clang 2.0.6 103.48 OK
r-devel-linux-x86_64-fedora-gcc 2.0.6 101.27 OK
r-devel-windows-ix86+x86_64 2.0.6 7.00 123.00 130.00 OK
r-patched-linux-x86_64 2.0.6 3.48 49.50 52.98 OK
r-patched-solaris-x86 2.0.6 117.00 OK
r-release-linux-x86_64 2.0.6 1.54 49.49 51.04 OK
r-release-windows-ix86+x86_64 2.0.6 4.00 103.00 107.00 OK
r-release-osx-x86_64 2.0.6 NOTE
r-oldrel-windows-ix86+x86_64 2.0.6 8.00 107.00 115.00 OK
r-oldrel-osx-x86_64 2.0.6 OK

Check Details

Version: 2.0.6
Check: re-building of vignette outputs
Result: NOTE
    Error in re-building vignettes:
     ...
    Error in texi2dvi(file = file, pdf = TRUE, clean = clean, quiet = quiet, :
     Running 'texi2dvi' on 'equatevignette.tex' failed.
    LaTeX errors:
    ! LaTeX Error: File `upgreek.sty' not found.
    
    Type X to quit or <RETURN> to proceed,
    or enter new name. (Default extension: sty)
    
    ! Emergency stop.
    <read *>
    
    l.6 ^^M
    
    ! ==> Fatal error occurred, no output PDF file produced!
    Calls: buildVignettes -> texi2pdf -> texi2dvi
    Execution halted
Flavor: r-release-osx-x86_64