CRAN Package Check Results for Package equate

Last updated on 2014-12-22 07:48:01.

Flavor Version Tinstall Tcheck Ttotal Status Flags
r-devel-linux-x86_64-debian-clang 2.0-3 1.47 68.30 69.77 OK
r-devel-linux-x86_64-debian-gcc 2.0-3 1.71 65.16 66.88 OK
r-devel-linux-x86_64-fedora-clang 2.0-3 141.82 OK
r-devel-linux-x86_64-fedora-gcc 2.0-3 136.39 OK
r-devel-osx-x86_64-clang 2.0-3 125.32 OK
r-devel-windows-ix86+x86_64 2.0-3 5.00 141.00 146.00 OK
r-patched-linux-x86_64 2.0-3 1.39 72.88 74.28 OK
r-patched-solaris-sparc 2.0-3 893.40 OK
r-patched-solaris-x86 2.0-3 173.20 OK
r-release-linux-ix86 2.0-3 1.98 88.42 90.40 OK
r-release-linux-x86_64 2.0-3 1.42 72.16 73.59 OK
r-release-osx-x86_64-mavericks 2.0-3 NOTE
r-release-osx-x86_64-snowleopard 2.0-3 OK
r-release-windows-ix86+x86_64 2.0-3 4.00 159.00 163.00 OK
r-oldrel-windows-ix86+x86_64 2.0-3 5.00 111.00 116.00 OK

Check Details

Version: 2.0-3
Check: re-building of vignette outputs
Result: NOTE
    Error in re-building vignettes:
     ...
    Error in texi2dvi(file = file, pdf = TRUE, clean = clean, quiet = quiet, :
     Running 'texi2dvi' on 'equatevignette.tex' failed.
    LaTeX errors:
    ! LaTeX Error: File `upgreek.sty' not found.
    
    Type X to quit or <RETURN> to proceed,
    or enter new name. (Default extension: sty)
    
    test/equate/vignettes/equatevignette.tex:6: ==> Fatal error occurred, no outpu
    t PDF file produced!
    Calls: buildVignettes -> texi2pdf -> texi2dvi
    Execution halted
Flavor: r-release-osx-x86_64-mavericks