CRAN Package Check Results for Package equate

Last updated on 2017-04-27 23:49:48.

Flavor Version Tinstall Tcheck Ttotal Status Flags
r-devel-linux-x86_64-debian-clang 2.0.6 1.58 50.28 51.85 OK
r-devel-linux-x86_64-debian-gcc 2.0.6 3.50 49.61 53.12 OK
r-devel-linux-x86_64-fedora-clang 2.0.6 101.93 OK --no-stop-on-test-error
r-devel-linux-x86_64-fedora-gcc 2.0.6 99.66 OK --no-stop-on-test-error
r-devel-windows-ix86+x86_64 2.0.6 6.00 98.00 104.00 OK
r-patched-linux-x86_64 2.0.6 1.60 51.83 53.43 OK
r-patched-solaris-sparc 2.0.6 616.40 OK
r-patched-solaris-x86 2.0.6 115.70 OK
r-release-linux-x86_64 2.0.6 1.56 50.47 52.04 OK
r-release-windows-ix86+x86_64 2.0.6 4.00 90.00 94.00 OK
r-release-osx-x86_64 2.0.6 NOTE
r-oldrel-windows-ix86+x86_64 2.0.6 8.00 107.00 115.00 OK
r-oldrel-osx-x86_64 2.0.6 OK

Check Details

Version: 2.0.6
Check: re-building of vignette outputs
Result: NOTE
    Error in re-building vignettes:
     ...
    Error in texi2dvi(file = file, pdf = TRUE, clean = clean, quiet = quiet, :
     Running 'texi2dvi' on 'equatevignette.tex' failed.
    LaTeX errors:
    ! LaTeX Error: File `upgreek.sty' not found.
    
    Type X to quit or <RETURN> to proceed,
    or enter new name. (Default extension: sty)
    
    ! Emergency stop.
    <read *>
    
    l.6 ^^M
    
    ! ==> Fatal error occurred, no output PDF file produced!
    Calls: buildVignettes -> texi2pdf -> texi2dvi
    Execution halted
Flavor: r-release-osx-x86_64