CRAN Package Check Results for Package equate

Last updated on 2015-07-06 14:48:33.

Flavor Version Tinstall Tcheck Ttotal Status Flags
r-devel-linux-x86_64-debian-clang 2.0-3 1.31 68.01 69.32 NOTE
r-devel-linux-x86_64-debian-gcc 2.0-3 1.23 64.78 66.02 NOTE
r-devel-linux-x86_64-fedora-clang 2.0-3 136.24 NOTE
r-devel-linux-x86_64-fedora-gcc 2.0-3 126.36 NOTE
r-devel-osx-x86_64-clang 2.0-3 112.32 OK
r-devel-windows-ix86+x86_64 2.0-3 4.00 104.00 108.00 NOTE
r-patched-linux-x86_64 2.0-3 1.25 62.77 64.02 OK
r-patched-solaris-sparc 2.0-3 861.70 OK
r-patched-solaris-x86 2.0-3 152.40 OK
r-release-linux-x86_64 2.0-3 1.26 62.30 63.55 OK
r-release-osx-x86_64-mavericks 2.0-3 OK
r-release-windows-ix86+x86_64 2.0-3 4.00 95.00 99.00 OK
r-oldrel-windows-ix86+x86_64 2.0-3 6.00 109.00 115.00 OK

Check Details

Version: 2.0-3
Check: R code for possible problems
Result: NOTE
    bfreqplot: no visible global function definition for ‘rainbow’
    bfreqplot: no visible global function definition for ‘par’
    bfreqplot: no visible global function definition for ‘layout’
    bfreqplot: no visible global function definition for ‘plot’
    bfreqplot: no visible global function definition for ‘points’
    bfreqplot: no visible global function definition for ‘legend’
    bootstrap.freqtab: no visible binding for global variable ‘sd’
    linear: no visible global function definition for ‘median’
    loglinear : <anonymous>: no visible global function definition for
     ‘glm’
    loglinear : <anonymous>: no visible binding for global variable
     ‘poisson’
    loglinear: no visible global function definition for ‘glm’
    loglinear: no visible binding for global variable ‘poisson’
    loglinear: no visible binding for global variable ‘AIC’
    loglinear: no visible binding for global variable ‘BIC’
    loglinear : <anonymous>: no visible global function definition for
     ‘formula’
    loglinear: no visible global function definition for ‘stat.anova’
    loglinear: no visible binding for global variable ‘fitted’
    plot.bootstrap: no visible global function definition for ‘rainbow’
    plot.bootstrap: no visible binding for global variable ‘plot’
    plot.bootstrap: no visible binding for global variable ‘points’
    plot.bootstrap: no visible global function definition for ‘lines’
    plot.bootstrap: no visible global function definition for ‘points’
    plot.bootstrap: no visible global function definition for ‘legend’
    plot.equate: no visible global function definition for ‘rainbow’
    plot.equate: no visible binding for global variable ‘plot’
    plot.equate: no visible binding for global variable ‘points’
    plot.equate: no visible global function definition for ‘lines’
    plot.equate: no visible global function definition for ‘points’
    plot.equate: no visible global function definition for ‘legend’
    points.freqtab: no visible global function definition for ‘sd’
    points.freqtab: no visible global function definition for ‘col2rgb’
    points.freqtab: no visible global function definition for ‘rgb’
    points.freqtab: no visible global function definition for ‘points’
    presmoothing.formula: no visible global function definition for ‘terms’
    presmoothing.formula: no visible global function definition for
     ‘as.formula’
    presmoothing.formula: no visible global function definition for
     ‘reformulate’
    presmoothing.formula: no visible global function definition for
     ‘model.matrix’
    synthetic: no visible global function definition for ‘coef’
    synthetic: no visible global function definition for ‘lm’
    ufreqplot: no visible global function definition for ‘rainbow’
    ufreqplot: no visible global function definition for ‘plot.default’
    ufreqplot: no visible global function definition for ‘segments’
    ufreqplot: no visible global function definition for ‘matlines’
    ufreqplot: no visible global function definition for ‘legend’
    Undefined global functions or variables:
     AIC BIC as.formula coef col2rgb fitted formula glm layout legend
     lines lm matlines median model.matrix par plot plot.default points
     poisson rainbow reformulate rgb sd segments stat.anova terms
Flavors: r-devel-linux-x86_64-debian-clang, r-devel-linux-x86_64-debian-gcc, r-devel-linux-x86_64-fedora-clang, r-devel-linux-x86_64-fedora-gcc, r-devel-windows-ix86+x86_64