CRAN Package Check Results for Package equivalence

Last updated on 2014-09-23 12:46:55.

Flavor Version Tinstall Tcheck Ttotal Status Flags
r-devel-linux-x86_64-debian-clang 0.6.0 2.50 28.62 31.13 NOTE
r-devel-linux-x86_64-debian-gcc 0.6.0 2.46 28.24 30.69 NOTE
r-devel-linux-x86_64-fedora-clang 0.6.0 63.74 NOTE
r-devel-linux-x86_64-fedora-gcc 0.6.0 60.24 NOTE
r-devel-osx-x86_64-clang 0.6.0 59.41 NOTE
r-devel-windows-ix86+x86_64 0.6.0 13.00 63.00 76.00 NOTE
r-patched-linux-x86_64 0.6.0 2.76 29.99 32.75 NOTE
r-patched-solaris-sparc 0.6.0 372.40 NOTE
r-patched-solaris-x86 0.6.0 83.40 NOTE
r-release-linux-ix86 0.6.0 3.35 38.68 42.03 OK
r-release-linux-x86_64 0.6.0 2.67 29.62 32.28 OK
r-release-osx-x86_64-mavericks 0.6.0 OK
r-release-osx-x86_64-snowleopard 0.6.0 OK
r-release-windows-ix86+x86_64 0.6.0 11.00 67.00 78.00 OK
r-oldrel-windows-ix86+x86_64 0.6.0 15.00 72.00 87.00 OK

Check Details

Version: 0.6.0
Check: dependencies in R code
Result: NOTE
    Package in Depends field not imported from: ‘grid’
     These packages need to be imported from (in the NAMESPACE file)
     for when this namespace is loaded but not attached.
    See the information on DESCRIPTION files in the chapter ‘Creating R
    packages’ of the ‘Writing R Extensions’ manual.
Flavors: r-devel-linux-x86_64-debian-clang, r-devel-linux-x86_64-debian-gcc, r-devel-linux-x86_64-fedora-clang, r-devel-linux-x86_64-fedora-gcc, r-devel-osx-x86_64-clang, r-devel-windows-ix86+x86_64, r-patched-linux-x86_64, r-patched-solaris-sparc, r-patched-solaris-x86

Version: 0.6.0
Check: R code for possible problems
Result: NOTE
    equivalence.xyplot : <anonymous>: no visible global function definition
     for ‘grid.polygon’
    equivalence.xyplot : <anonymous>: no visible global function definition
     for ‘gpar’
Flavors: r-devel-linux-x86_64-debian-clang, r-devel-linux-x86_64-debian-gcc, r-devel-linux-x86_64-fedora-clang, r-devel-linux-x86_64-fedora-gcc, r-devel-osx-x86_64-clang, r-devel-windows-ix86+x86_64