CRAN Package Check Results for Package equivalence

Last updated on 2017-02-23 23:49:26.

Flavor Version Tinstall Tcheck Ttotal Status Flags
r-devel-linux-x86_64-debian-clang 0.7.2 2.34 27.35 29.69 NOTE
r-devel-linux-x86_64-debian-gcc 0.7.2 2.28 27.43 29.71 NOTE
r-devel-linux-x86_64-fedora-clang 0.7.2 45.63 NOTE --no-stop-on-test-error
r-devel-linux-x86_64-fedora-gcc 0.7.2 45.29 NOTE --no-stop-on-test-error
r-devel-macos-x86_64-clang 0.7.2 40.34 NOTE --no-stop-on-test-error
r-devel-windows-ix86+x86_64 0.7.2 17.00 93.00 110.00 OK
r-patched-linux-x86_64 0.7.2 2.34 21.69 24.03 OK
r-patched-solaris-sparc 0.7.2 267.80 OK
r-patched-solaris-x86 0.7.2 59.40 OK
r-release-linux-x86_64 0.7.2 2.42 21.80 24.22 OK
r-release-osx-x86_64-mavericks 0.7.2 OK
r-release-windows-ix86+x86_64 0.7.2 16.00 76.00 92.00 OK
r-oldrel-windows-ix86+x86_64 0.7.2 21.00 140.00 161.00 OK

Check Details

Version: 0.7.2
Check: compiled code
Result: NOTE
    File ‘equivalence/libs/equivalence.so’:
     Found no calls to: ‘R_registerRoutines’, ‘R_useDynamicSymbols’
    
    It is good practice to register native routines and to disable symbol
    search.
    
    See ‘Writing portable packages’ in the ‘Writing R Extensions’ manual.
Flavors: r-devel-linux-x86_64-debian-clang, r-devel-linux-x86_64-debian-gcc

Version: 0.7.2
Flags: --no-stop-on-test-error
Check: compiled code
Result: NOTE
    File ‘equivalence/libs/equivalence.so’:
     Found no calls to: ‘R_registerRoutines’, ‘R_useDynamicSymbols’
    
    It is good practice to register native routines and to disable symbol
    search.
    
    See ‘Writing portable packages’ in the ‘Writing R Extensions’ manual.
Flavors: r-devel-linux-x86_64-fedora-clang, r-devel-linux-x86_64-fedora-gcc, r-devel-macos-x86_64-clang