CRAN Package Check Results for Package equivalence

Last updated on 2017-07-22 08:48:03.

Flavor Version Tinstall Tcheck Ttotal Status Flags
r-devel-linux-x86_64-debian-clang 0.7.2 2.46 33.60 36.06 NOTE
r-devel-linux-x86_64-debian-gcc 0.7.2 2.30 32.48 34.78 NOTE
r-devel-linux-x86_64-fedora-clang 0.7.2 47.08 NOTE
r-devel-linux-x86_64-fedora-gcc 0.7.2 46.54 NOTE
r-devel-windows-ix86+x86_64 0.7.2 18.00 95.00 113.00 OK
r-patched-linux-x86_64 0.7.2 2.28 33.54 35.82 NOTE
r-patched-solaris-x86 0.7.2 64.30 OK
r-release-linux-x86_64 0.7.2 2.14 33.64 35.79 NOTE
r-release-windows-ix86+x86_64 0.7.2 21.00 89.00 110.00 OK
r-release-osx-x86_64 0.7.2 OK
r-oldrel-windows-ix86+x86_64 0.7.2 20.00 75.00 95.00 OK
r-oldrel-osx-x86_64 0.7.2 OK

Check Details

Version: 0.7.2
Check: compiled code
Result: NOTE
    File ‘equivalence/libs/equivalence.so’:
     Found no calls to: ‘R_registerRoutines’, ‘R_useDynamicSymbols’
    
    It is good practice to register native routines and to disable symbol
    search.
    
    See ‘Writing portable packages’ in the ‘Writing R Extensions’ manual.
Flavors: r-devel-linux-x86_64-debian-clang, r-devel-linux-x86_64-debian-gcc, r-devel-linux-x86_64-fedora-clang, r-devel-linux-x86_64-fedora-gcc, r-patched-linux-x86_64, r-release-linux-x86_64