CRAN Package Check Results for Package equivalence

Last updated on 2014-04-23 12:48:17.

Flavor Version Tinstall Tcheck Ttotal Status Flags
r-devel-linux-x86_64-debian-clang 0.5.7 1.28 14.47 15.74 OK
r-devel-linux-x86_64-debian-gcc 0.5.7 1.28 14.55 15.82 OK
r-devel-linux-x86_64-fedora-clang 0.5.7 29.58 OK
r-devel-linux-x86_64-fedora-gcc 0.5.7 28.74 OK
r-devel-osx-x86_64-clang 0.5.7 29.18 OK
r-devel-osx-x86_64-gcc 0.5.7 OK
r-devel-windows-ix86+x86_64 0.5.7 8.00 28.00 36.00 OK
r-patched-linux-x86_64 0.5.7 1.28 14.32 15.60 OK
r-patched-solaris-sparc 0.5.7 170.90 OK
r-patched-solaris-x86 0.5.7 43.70 OK
r-release-linux-ix86 0.5.7 3.00 30.00 33.00 OK
r-release-linux-x86_64 0.5.7 1.28 14.50 15.78 OK
r-release-osx-x86_64-mavericks 0.5.7 WARN
r-release-osx-x86_64-snowleopard 0.5.7 OK
r-release-windows-ix86+x86_64 0.5.7 8.00 29.00 37.00 OK
r-oldrel-windows-ix86+x86_64 0.5.7 9.00 31.00 40.00 OK

Check Details

Version: 0.5.7
Check: PDF version of manual
Result: WARNING
    LaTeX errors when creating PDF version.
    This typically indicates Rd problems.
    LaTeX errors found:
    ! LaTeX Error: File `upquote.sty' not found.
    
    Type X to quit or <RETURN> to proceed,
    or enter new name. (Default extension: sty)
    
    804f3a/Rd2.tex:8: ==> Fatal error occurred, no output PDF file produced!
Flavor: r-release-osx-x86_64-mavericks