CRAN Package Check Results for Package equivalence

Last updated on 2015-07-02 11:48:12.

Flavor Version Tinstall Tcheck Ttotal Status Flags
r-devel-linux-x86_64-debian-clang 0.6.0 1.95 21.11 23.06 NOTE
r-devel-linux-x86_64-debian-gcc 0.6.0 1.92 20.60 22.52 NOTE
r-devel-linux-x86_64-fedora-clang 0.6.0 45.51 NOTE
r-devel-linux-x86_64-fedora-gcc 0.6.0 42.67 NOTE
r-devel-osx-x86_64-clang 0.6.0 44.93 NOTE
r-devel-windows-ix86+x86_64 0.6.0 12.00 45.00 57.00 NOTE
r-patched-linux-x86_64 0.6.0 1.96 21.32 23.28 NOTE
r-patched-solaris-sparc 0.6.0 293.10 NOTE
r-patched-solaris-x86 0.6.0 67.00 NOTE
r-release-linux-x86_64 0.6.0 2.08 21.10 23.18 NOTE
r-release-osx-x86_64-mavericks 0.6.0 NOTE
r-release-windows-ix86+x86_64 0.6.0 12.00 48.00 60.00 NOTE
r-oldrel-windows-ix86+x86_64 0.6.0 16.00 73.00 89.00 NOTE

Check Details

Version: 0.6.0
Check: dependencies in R code
Result: NOTE
    Package in Depends field not imported from: ‘grid’
     These packages need to be imported from (in the NAMESPACE file)
     for when this namespace is loaded but not attached.
Flavors: r-devel-linux-x86_64-debian-clang, r-devel-linux-x86_64-debian-gcc, r-devel-linux-x86_64-fedora-clang, r-devel-linux-x86_64-fedora-gcc, r-devel-osx-x86_64-clang, r-devel-windows-ix86+x86_64, r-patched-linux-x86_64, r-patched-solaris-sparc, r-patched-solaris-x86, r-release-linux-x86_64, r-release-osx-x86_64-mavericks, r-release-windows-ix86+x86_64, r-oldrel-windows-ix86+x86_64

Version: 0.6.0
Check: R code for possible problems
Result: NOTE
    Ucutoff: no visible global function definition for ‘qchisq’
    Wcutoff: no visible global function definition for ‘qchisq’
    boot.boot: no visible global function definition for ‘quantile’
    compare.paired: no visible global function definition for ‘pbinom’
    compare.paired: no visible global function definition for ‘par’
    compare.paired: no visible global function definition for ‘sd’
    compare.paired: no visible global function definition for ‘box’
    compare.paired: no visible global function definition for ‘lines’
    compare.paired: no visible global function definition for ‘abline’
    compare.paired: no visible global function definition for ‘axis’
    compare.paired: no visible global function definition for ‘legend’
    compare.paired: no visible global function definition for ‘pnorm’
    equiv.boot: no visible global function definition for ‘quantile’
    equiv.boot: no visible global function definition for ‘complete.cases’
    equiv.boot.lm: no visible global function definition for ‘lm’
    equiv.boot.lm: no visible global function definition for ‘coef’
    equiv.p: no visible global function definition for ‘lm’
    equiv.p: no visible global function definition for ‘coef’
    equiv.p: no visible global function definition for ‘qt’
    equiv.p: no visible global function definition for ‘df.residual’
    equivalence.xyplot : <anonymous>: no visible global function definition
     for ‘lm’
    equivalence.xyplot : <anonymous>: no visible global function definition
     for ‘grid.polygon’
    equivalence.xyplot : <anonymous>: no visible global function definition
     for ‘gpar’
    equivalence.xyplot : <anonymous>: no visible global function definition
     for ‘gray’
    equivalence.xyplot : <anonymous>: no visible global function definition
     for ‘complete.cases’
    equivalence.xyplot : <anonymous>: no visible global function definition
     for ‘predict’
    equivalence.xyplot : <anonymous>: no visible global function definition
     for ‘qt’
    equivalence.xyplot : <anonymous>: no visible global function definition
     for ‘df.residual’
    equivalence.xyplot : <anonymous>: no visible global function definition
     for ‘coef’
    manly.boot : pmanly1.boot: no visible global function definition for
     ‘rbinom’
    manly.boot : pmanly2.boot: no visible global function definition for
     ‘rbinom’
    mwhit.boot: no visible global function definition for ‘pnorm’
    pairdat.heavy: no visible global function definition for ‘rnorm’
    pairdat.norm: no visible global function definition for ‘rnorm’
    pairdat.skew: no visible global function definition for ‘rexp’
    ptte.boot: no visible global function definition for ‘sd’
    ptte.boot : findquant: no visible global function definition for ‘pf’
    ptte.boot: no visible global function definition for ‘uniroot’
    ptte.data: no visible global function definition for ‘sd’
    ptte.data : findquant: no visible global function definition for ‘pf’
    ptte.data: no visible global function definition for ‘uniroot’
    ptte.data: no visible global function definition for ‘pt’
    ptte.stat : findquant: no visible global function definition for ‘pf’
    ptte.stat: no visible global function definition for ‘uniroot’
    ptte.stat: no visible global function definition for ‘pt’
    rtost: no visible global function definition for ‘qt’
    rtost: no visible global function definition for ‘pt’
    sign.boot: no visible global function definition for ‘qbinom’
    srank.boot: no visible global function definition for ‘pnorm’
    tost: no visible global function definition for ‘t.test’
    tost: no visible global function definition for ‘qt’
    tost: no visible global function definition for ‘pt’
    tost.boot: no visible global function definition for ‘sd’
    tost.boot: no visible global function definition for ‘qt’
    tost.stat: no visible global function definition for ‘qt’
    twos.boot: no visible global function definition for ‘var’
    twos.boot : findquant: no visible global function definition for ‘pf’
    twos.boot: no visible global function definition for ‘uniroot’
Flavors: r-devel-linux-x86_64-debian-clang, r-devel-linux-x86_64-debian-gcc, r-devel-linux-x86_64-fedora-gcc, r-devel-windows-ix86+x86_64

Version: 0.6.0
Check: R code for possible problems
Result: NOTE
    Ucutoff: no visible global function definition for ‘qchisq’
    Wcutoff: no visible global function definition for ‘qchisq’
    boot.boot: no visible global function definition for ‘quantile’
    compare.paired: no visible global function definition for ‘pbinom’
    compare.paired: no visible global function definition for ‘par’
    compare.paired: no visible global function definition for ‘sd’
    compare.paired: no visible global function definition for ‘box’
    compare.paired: no visible global function definition for ‘lines’
    compare.paired: no visible global function definition for ‘abline’
    compare.paired: no visible global function definition for ‘axis’
    compare.paired: no visible global function definition for ‘legend’
    compare.paired: no visible global function definition for ‘pnorm’
    equiv.boot: no visible global function definition for ‘quantile’
    equiv.boot: no visible global function definition for ‘complete.cases’
    equiv.boot.lm: no visible global function definition for ‘lm’
    equiv.boot.lm: no visible global function definition for ‘coef’
    equiv.p: no visible global function definition for ‘lm’
    equiv.p: no visible global function definition for ‘coef’
    equiv.p: no visible global function definition for ‘qt’
    equiv.p: no visible global function definition for ‘df.residual’
    equivalence.xyplot : <anonymous>: no visible global function definition
     for ‘lm’
    equivalence.xyplot : <anonymous>: no visible global function definition
     for ‘grid.polygon’
    equivalence.xyplot : <anonymous>: no visible global function definition
     for ‘gpar’
    equivalence.xyplot : <anonymous>: no visible global function definition
     for ‘gray’
    equivalence.xyplot : <anonymous>: no visible global function definition
     for ‘complete.cases’
    equivalence.xyplot : <anonymous>: no visible global function definition
     for ‘predict’
    equivalence.xyplot : <anonymous>: no visible global function definition
     for ‘qt’
    equivalence.xyplot : <anonymous>: no visible global function definition
     for ‘df.residual’
    equivalence.xyplot : <anonymous>: no visible global function definition
     for ‘coef’
    manly.boot : pmanly1.boot: no visible global function definition for
     ‘rbinom’
    manly.boot : pmanly2.boot: no visible global function definition for
     ‘rbinom’
    mwhit.boot: no visible global function definition for ‘pnorm’
    pairdat.heavy: no visible global function definition for ‘rnorm’
    pairdat.norm: no visible global function definition for ‘rnorm’
    pairdat.skew: no visible global function definition for ‘rexp’
    ptte.boot: no visible global function definition for ‘sd’
    ptte.boot : findquant: no visible global function definition for ‘pf’
    ptte.boot: no visible global function definition for ‘uniroot’
    ptte.data: no visible global function definition for ‘sd’
    ptte.data : findquant: no visible global function definition for ‘pf’
    ptte.data: no visible global function definition for ‘uniroot’
    ptte.data: no visible global function definition for ‘pt’
    ptte.stat : findquant: no visible global function definition for ‘pf’
    ptte.stat: no visible global function definition for ‘uniroot’
    ptte.stat: no visible global function definition for ‘pt’
    rtost: no visible global function definition for ‘qt’
    rtost: no visible global function definition for ‘pt’
    sign.boot: no visible global function definition for ‘qbinom’
    srank.boot: no visible global function definition for ‘pnorm’
    tost: no visible global function definition for ‘t.test’
    tost: no visible global function definition for ‘qt’
    tost: no visible global function definition for ‘pt’
    tost.boot: no visible global function definition for ‘sd’
    tost.boot: no visible global function definition for ‘qt’
    tost.stat: no visible global function definition for ‘qt’
    twos.boot: no visible global function definition for ‘var’
    twos.boot : findquant: no visible global function definition for ‘pf’
    twos.boot: no visible global function definition for ‘uniroot’
    Undefined global functions or variables:
     abline axis box coef complete.cases df.residual gpar gray
     grid.polygon legend lines lm par pbinom pf pnorm predict pt qbinom
     qchisq qt quantile rbinom rexp rnorm sd t.test uniroot var
Flavor: r-devel-linux-x86_64-fedora-clang

Version: 0.6.0
Check: R code for possible problems
Result: NOTE
    equivalence.xyplot : <anonymous>: no visible global function definition
     for ‘grid.polygon’
    equivalence.xyplot : <anonymous>: no visible global function definition
     for ‘gpar’
Flavors: r-devel-osx-x86_64-clang, r-patched-linux-x86_64, r-patched-solaris-sparc, r-patched-solaris-x86, r-release-linux-x86_64, r-release-osx-x86_64-mavericks, r-release-windows-ix86+x86_64, r-oldrel-windows-ix86+x86_64