CRAN Package Check Results for Package equivalence

Last updated on 2017-04-24 18:47:14.

Flavor Version Tinstall Tcheck Ttotal Status Flags
r-devel-linux-x86_64-debian-clang 0.7.2 2.32 26.56 28.88 NOTE
r-devel-linux-x86_64-debian-gcc 0.7.2 2.48 26.74 29.22 NOTE
r-devel-linux-x86_64-fedora-clang 0.7.2 46.58 NOTE --no-stop-on-test-error
r-devel-linux-x86_64-fedora-gcc 0.7.2 45.83 NOTE --no-stop-on-test-error
r-devel-windows-ix86+x86_64 0.7.2 OK
r-patched-linux-x86_64 0.7.2 2.20 26.05 28.25 NOTE
r-patched-solaris-sparc 0.7.2 275.80 OK
r-patched-solaris-x86 0.7.2 62.10 OK
r-release-linux-x86_64 0.7.2 2.12 26.68 28.79 NOTE
r-release-windows-ix86+x86_64 0.7.2 12.00 57.00 69.00 OK
r-release-osx-x86_64 0.7.2 OK
r-oldrel-windows-ix86+x86_64 0.7.2 10.00 56.00 66.00 OK
r-oldrel-osx-x86_64 0.7.2 OK

Check Details

Version: 0.7.2
Check: compiled code
Result: NOTE
    File ‘equivalence/libs/equivalence.so’:
     Found no calls to: ‘R_registerRoutines’, ‘R_useDynamicSymbols’
    
    It is good practice to register native routines and to disable symbol
    search.
    
    See ‘Writing portable packages’ in the ‘Writing R Extensions’ manual.
Flavors: r-devel-linux-x86_64-debian-clang, r-devel-linux-x86_64-debian-gcc, r-patched-linux-x86_64, r-release-linux-x86_64

Version: 0.7.2
Flags: --no-stop-on-test-error
Check: compiled code
Result: NOTE
    File ‘equivalence/libs/equivalence.so’:
     Found no calls to: ‘R_registerRoutines’, ‘R_useDynamicSymbols’
    
    It is good practice to register native routines and to disable symbol
    search.
    
    See ‘Writing portable packages’ in the ‘Writing R Extensions’ manual.
Flavors: r-devel-linux-x86_64-fedora-clang, r-devel-linux-x86_64-fedora-gcc