CRAN Package Check Results for Package equivalence

Last updated on 2017-05-26 14:46:28.

Flavor Version Tinstall Tcheck Ttotal Status Flags
r-devel-linux-x86_64-debian-clang 0.7.2 2.49 26.58 29.07 NOTE
r-devel-linux-x86_64-debian-gcc 0.7.2 2.32 27.33 29.65 NOTE
r-devel-linux-x86_64-fedora-clang 0.7.2 48.44 NOTE
r-devel-linux-x86_64-fedora-gcc 0.7.2 46.08 NOTE
r-devel-windows-ix86+x86_64 0.7.2 12.00 70.00 82.00 OK
r-patched-linux-x86_64 0.7.2 2.60 28.37 30.97 NOTE
r-patched-solaris-sparc 0.7.2 275.80 OK
r-patched-solaris-x86 0.7.2 61.80 OK
r-release-linux-x86_64 0.7.2 2.11 26.24 28.35 NOTE
r-release-windows-ix86+x86_64 0.7.2 11.00 67.00 78.00 OK
r-release-osx-x86_64 0.7.2 OK
r-oldrel-windows-ix86+x86_64 0.7.2 20.00 55.00 75.00 OK
r-oldrel-osx-x86_64 0.7.2 OK

Check Details

Version: 0.7.2
Check: compiled code
Result: NOTE
    File ‘equivalence/libs/equivalence.so’:
     Found no calls to: ‘R_registerRoutines’, ‘R_useDynamicSymbols’
    
    It is good practice to register native routines and to disable symbol
    search.
    
    See ‘Writing portable packages’ in the ‘Writing R Extensions’ manual.
Flavors: r-devel-linux-x86_64-debian-clang, r-devel-linux-x86_64-debian-gcc, r-devel-linux-x86_64-fedora-clang, r-devel-linux-x86_64-fedora-gcc, r-patched-linux-x86_64, r-release-linux-x86_64