CRAN Package Check Results for Package equivalence

Last updated on 2017-09-19 23:47:49.

Flavor Version Tinstall Tcheck Ttotal Status Flags
r-devel-linux-x86_64-debian-clang 0.7.2 2.14 26.41 28.55 NOTE
r-devel-linux-x86_64-debian-gcc 0.7.2 2.16 26.31 28.47 NOTE
r-devel-linux-x86_64-fedora-clang 0.7.2 48.30 NOTE
r-devel-linux-x86_64-fedora-gcc 0.7.2 47.37 NOTE
r-devel-windows-ix86+x86_64 0.7.2 10.00 86.00 96.00 OK
r-patched-linux-x86_64 0.7.2 2.13 26.61 28.74 NOTE
r-patched-solaris-x86 0.7.2 64.20 OK
r-release-linux-x86_64 0.7.2 2.40 26.68 29.08 NOTE
r-release-windows-ix86+x86_64 0.7.2 11.00 69.00 80.00 OK
r-release-osx-x86_64 0.7.2 OK
r-oldrel-windows-ix86+x86_64 0.7.2 11.00 54.00 65.00 OK
r-oldrel-osx-x86_64 0.7.2 OK

Check Details

Version: 0.7.2
Check: compiled code
Result: NOTE
    File ‘equivalence/libs/equivalence.so’:
     Found no calls to: ‘R_registerRoutines’, ‘R_useDynamicSymbols’
    
    It is good practice to register native routines and to disable symbol
    search.
    
    See ‘Writing portable packages’ in the ‘Writing R Extensions’ manual.
Flavors: r-devel-linux-x86_64-debian-clang, r-devel-linux-x86_64-debian-gcc, r-devel-linux-x86_64-fedora-clang, r-devel-linux-x86_64-fedora-gcc, r-patched-linux-x86_64, r-release-linux-x86_64