CRAN Package Check Results for Package equivalence

Last updated on 2014-12-21 03:48:14.

Flavor Version Tinstall Tcheck Ttotal Status Flags
r-devel-linux-x86_64-debian-clang 0.6.0 2.55 30.60 33.15 NOTE
r-devel-linux-x86_64-debian-gcc 0.6.0 2.43 29.00 31.44 NOTE
r-devel-linux-x86_64-fedora-clang 0.6.0 66.87 NOTE
r-devel-linux-x86_64-fedora-gcc 0.6.0 60.72 NOTE
r-devel-osx-x86_64-clang 0.6.0 60.40 NOTE
r-devel-windows-ix86+x86_64 0.6.0 14.00 69.00 83.00 NOTE
r-patched-linux-x86_64 0.6.0 2.58 29.23 31.81 NOTE
r-patched-solaris-sparc 0.6.0 354.50 NOTE
r-patched-solaris-x86 0.6.0 84.30 NOTE
r-release-linux-ix86 0.6.0 3.14 36.68 39.82 NOTE
r-release-linux-x86_64 0.6.0 2.68 29.61 32.29 NOTE
r-release-osx-x86_64-mavericks 0.6.0 OK
r-release-osx-x86_64-snowleopard 0.6.0 OK
r-release-windows-ix86+x86_64 0.6.0 15.00 66.00 81.00 NOTE
r-oldrel-windows-ix86+x86_64 0.6.0 14.00 68.00 82.00 OK

Check Details

Version: 0.6.0
Check: dependencies in R code
Result: NOTE
    Package in Depends field not imported from: ‘grid’
     These packages need to be imported from (in the NAMESPACE file)
     for when this namespace is loaded but not attached.
    See the information on DESCRIPTION files in the chapter ‘Creating R
    packages’ of the ‘Writing R Extensions’ manual.
Flavors: r-devel-linux-x86_64-debian-clang, r-devel-linux-x86_64-debian-gcc, r-devel-linux-x86_64-fedora-clang, r-devel-linux-x86_64-fedora-gcc, r-devel-osx-x86_64-clang, r-devel-windows-ix86+x86_64, r-patched-linux-x86_64, r-patched-solaris-sparc, r-patched-solaris-x86, r-release-linux-ix86, r-release-linux-x86_64, r-release-windows-ix86+x86_64

Version: 0.6.0
Check: R code for possible problems
Result: NOTE
    equivalence.xyplot : <anonymous>: no visible global function definition
     for ‘grid.polygon’
    equivalence.xyplot : <anonymous>: no visible global function definition
     for ‘gpar’
Flavors: r-devel-linux-x86_64-debian-clang, r-devel-linux-x86_64-debian-gcc, r-devel-linux-x86_64-fedora-clang, r-devel-linux-x86_64-fedora-gcc, r-devel-osx-x86_64-clang, r-devel-windows-ix86+x86_64, r-patched-linux-x86_64, r-patched-solaris-sparc, r-patched-solaris-x86, r-release-linux-ix86, r-release-linux-x86_64, r-release-windows-ix86+x86_64