CRAN Package Check Results for Package equivalence

Last updated on 2015-01-27 05:47:32.

Flavor Version Tinstall Tcheck Ttotal Status Flags
r-devel-linux-x86_64-debian-clang 0.6.0 2.25 22.50 24.74 NOTE
r-devel-linux-x86_64-debian-gcc 0.6.0 2.26 21.49 23.75 NOTE
r-devel-linux-x86_64-fedora-clang 0.6.0 68.37 NOTE
r-devel-linux-x86_64-fedora-gcc 0.6.0 68.66 NOTE
r-devel-osx-x86_64-clang 0.6.0 62.24 NOTE
r-devel-windows-ix86+x86_64 0.6.0 13.00 44.00 57.00 NOTE
r-patched-linux-x86_64 0.6.0 2.60 29.62 32.22 NOTE
r-patched-solaris-sparc 0.6.0 368.10 NOTE
r-patched-solaris-x86 0.6.0 84.60 NOTE
r-release-linux-ix86 0.6.0 3.10 37.06 40.15 NOTE
r-release-linux-x86_64 0.6.0 2.65 29.36 32.01 NOTE
r-release-osx-x86_64-mavericks 0.6.0 NOTE
r-release-osx-x86_64-snowleopard 0.6.0 OK
r-release-windows-ix86+x86_64 0.6.0 19.00 67.00 86.00 NOTE
r-oldrel-windows-ix86+x86_64 0.6.0 20.00 70.00 90.00 OK

Check Details

Version: 0.6.0
Check: dependencies in R code
Result: NOTE
    Package in Depends field not imported from: ‘grid’
     These packages need to be imported from (in the NAMESPACE file)
     for when this namespace is loaded but not attached.
Flavors: r-devel-linux-x86_64-debian-clang, r-devel-linux-x86_64-debian-gcc, r-devel-linux-x86_64-fedora-clang, r-devel-linux-x86_64-fedora-gcc, r-devel-osx-x86_64-clang, r-devel-windows-ix86+x86_64

Version: 0.6.0
Check: R code for possible problems
Result: NOTE
    equivalence.xyplot : <anonymous>: no visible global function definition
     for ‘grid.polygon’
    equivalence.xyplot : <anonymous>: no visible global function definition
     for ‘gpar’
Flavors: r-devel-linux-x86_64-debian-clang, r-devel-linux-x86_64-debian-gcc, r-devel-linux-x86_64-fedora-clang, r-devel-linux-x86_64-fedora-gcc, r-devel-osx-x86_64-clang, r-devel-windows-ix86+x86_64, r-patched-linux-x86_64, r-patched-solaris-sparc, r-patched-solaris-x86, r-release-linux-ix86, r-release-linux-x86_64, r-release-osx-x86_64-mavericks, r-release-windows-ix86+x86_64

Version: 0.6.0
Check: dependencies in R code
Result: NOTE
    Package in Depends field not imported from: ‘grid’
     These packages need to be imported from (in the NAMESPACE file)
     for when this namespace is loaded but not attached.
    See the information on DESCRIPTION files in the chapter ‘Creating R
    packages’ of the ‘Writing R Extensions’ manual.
Flavors: r-patched-linux-x86_64, r-patched-solaris-sparc, r-patched-solaris-x86, r-release-linux-ix86, r-release-linux-x86_64, r-release-osx-x86_64-mavericks, r-release-windows-ix86+x86_64