CRAN Package Check Results for Package equivalence

Last updated on 2015-03-06 03:46:33.

Flavor Version Tinstall Tcheck Ttotal Status Flags
r-devel-linux-x86_64-debian-clang 0.6.0 2.19 22.34 24.53 NOTE
r-devel-linux-x86_64-debian-gcc 0.6.0 2.05 21.69 23.74 NOTE
r-devel-linux-x86_64-fedora-clang 0.6.0 47.69 NOTE
r-devel-linux-x86_64-fedora-gcc 0.6.0 45.40 NOTE
r-devel-osx-x86_64-clang 0.6.0 50.03 NOTE
r-devel-windows-ix86+x86_64 0.6.0 10.00 50.00 60.00 NOTE
r-patched-linux-x86_64 0.6.0 3.91 33.33 37.24 NOTE
r-patched-solaris-sparc 0.6.0 397.90 NOTE
r-patched-solaris-x86 0.6.0 84.40 NOTE
r-release-linux-ix86 0.6.0 3.53 37.69 41.22 NOTE
r-release-linux-x86_64 0.6.0 3.81 32.25 36.06 NOTE
r-release-osx-x86_64-mavericks 0.6.0 NOTE
r-release-osx-x86_64-snowleopard 0.6.0 OK
r-release-windows-ix86+x86_64 0.6.0 16.00 75.00 91.00 NOTE
r-oldrel-windows-ix86+x86_64 0.6.0 15.00 76.00 91.00 OK

Check Details

Version: 0.6.0
Check: dependencies in R code
Result: NOTE
    Package in Depends field not imported from: ‘grid’
     These packages need to be imported from (in the NAMESPACE file)
     for when this namespace is loaded but not attached.
Flavors: r-devel-linux-x86_64-debian-clang, r-devel-linux-x86_64-debian-gcc, r-devel-linux-x86_64-fedora-clang, r-devel-linux-x86_64-fedora-gcc, r-devel-osx-x86_64-clang, r-devel-windows-ix86+x86_64, r-patched-linux-x86_64, r-patched-solaris-sparc, r-patched-solaris-x86

Version: 0.6.0
Check: R code for possible problems
Result: NOTE
    equivalence.xyplot : <anonymous>: no visible global function definition
     for ‘grid.polygon’
    equivalence.xyplot : <anonymous>: no visible global function definition
     for ‘gpar’
Flavors: r-devel-linux-x86_64-debian-clang, r-devel-linux-x86_64-debian-gcc, r-devel-linux-x86_64-fedora-clang, r-devel-linux-x86_64-fedora-gcc, r-devel-osx-x86_64-clang, r-devel-windows-ix86+x86_64, r-patched-linux-x86_64, r-patched-solaris-sparc, r-patched-solaris-x86, r-release-linux-ix86, r-release-linux-x86_64, r-release-osx-x86_64-mavericks, r-release-windows-ix86+x86_64

Version: 0.6.0
Check: dependencies in R code
Result: NOTE
    Package in Depends field not imported from: ‘grid’
     These packages need to be imported from (in the NAMESPACE file)
     for when this namespace is loaded but not attached.
    See the information on DESCRIPTION files in the chapter ‘Creating R
    packages’ of the ‘Writing R Extensions’ manual.
Flavors: r-release-linux-ix86, r-release-linux-x86_64, r-release-osx-x86_64-mavericks, r-release-windows-ix86+x86_64