CRAN Package Check Results for Package equivalence

Last updated on 2014-10-24 08:49:07.

Flavor Version Tinstall Tcheck Ttotal Status Flags
r-devel-linux-x86_64-debian-clang 0.6.0 2.56 29.00 31.56 NOTE
r-devel-linux-x86_64-debian-gcc 0.6.0 2.60 30.18 32.78 NOTE
r-devel-linux-x86_64-fedora-clang 0.6.0 65.60 NOTE
r-devel-linux-x86_64-fedora-gcc 0.6.0 61.71 NOTE
r-devel-osx-x86_64-clang 0.6.0 59.99 NOTE
r-devel-windows-ix86+x86_64 0.6.0 12.00 63.00 75.00 NOTE
r-patched-linux-x86_64 0.6.0 2.89 29.42 32.31 NOTE
r-patched-solaris-sparc 0.6.0 354.50 NOTE
r-patched-solaris-x86 0.6.0 83.70 NOTE
r-release-linux-ix86 0.6.0 3.32 38.61 41.93 OK
r-release-linux-x86_64 0.6.0 2.64 29.79 32.44 OK
r-release-osx-x86_64-mavericks 0.6.0 OK
r-release-osx-x86_64-snowleopard 0.6.0 OK
r-release-windows-ix86+x86_64 0.6.0 14.00 67.00 81.00 OK
r-oldrel-windows-ix86+x86_64 0.6.0 13.00 66.00 79.00 OK

Check Details

Version: 0.6.0
Check: dependencies in R code
Result: NOTE
    Package in Depends field not imported from: ‘grid’
     These packages need to be imported from (in the NAMESPACE file)
     for when this namespace is loaded but not attached.
    See the information on DESCRIPTION files in the chapter ‘Creating R
    packages’ of the ‘Writing R Extensions’ manual.
Flavors: r-devel-linux-x86_64-debian-clang, r-devel-linux-x86_64-debian-gcc, r-devel-linux-x86_64-fedora-clang, r-devel-linux-x86_64-fedora-gcc, r-devel-osx-x86_64-clang, r-devel-windows-ix86+x86_64, r-patched-linux-x86_64, r-patched-solaris-sparc, r-patched-solaris-x86

Version: 0.6.0
Check: R code for possible problems
Result: NOTE
    equivalence.xyplot : <anonymous>: no visible global function definition
     for ‘grid.polygon’
    equivalence.xyplot : <anonymous>: no visible global function definition
     for ‘gpar’
Flavors: r-devel-linux-x86_64-debian-clang, r-devel-linux-x86_64-debian-gcc, r-devel-linux-x86_64-fedora-clang, r-devel-linux-x86_64-fedora-gcc, r-devel-osx-x86_64-clang, r-devel-windows-ix86+x86_64, r-patched-linux-x86_64, r-patched-solaris-sparc, r-patched-solaris-x86