CRAN Package Check Results for Package equivalence

Last updated on 2018-04-26 01:46:37 CEST.

Flavor Version Tinstall Tcheck Ttotal Status Flags
r-devel-linux-x86_64-debian-clang 0.7.2 4.11 32.20 36.31 NOTE
r-devel-linux-x86_64-debian-gcc 0.7.2 2.85 28.57 31.42 NOTE
r-devel-linux-x86_64-fedora-clang 0.7.2 47.93 NOTE
r-devel-linux-x86_64-fedora-gcc 0.7.2 46.57 NOTE
r-devel-windows-ix86+x86_64 0.7.2 18.00 64.00 82.00 OK
r-patched-linux-x86_64 0.7.2 4.15 35.64 39.79 NOTE
r-patched-solaris-x86 0.7.2 72.90 OK
r-release-linux-x86_64 0.7.2 3.97 35.53 39.50 NOTE
r-release-windows-ix86+x86_64 0.7.2 18.00 64.00 82.00 OK
r-release-osx-x86_64 0.7.2 OK
r-oldrel-windows-ix86+x86_64 0.7.2 11.00 101.00 112.00 OK
r-oldrel-osx-x86_64 0.7.2 OK

Check Details

Version: 0.7.2
Check: compiled code
Result: NOTE
    File ‘equivalence/libs/equivalence.so’:
     Found no calls to: ‘R_registerRoutines’, ‘R_useDynamicSymbols’
    
    It is good practice to register native routines and to disable symbol
    search.
    
    See ‘Writing portable packages’ in the ‘Writing R Extensions’ manual.
Flavors: r-devel-linux-x86_64-debian-clang, r-devel-linux-x86_64-debian-gcc, r-devel-linux-x86_64-fedora-clang, r-devel-linux-x86_64-fedora-gcc, r-patched-linux-x86_64, r-release-linux-x86_64