CRAN Package Check Results for Package equivalence

Last updated on 2017-11-24 18:50:16 CET.

Flavor Version Tinstall Tcheck Ttotal Status Flags
r-devel-linux-x86_64-debian-clang 0.7.2 2.90 65.07 67.98 NOTE
r-devel-linux-x86_64-debian-gcc 0.7.2 2.37 59.95 62.32 NOTE
r-devel-linux-x86_64-fedora-clang 0.7.2 42.53 NOTE
r-devel-linux-x86_64-fedora-gcc 0.7.2 42.14 NOTE
r-devel-windows-ix86+x86_64 0.7.2 10.00 104.00 114.00 OK
r-patched-linux-x86_64 0.7.2 3.27 67.57 70.84 NOTE
r-patched-solaris-x86 0.7.2 64.20 OK
r-release-linux-x86_64 0.7.2 3.48 64.80 68.28 NOTE
r-release-windows-ix86+x86_64 0.7.2 11.00 67.00 78.00 OK
r-release-osx-x86_64 0.7.2 OK
r-oldrel-windows-ix86+x86_64 0.7.2 11.00 97.00 108.00 OK
r-oldrel-osx-x86_64 0.7.2 OK

Check Details

Version: 0.7.2
Check: compiled code
Result: NOTE
    File ‘equivalence/libs/equivalence.so’:
     Found no calls to: ‘R_registerRoutines’, ‘R_useDynamicSymbols’
    
    It is good practice to register native routines and to disable symbol
    search.
    
    See ‘Writing portable packages’ in the ‘Writing R Extensions’ manual.
Flavors: r-devel-linux-x86_64-debian-clang, r-devel-linux-x86_64-debian-gcc, r-devel-linux-x86_64-fedora-clang, r-devel-linux-x86_64-fedora-gcc, r-patched-linux-x86_64, r-release-linux-x86_64