CRAN Package Check Results for Package equivalence

Last updated on 2014-11-24 12:47:44.

Flavor Version Tinstall Tcheck Ttotal Status Flags
r-devel-linux-x86_64-debian-clang 0.6.0 2.50 28.89 31.39 NOTE
r-devel-linux-x86_64-debian-gcc 0.6.0 2.42 27.80 30.22 NOTE
r-devel-linux-x86_64-fedora-clang 0.6.0 66.94 NOTE
r-devel-linux-x86_64-fedora-gcc 0.6.0 62.30 NOTE
r-devel-osx-x86_64-clang 0.6.0 61.71 NOTE
r-devel-windows-ix86+x86_64 0.6.0 12.00 64.00 76.00 NOTE
r-patched-linux-x86_64 0.6.0 2.54 30.29 32.83 NOTE
r-patched-solaris-sparc 0.6.0 354.50 NOTE
r-patched-solaris-x86 0.6.0 83.90 NOTE
r-release-linux-ix86 0.6.0 3.21 36.44 39.65 NOTE
r-release-linux-x86_64 0.6.0 2.56 29.65 32.20 NOTE
r-release-osx-x86_64-mavericks 0.6.0 OK
r-release-osx-x86_64-snowleopard 0.6.0 OK
r-release-windows-ix86+x86_64 0.6.0 14.00 68.00 82.00 NOTE
r-oldrel-windows-ix86+x86_64 0.6.0 13.00 67.00 80.00 OK

Check Details

Version: 0.6.0
Check: dependencies in R code
Result: NOTE
    Package in Depends field not imported from: ‘grid’
     These packages need to be imported from (in the NAMESPACE file)
     for when this namespace is loaded but not attached.
    See the information on DESCRIPTION files in the chapter ‘Creating R
    packages’ of the ‘Writing R Extensions’ manual.
Flavors: r-devel-linux-x86_64-debian-clang, r-devel-linux-x86_64-debian-gcc, r-devel-linux-x86_64-fedora-clang, r-devel-linux-x86_64-fedora-gcc, r-devel-osx-x86_64-clang, r-devel-windows-ix86+x86_64, r-patched-linux-x86_64, r-patched-solaris-sparc, r-patched-solaris-x86, r-release-linux-ix86, r-release-linux-x86_64, r-release-windows-ix86+x86_64

Version: 0.6.0
Check: R code for possible problems
Result: NOTE
    equivalence.xyplot : <anonymous>: no visible global function definition
     for ‘grid.polygon’
    equivalence.xyplot : <anonymous>: no visible global function definition
     for ‘gpar’
Flavors: r-devel-linux-x86_64-debian-clang, r-devel-linux-x86_64-debian-gcc, r-devel-linux-x86_64-fedora-clang, r-devel-linux-x86_64-fedora-gcc, r-devel-osx-x86_64-clang, r-devel-windows-ix86+x86_64, r-patched-linux-x86_64, r-patched-solaris-sparc, r-patched-solaris-x86, r-release-linux-ix86, r-release-linux-x86_64, r-release-windows-ix86+x86_64