CRAN Package Check Results for Package equivalence

Last updated on 2017-03-24 23:55:41.

Flavor Version Tinstall Tcheck Ttotal Status Flags
r-devel-linux-x86_64-debian-clang 0.7.2 2.48 28.25 30.72 NOTE
r-devel-linux-x86_64-debian-gcc 0.7.2 2.22 27.11 29.33 NOTE
r-devel-linux-x86_64-fedora-clang 0.7.2 46.71 NOTE --no-stop-on-test-error
r-devel-linux-x86_64-fedora-gcc 0.7.2 45.55 NOTE --no-stop-on-test-error
r-devel-macos-x86_64-clang 0.7.2 37.97 NOTE --no-stop-on-test-error
r-devel-windows-ix86+x86_64 0.7.2 13.00 69.00 82.00 OK
r-patched-linux-x86_64 0.7.2 2.10 21.96 24.06 OK
r-patched-solaris-sparc 0.7.2 275.80 OK
r-patched-solaris-x86 0.7.2 72.20 OK
r-release-linux-x86_64 0.7.2 2.18 22.10 24.28 OK
r-release-osx-x86_64-mavericks 0.7.2 OK
r-release-windows-ix86+x86_64 0.7.2 18.00 59.00 77.00 OK
r-oldrel-windows-ix86+x86_64 0.7.2 12.00 97.00 109.00 OK

Check Details

Version: 0.7.2
Check: compiled code
Result: NOTE
    File ‘equivalence/libs/equivalence.so’:
     Found no calls to: ‘R_registerRoutines’, ‘R_useDynamicSymbols’
    
    It is good practice to register native routines and to disable symbol
    search.
    
    See ‘Writing portable packages’ in the ‘Writing R Extensions’ manual.
Flavors: r-devel-linux-x86_64-debian-clang, r-devel-linux-x86_64-debian-gcc

Version: 0.7.2
Flags: --no-stop-on-test-error
Check: compiled code
Result: NOTE
    File ‘equivalence/libs/equivalence.so’:
     Found no calls to: ‘R_registerRoutines’, ‘R_useDynamicSymbols’
    
    It is good practice to register native routines and to disable symbol
    search.
    
    See ‘Writing portable packages’ in the ‘Writing R Extensions’ manual.
Flavors: r-devel-linux-x86_64-fedora-clang, r-devel-linux-x86_64-fedora-gcc, r-devel-macos-x86_64-clang