CRAN Package Check Results for Package erer

Last updated on 2015-05-29 19:47:26.

Flavor Version Tinstall Tcheck Ttotal Status Flags
r-devel-linux-x86_64-debian-clang 2.3 4.70 51.34 56.04 NOTE
r-devel-linux-x86_64-debian-gcc 2.3 4.44 49.85 54.28 NOTE
r-devel-linux-x86_64-fedora-clang 2.3 120.64 NOTE
r-devel-linux-x86_64-fedora-gcc 2.3 109.51 NOTE
r-devel-osx-x86_64-clang 2.3 97.57 NOTE
r-devel-windows-ix86+x86_64 2.3 16.00 78.00 94.00 OK
r-patched-linux-x86_64 2.3 5.06 51.04 56.10 NOTE
r-patched-solaris-sparc 2.3 697.60 NOTE
r-patched-solaris-x86 2.3 157.10 NOTE
r-release-linux-x86_64 2.3 5.20 51.36 56.57 NOTE
r-release-osx-x86_64-mavericks 2.3 OK
r-release-osx-x86_64-snowleopard 2.3 ERROR
r-release-windows-ix86+x86_64 2.3 16.00 80.00 96.00 OK
r-oldrel-windows-ix86+x86_64 2.3 25.00 124.00 149.00 OK

Check Details

Version: 2.3
Check: S3 generic/method consistency
Result: NOTE
    Found the following apparent S3 methods exported but not registered:
     head.ts plot.evReturn plot.maTrend plot.ocProb print.aiFit
     print.aidata print.evReturn print.evRisk print.maBina print.maTrend
     print.ocME print.ocProb print.urdf2 summary.aiFit tail.ts
    See section ‘Registering S3 methods’ in the ‘Writing R Extensions’
    manual.
Flavors: r-devel-linux-x86_64-debian-clang, r-devel-linux-x86_64-debian-gcc, r-devel-linux-x86_64-fedora-clang, r-devel-linux-x86_64-fedora-gcc, r-devel-osx-x86_64-clang, r-patched-linux-x86_64, r-patched-solaris-sparc, r-patched-solaris-x86, r-release-linux-x86_64

Version: 2.3
Check: package dependencies
Result: ERROR
    Packages required but not available:
     ‘lmtest’ ‘systemfit’ ‘tseries’ ‘ggplot2’
    
    See section ‘The DESCRIPTION file’ in the ‘Writing R Extensions’
    manual.
Flavor: r-release-osx-x86_64-snowleopard