CRAN Package Check Results for Package erer

Last updated on 2015-08-03 05:47:41.

Flavor Version Tinstall Tcheck Ttotal Status Flags
r-devel-linux-x86_64-debian-clang 2.3 4.82 52.57 57.39 NOTE
r-devel-linux-x86_64-debian-gcc 2.3 4.42 52.45 56.87 NOTE
r-devel-linux-x86_64-fedora-clang 2.3 122.92 NOTE
r-devel-linux-x86_64-fedora-gcc 2.3 109.51 NOTE
r-devel-osx-x86_64-clang 2.3 95.61 NOTE
r-devel-windows-ix86+x86_64 2.3 14.00 84.00 98.00 NOTE
r-patched-linux-x86_64 2.3 4.68 51.58 56.26 NOTE
r-patched-solaris-sparc 2.3 719.70 NOTE
r-patched-solaris-x86 2.3 158.70 NOTE
r-release-linux-x86_64 2.3 5.06 51.31 56.38 NOTE
r-release-osx-x86_64-mavericks 2.3 OK
r-release-windows-ix86+x86_64 2.3 21.00 88.00 109.00 OK
r-oldrel-windows-ix86+x86_64 2.3 37.00 145.00 182.00 OK

Check Details

Version: 2.3
Check: S3 generic/method consistency
Result: NOTE
    Found the following apparent S3 methods exported but not registered:
     head.ts plot.evReturn plot.maTrend plot.ocProb print.aiFit
     print.aidata print.evReturn print.evRisk print.maBina print.maTrend
     print.ocME print.ocProb print.urdf2 summary.aiFit tail.ts
    See section ‘Registering S3 methods’ in the ‘Writing R Extensions’
    manual.
Flavors: r-devel-linux-x86_64-debian-clang, r-devel-linux-x86_64-debian-gcc, r-devel-linux-x86_64-fedora-clang, r-devel-linux-x86_64-fedora-gcc, r-devel-osx-x86_64-clang, r-patched-linux-x86_64, r-patched-solaris-sparc, r-patched-solaris-x86, r-release-linux-x86_64

Version: 2.3
Check: R code for possible problems
Result: NOTE
    aiData: no visible global function definition for ‘tsp’
    aiData: no visible global function definition for ‘window’
    aiData: no visible global function definition for ‘ts.union’
    aiData: no visible global function definition for ‘ts’
    aiData: no visible global function definition for ‘time’
    aiDiag: no visible global function definition for ‘na.omit’
    aiDiag: no visible global function definition for ‘residuals’
    aiDynFit: no visible global function definition for ‘start’
    aiDynFit: no visible global function definition for ‘ts’
    aiDynFit: no visible global function definition for ‘residuals’
    aiDynFit: no visible global function definition for ‘tsp’
    aiDynFit: no visible global function definition for ‘ts.union’
    aiDynFit: no visible global function definition for ‘window’
    aiDynFit: no visible global function definition for ‘end’
    aiElas: no visible global function definition for ‘coef’
    aiElas: no visible global function definition for ‘vcov’
    aiElas: no visible global function definition for ‘df.residual’
    aiElas: no visible global function definition for ‘pt’
    aiStaHau: no visible global function definition for ‘tsp’
    aiStaHau: no visible global function definition for ‘ts.union’
    aiStaHau: no visible global function definition for ‘as.formula’
    aiStaHau: no visible global function definition for ‘lm’
    aiStaHau: no visible global function definition for ‘ts’
    aiStaHau: no visible global function definition for ‘residuals’
    aiStaHau: no visible global function definition for ‘start’
    aiStaHau: no visible global function definition for ‘fitted’
    aiStaHau: no visible global function definition for ‘window’
    aiStaHau: no visible global function definition for ‘update’
    bsFormu: no visible global function definition for ‘as.formula’
    bsLag: no visible global function definition for ‘is.ts’
    bsLag: no visible global function definition for ‘embed’
    bsLag: no visible global function definition for ‘ts’
    bsLag: no visible global function definition for ‘start’
    bsLag: no visible global function definition for ‘end’
    bsLag: no visible global function definition for ‘tsp’
    bsStat: no visible global function definition for ‘sd’
    bsStat: no visible global function definition for ‘na.omit’
    bsStat: no visible global function definition for ‘cor’
    download.lib: no visible global function definition for
     ‘available.packages’
    download.lib: no visible global function definition for ‘download.file’
    download.lib: no visible global function definition for
     ‘download.packages’
    evReturn: no visible global function definition for ‘lm’
    evReturn: no visible global function definition for ‘as.formula’
    evReturn: no visible global function definition for ‘pnorm’
    evRisk: no visible global function definition for ‘lm’
    evRisk: no visible global function definition for ‘as.formula’
    head.ts: no visible global function definition for ‘window’
    head.ts: no visible global function definition for ‘start’
    head.ts: no visible global function definition for ‘tsp’
    lss : <anonymous>: no visible global function definition for
     ‘capture.output’
    lss : <anonymous>: no visible global function definition for
     ‘object.size’
    lss: no visible binding for global variable ‘object.size’
    lss: no visible global function definition for ‘head’
    maBina: no visible global function definition for ‘coef’
    maBina: no visible binding for global variable ‘pnorm’
    maBina: no visible binding for global variable ‘plogis’
    maBina: no visible binding for global variable ‘dnorm’
    maBina: no visible binding for global variable ‘dlogis’
    maBina: no visible global function definition for ‘vcov’
    maBina: no visible global function definition for ‘pt’
    maTrend: no visible global function definition for ‘coef’
    maTrend: no visible binding for global variable ‘pnorm’
    maTrend: no visible binding for global variable ‘plogis’
    maTrend: no visible binding for global variable ‘dnorm’
    maTrend: no visible binding for global variable ‘dlogis’
    maTrend: no visible global function definition for ‘vcov’
    maTrend: no visible global function definition for ‘pt’
    ocME: no visible global function definition for ‘model.matrix’
    ocME: no visible global function definition for ‘as.formula’
    ocME: no visible global function definition for ‘coef’
    ocME: no visible binding for global variable ‘pnorm’
    ocME: no visible binding for global variable ‘plogis’
    ocME: no visible binding for global variable ‘dnorm’
    ocME: no visible binding for global variable ‘dlogis’
    ocME: no visible global function definition for ‘vcov’
    ocME: no visible global function definition for ‘pt’
    ocProb: no visible global function definition for ‘model.matrix’
    ocProb: no visible global function definition for ‘as.formula’
    ocProb: no visible global function definition for ‘coef’
    ocProb: no visible binding for global variable ‘pnorm’
    ocProb: no visible binding for global variable ‘plogis’
    ocProb: no visible binding for global variable ‘dnorm’
    ocProb: no visible binding for global variable ‘dlogis’
    ocProb: no visible global function definition for ‘vcov’
    ocProb: no visible global function definition for ‘pt’
    plot.maTrend: no visible global function definition for ‘plot’
    plot.maTrend: no visible global function definition for ‘grid’
    plot.maTrend: no visible global function definition for ‘lines’
    plot.maTrend: no visible global function definition for ‘abline’
    plot.maTrend: no visible global function definition for ‘legend’
    plot.ocProb: no visible global function definition for ‘formula’
    plot.ocProb: no visible global function definition for ‘plot’
    plot.ocProb: no visible global function definition for ‘lines’
    plot.ocProb: no visible global function definition for ‘abline’
    plot.ocProb: no visible global function definition for ‘grid’
    plot.ocProb: no visible global function definition for ‘legend’
    print.aidata: no visible global function definition for ‘head’
    print.maTrend: no visible global function definition for ‘tail’
    print.ocProb: no visible global function definition for ‘tail’
    tail.ts: no visible global function definition for ‘window’
    tail.ts: no visible global function definition for ‘end’
    tail.ts: no visible global function definition for ‘tsp’
    ur.df2: no visible global function definition for ‘embed’
    ur.df2: no visible global function definition for ‘lm’
    ur.df2: no visible global function definition for ‘AIC’
    ur.df2: no visible global function definition for ‘coef’
    ur.df2: no visible global function definition for ‘anova’
    ur.df2: no visible global function definition for ‘residuals’
    write.list: no visible global function definition for ‘write.table’
    Undefined global functions or variables:
     AIC abline anova as.formula available.packages capture.output coef
     cor df.residual dlogis dnorm download.file download.packages embed
     end fitted formula grid head is.ts legend lines lm model.matrix
     na.omit object.size plogis plot pnorm pt residuals sd start tail time
     ts ts.union tsp update vcov window write.table
    Consider adding
     importFrom("graphics", "abline", "grid", "legend", "lines", "plot")
     importFrom("stats", "AIC", "anova", "as.formula", "coef", "cor",
     "df.residual", "dlogis", "dnorm", "embed", "end", "fitted",
     "formula", "is.ts", "lm", "model.matrix", "na.omit",
     "plogis", "pnorm", "pt", "residuals", "sd", "start", "time",
     "ts", "ts.union", "tsp", "update", "vcov", "window")
     importFrom("utils", "available.packages", "capture.output",
     "download.file", "download.packages", "head", "object.size",
     "tail", "write.table")
    to your NAMESPACE.
Flavors: r-devel-linux-x86_64-debian-clang, r-devel-linux-x86_64-debian-gcc, r-devel-linux-x86_64-fedora-clang, r-devel-linux-x86_64-fedora-gcc, r-devel-windows-ix86+x86_64