CRAN Package Check Results for Package erer

Last updated on 2015-04-21 06:47:24.

Flavor Version Tinstall Tcheck Ttotal Status Flags
r-devel-linux-x86_64-debian-clang 2.3 5.62 51.60 57.22 NOTE
r-devel-linux-x86_64-debian-gcc 2.3 4.71 51.28 55.99 NOTE
r-devel-linux-x86_64-fedora-clang 2.3 114.38 NOTE
r-devel-linux-x86_64-fedora-gcc 2.3 111.11 NOTE
r-devel-osx-x86_64-clang 2.3 96.50 NOTE
r-devel-windows-ix86+x86_64 2.3 18.00 78.00 96.00 OK
r-patched-linux-x86_64 2.3 4.44 50.71 55.15 NOTE
r-patched-solaris-sparc 2.3 696.90 OK
r-patched-solaris-x86 2.3 146.00 OK
r-release-linux-x86_64 2.3 4.90 51.89 56.79 NOTE
r-release-osx-x86_64-mavericks 2.3 OK
r-release-osx-x86_64-snowleopard 2.3 ERROR
r-release-windows-ix86+x86_64 2.3 10.00 69.00 79.00 OK
r-oldrel-windows-ix86+x86_64 2.3 20.00 117.00 137.00 OK

Check Details

Version: 2.3
Check: S3 generic/method consistency
Result: NOTE
    Found the following apparent S3 methods exported but not registered:
     head.ts plot.evReturn plot.maTrend plot.ocProb print.aiFit
     print.aidata print.evReturn print.evRisk print.maBina print.maTrend
     print.ocME print.ocProb print.urdf2 summary.aiFit tail.ts
    See section ‘Registering S3 methods’ in the ‘Writing R Extensions’
    manual.
Flavors: r-devel-linux-x86_64-debian-clang, r-devel-linux-x86_64-debian-gcc, r-devel-linux-x86_64-fedora-clang, r-devel-linux-x86_64-fedora-gcc, r-devel-osx-x86_64-clang, r-patched-linux-x86_64, r-release-linux-x86_64

Version: 2.3
Check: package dependencies
Result: ERROR
    Packages required but not available:
     ‘lmtest’ ‘systemfit’ ‘tseries’ ‘ggplot2’
    
    See section ‘The DESCRIPTION file’ in the ‘Writing R Extensions’
    manual.
Flavor: r-release-osx-x86_64-snowleopard