CRAN Package Check Results for Package erer

Last updated on 2016-02-14 23:48:00.

Flavor Version Tinstall Tcheck Ttotal Status Flags
r-devel-linux-x86_64-debian-gcc 2.4 4.32 52.31 56.63 OK
r-devel-linux-x86_64-fedora-clang 2.4 107.80 OK
r-devel-linux-x86_64-fedora-gcc 2.4 104.32 OK
r-devel-osx-x86_64-clang 2.4 116.33 OK
r-devel-windows-ix86+x86_64 2.4 18.00 87.00 105.00 OK
r-patched-linux-x86_64 2.4 7.19 55.91 63.10 OK
r-patched-solaris-sparc 2.4 705.70 OK
r-patched-solaris-x86 2.4 150.50 OK
r-release-linux-x86_64 2.4 5.23 56.17 61.40 OK
r-release-osx-x86_64-mavericks 2.4 OK
r-release-windows-ix86+x86_64 2.4 20.00 94.00 114.00 OK
r-oldrel-windows-ix86+x86_64 2.4 36.00 182.00 218.00 ERROR

Check Details

Version: 2.4
Check: examples
Result: ERROR
    Running examples in 'erer-Ex.R' failed
    The error occurred in:
    
    
    R version 3.1.3 (2015-03-09) -- "Smooth Sidewalk"
    Copyright (C) 2015 The R Foundation for Statistical Computing
    Platform: x86_64-w64-mingw32/x64 (64-bit)
    
    R is free software and comes with ABSOLUTELY NO WARRANTY.
    You are welcome to redistribute it under certain conditions.
    Type 'license()' or 'licence()' for distribution details.
    
     Natural language support but running in an English locale
    
    R is a collaborative project with many contributors.
    Type 'contributors()' for more information and
    'citation()' on how to cite R or R packages in publications.
    
    Type 'demo()' for some demos, 'help()' for on-line help, or
    'help.start()' for an HTML browser interface to help.
    Type 'q()' to quit R.
    
    > pkgname <- "erer"
    > source(file.path(R.home("share"), "R", "examples-header.R"))
    > options(warn = 1)
    > options(pager = "console")
    > library('erer')
    Loading required package: lmtest
    Loading required package: zoo
    
    Attaching package: 'zoo'
    
    The following objects are masked from 'package:base':
    
     as.Date, as.Date.numeric
    
    Error in loadNamespace(j <- i[[1L]], c(lib.loc, .libPaths()), versionCheck = vI[[j]]) :
     namespace 'nlme' 3.1-122 is being loaded, but >= 3.1.123 is required
    Error: package or namespace load failed for 'erer'
    Execution halted
Flavor: r-oldrel-windows-ix86+x86_64