CRAN Package Check Results for Package erer

Last updated on 2015-09-04 16:48:29.

Flavor Version Tinstall Tcheck Ttotal Status Flags
r-devel-linux-x86_64-debian-clang 2.4 4.59 53.18 57.77 OK
r-devel-linux-x86_64-debian-gcc 2.4 5.76 51.14 56.91 OK
r-devel-linux-x86_64-fedora-clang 2.4 116.14 OK
r-devel-linux-x86_64-fedora-gcc 2.4 64.44 OK
r-devel-osx-x86_64-clang 2.4 97.20 OK
r-devel-windows-ix86+x86_64 2.4 15.00 79.00 94.00 OK
r-patched-linux-x86_64 2.4 4.79 53.97 58.76 OK
r-patched-solaris-sparc 2.4 720.30 OK
r-patched-solaris-x86 2.4 165.40 OK
r-release-linux-x86_64 2.4 4.80 53.79 58.59 OK
r-release-osx-x86_64-mavericks 2.4 OK
r-release-windows-ix86+x86_64 2.4 6.00 1.00 7.00 ERROR
r-oldrel-windows-ix86+x86_64 2.4 28.00 151.00 179.00 OK

Check Details

Version: 2.4
Check: whether package can be installed
Result: ERROR
    Installation failed.
Flavor: r-release-windows-ix86+x86_64