CRAN Package Check Results for Package erer

Last updated on 2015-01-29 12:48:02.

Flavor Version Tinstall Tcheck Ttotal Status Flags
r-devel-linux-x86_64-debian-clang 2.3 4.64 53.14 57.78 NOTE
r-devel-linux-x86_64-debian-gcc 2.3 4.26 48.65 52.91 NOTE
r-devel-linux-x86_64-fedora-clang 2.3 152.82 NOTE
r-devel-linux-x86_64-fedora-gcc 2.3 127.61 NOTE
r-devel-osx-x86_64-clang 2.3 124.75 NOTE
r-devel-windows-ix86+x86_64 2.3 19.00 74.00 93.00 OK
r-patched-linux-x86_64 2.3 5.38 63.45 68.83 OK
r-patched-solaris-sparc 2.3 823.10 OK
r-patched-solaris-x86 2.3 192.90 OK
r-release-linux-ix86 2.3 6.28 74.22 80.50 OK
r-release-linux-x86_64 2.3 5.28 63.72 69.01 OK
r-release-osx-x86_64-mavericks 2.3 OK
r-release-osx-x86_64-snowleopard 2.3 OK
r-release-windows-ix86+x86_64 2.3 16.00 102.00 118.00 OK
r-oldrel-windows-ix86+x86_64 2.3 21.00 96.00 117.00 OK

Check Details

Version: 2.3
Check: S3 generic/method consistency
Result: NOTE
    Found the following apparent S3 methods exported but not registered:
     print.aiFit print.aidata print.evReturn print.evRisk print.maBina
     print.maTrend print.ocME print.ocProb print.urdf2 summary.aiFit
     plot.evReturn plot.maTrend plot.ocProb head.ts tail.ts
    See section ‘Registering S3 methods’ in the ‘Writing R Extensions’
    manual.
Flavors: r-devel-linux-x86_64-debian-clang, r-devel-linux-x86_64-debian-gcc, r-devel-linux-x86_64-fedora-clang, r-devel-linux-x86_64-fedora-gcc, r-devel-osx-x86_64-clang