CRAN Package Check Results for Package erer

Last updated on 2015-03-05 12:47:58.

Flavor Version Tinstall Tcheck Ttotal Status Flags
r-devel-linux-x86_64-debian-clang 2.3 4.72 54.11 58.82 NOTE
r-devel-linux-x86_64-debian-gcc 2.3 4.57 51.40 55.97 NOTE
r-devel-linux-x86_64-fedora-clang 2.3 115.11 NOTE
r-devel-linux-x86_64-fedora-gcc 2.3 111.09 NOTE
r-devel-osx-x86_64-clang 2.3 107.23 NOTE
r-devel-windows-ix86+x86_64 2.3 14.00 74.00 88.00 OK
r-patched-linux-x86_64 2.3 8.92 79.56 88.48 OK
r-patched-solaris-sparc 2.3 1001.30 OK
r-patched-solaris-x86 2.3 232.20 OK
r-release-linux-ix86 2.3 12.20 88.16 100.36 OK
r-release-linux-x86_64 2.3 10.14 78.86 89.00 OK
r-release-osx-x86_64-mavericks 2.3 OK
r-release-osx-x86_64-snowleopard 2.3 OK
r-release-windows-ix86+x86_64 2.3 7.00 1.00 8.00 ERROR
r-oldrel-windows-ix86+x86_64 2.3 22.00 124.00 146.00 OK

Check Details

Version: 2.3
Check: S3 generic/method consistency
Result: NOTE
    Found the following apparent S3 methods exported but not registered:
     head.ts plot.evReturn plot.maTrend plot.ocProb print.aiFit
     print.aidata print.evReturn print.evRisk print.maBina print.maTrend
     print.ocME print.ocProb print.urdf2 summary.aiFit tail.ts
    See section ‘Registering S3 methods’ in the ‘Writing R Extensions’
    manual.
Flavors: r-devel-linux-x86_64-debian-clang, r-devel-linux-x86_64-debian-gcc, r-devel-linux-x86_64-fedora-clang, r-devel-linux-x86_64-fedora-gcc, r-devel-osx-x86_64-clang

Version: 2.3
Check: whether package can be installed
Result: ERROR
    Installation failed.
Flavor: r-release-windows-ix86+x86_64