CRAN Package Check Results for Package ergm.count

Last updated on 2022-08-10 03:53:13 CEST.

Flavor Version Tinstall Tcheck Ttotal Status Flags
r-devel-linux-x86_64-debian-clang 4.1.1 13.94 700.45 714.39 OK
r-devel-linux-x86_64-debian-gcc 4.1.1 10.93 506.07 517.00 OK
r-devel-linux-x86_64-fedora-clang 4.1.1 845.25 OK
r-devel-linux-x86_64-fedora-gcc 4.1.1 856.05 OK
r-devel-windows-x86_64 4.1.1 29.00 733.00 762.00 OK
r-patched-linux-x86_64 4.1.1 57.62 641.06 698.68 WARN
r-release-linux-x86_64 4.1.1 OK
r-release-macos-arm64 4.1.1 337.00 OK
r-release-macos-x86_64 4.1.1 340.00 OK
r-release-windows-x86_64 4.1.1 36.00 764.00 800.00 OK
r-oldrel-macos-arm64 4.1.1 249.00 OK
r-oldrel-macos-x86_64 4.1.1 291.00 OK
r-oldrel-windows-ix86+x86_64 4.1.1 32.00 819.00 851.00 OK

Check Details

Version: 4.1.1
Check: whether package can be installed
Result: WARN
    Found the following significant warnings:
     Rd warning: no hsearch.rds meta data for package ergm.count
Flavor: r-patched-linux-x86_64