CRAN Package Check Results for Package ergm.count

Last updated on 2018-05-21 11:50:11 CEST.

Flavor Version Tinstall Tcheck Ttotal Status Flags
r-devel-linux-x86_64-debian-clang 3.2.2 5.26 77.80 83.06 NOTE
r-devel-linux-x86_64-debian-gcc 3.2.2 5.44 66.34 71.78 NOTE
r-devel-linux-x86_64-fedora-clang 3.2.2 116.30 NOTE
r-devel-linux-x86_64-fedora-gcc 3.2.2 112.75 NOTE
r-devel-windows-ix86+x86_64 3.2.2 20.00 151.00 171.00 OK
r-patched-linux-x86_64 3.2.2 6.47 76.57 83.04 NOTE
r-patched-solaris-x86 3.2.2 158.00 OK
r-release-linux-x86_64 3.2.2 5.67 76.85 82.52 NOTE
r-release-windows-ix86+x86_64 3.2.2 21.00 180.00 201.00 OK
r-release-osx-x86_64 3.2.2 OK
r-oldrel-windows-ix86+x86_64 3.2.2 12.00 155.00 167.00 OK
r-oldrel-osx-x86_64 3.2.2 OK

Check Details

Version: 3.2.2
Check: compiled code
Result: NOTE
    File ‘ergm.count/libs/ergm.count.so’:
     Found no calls to: ‘R_registerRoutines’, ‘R_useDynamicSymbols’
    
    It is good practice to register native routines and to disable symbol
    search.
    
    See ‘Writing portable packages’ in the ‘Writing R Extensions’ manual.
Flavors: r-devel-linux-x86_64-debian-clang, r-devel-linux-x86_64-debian-gcc, r-devel-linux-x86_64-fedora-clang, r-devel-linux-x86_64-fedora-gcc, r-patched-linux-x86_64, r-release-linux-x86_64