CRAN Package Check Results for Package ergm.count

Last updated on 2017-10-18 03:48:13.

Flavor Version Tinstall Tcheck Ttotal Status Flags
r-devel-linux-x86_64-debian-clang 3.2.2 3.53 55.33 58.86 NOTE
r-devel-linux-x86_64-debian-gcc 3.2.2 4.64 53.78 58.42 NOTE
r-devel-linux-x86_64-fedora-clang 3.2.2 122.89 NOTE
r-devel-linux-x86_64-fedora-gcc 3.2.2 122.37 NOTE
r-devel-windows-ix86+x86_64 3.2.2 11.00 141.00 152.00 OK
r-patched-linux-x86_64 3.2.2 3.66 53.56 57.22 NOTE
r-patched-solaris-x86 3.2.2 165.40 OK
r-release-linux-x86_64 3.2.2 3.66 53.24 56.91 NOTE
r-release-windows-ix86+x86_64 3.2.2 22.00 158.00 180.00 OK
r-release-osx-x86_64 3.2.2 OK
r-oldrel-windows-ix86+x86_64 3.2.2 16.00 156.00 172.00 OK
r-oldrel-osx-x86_64 3.2.2 OK

Check Details

Version: 3.2.2
Check: compiled code
Result: NOTE
    File ‘ergm.count/libs/ergm.count.so’:
     Found no calls to: ‘R_registerRoutines’, ‘R_useDynamicSymbols’
    
    It is good practice to register native routines and to disable symbol
    search.
    
    See ‘Writing portable packages’ in the ‘Writing R Extensions’ manual.
Flavors: r-devel-linux-x86_64-debian-clang, r-devel-linux-x86_64-debian-gcc, r-devel-linux-x86_64-fedora-clang, r-devel-linux-x86_64-fedora-gcc, r-patched-linux-x86_64, r-release-linux-x86_64