CRAN Package Check Results for Package ergm.count

Last updated on 2017-03-01 17:52:12.

Flavor Version Tinstall Tcheck Ttotal Status Flags
r-devel-linux-x86_64-debian-clang 3.2.2 3.38 55.50 58.88 NOTE
r-devel-linux-x86_64-debian-gcc 3.2.2 3.58 54.26 57.83 NOTE
r-devel-linux-x86_64-fedora-clang 3.2.2 139.43 NOTE --no-stop-on-test-error
r-devel-linux-x86_64-fedora-gcc 3.2.2 134.06 NOTE --no-stop-on-test-error
r-devel-macos-x86_64-clang 3.2.2 86.99 NOTE --no-stop-on-test-error
r-devel-windows-ix86+x86_64 3.2.2 12.00 177.00 189.00 OK
r-patched-linux-x86_64 3.2.2 3.53 45.84 49.37 OK
r-patched-solaris-sparc 3.2.2 787.30 OK
r-patched-solaris-x86 3.2.2 122.60 OK
r-release-linux-x86_64 3.2.2 3.56 46.21 49.77 OK
r-release-osx-x86_64-mavericks 3.2.2 OK
r-release-windows-ix86+x86_64 3.2.2 21.00 164.00 185.00 OK
r-oldrel-windows-ix86+x86_64 3.2.2 28.00 166.00 194.00 OK

Check Details

Version: 3.2.2
Check: compiled code
Result: NOTE
    File ‘ergm.count/libs/ergm.count.so’:
     Found no calls to: ‘R_registerRoutines’, ‘R_useDynamicSymbols’
    
    It is good practice to register native routines and to disable symbol
    search.
    
    See ‘Writing portable packages’ in the ‘Writing R Extensions’ manual.
Flavors: r-devel-linux-x86_64-debian-clang, r-devel-linux-x86_64-debian-gcc

Version: 3.2.2
Flags: --no-stop-on-test-error
Check: compiled code
Result: NOTE
    File ‘ergm.count/libs/ergm.count.so’:
     Found no calls to: ‘R_registerRoutines’, ‘R_useDynamicSymbols’
    
    It is good practice to register native routines and to disable symbol
    search.
    
    See ‘Writing portable packages’ in the ‘Writing R Extensions’ manual.
Flavors: r-devel-linux-x86_64-fedora-clang, r-devel-linux-x86_64-fedora-gcc, r-devel-macos-x86_64-clang