CRAN Package Check Results for Package ergm.count

Last updated on 2017-06-25 16:51:58.

Flavor Version Tinstall Tcheck Ttotal Status Flags
r-devel-linux-x86_64-debian-clang 3.2.2 3.40 54.20 57.60 NOTE
r-devel-linux-x86_64-debian-gcc 3.2.2 3.70 53.54 57.24 NOTE
r-devel-linux-x86_64-fedora-clang 3.2.2 137.31 NOTE
r-devel-linux-x86_64-fedora-gcc 3.2.2 134.73 NOTE
r-devel-windows-ix86+x86_64 3.2.2 19.00 177.00 196.00 OK
r-patched-linux-x86_64 3.2.2 3.87 53.39 57.26 NOTE
r-patched-solaris-sparc 3.2.2 874.90 OK
r-patched-solaris-x86 3.2.2 166.70 OK
r-release-linux-x86_64 3.2.2 3.93 52.40 56.33 NOTE
r-release-windows-ix86+x86_64 3.2.2 18.00 185.00 203.00 OK
r-release-osx-x86_64 3.2.2 OK
r-oldrel-windows-ix86+x86_64 3.2.2 13.00 164.00 177.00 OK
r-oldrel-osx-x86_64 3.2.2 OK

Check Details

Version: 3.2.2
Check: compiled code
Result: NOTE
    File ‘ergm.count/libs/ergm.count.so’:
     Found no calls to: ‘R_registerRoutines’, ‘R_useDynamicSymbols’
    
    It is good practice to register native routines and to disable symbol
    search.
    
    See ‘Writing portable packages’ in the ‘Writing R Extensions’ manual.
Flavors: r-devel-linux-x86_64-debian-clang, r-devel-linux-x86_64-debian-gcc, r-devel-linux-x86_64-fedora-clang, r-devel-linux-x86_64-fedora-gcc, r-patched-linux-x86_64, r-release-linux-x86_64