CRAN Package Check Results for Package ergm.count

Last updated on 2017-08-18 17:47:41.

Flavor Version Tinstall Tcheck Ttotal Status Flags
r-devel-linux-x86_64-debian-clang 3.2.2 3.30 56.00 59.30 NOTE
r-devel-linux-x86_64-debian-gcc 3.2.2 3.46 53.46 56.92 NOTE
r-devel-linux-x86_64-fedora-clang 3.2.2 136.76 NOTE
r-devel-linux-x86_64-fedora-gcc 3.2.2 133.68 NOTE
r-devel-windows-ix86+x86_64 3.2.2 13.00 152.00 165.00 OK
r-patched-linux-x86_64 3.2.2 3.58 53.14 56.72 NOTE
r-patched-solaris-x86 3.2.2 165.30 OK
r-release-linux-x86_64 3.2.2 3.56 53.27 56.82 NOTE
r-release-windows-ix86+x86_64 3.2.2 18.00 175.00 193.00 OK
r-release-osx-x86_64 3.2.2 OK
r-oldrel-windows-ix86+x86_64 3.2.2 13.00 122.00 135.00 OK
r-oldrel-osx-x86_64 3.2.2 OK

Check Details

Version: 3.2.2
Check: compiled code
Result: NOTE
    File ‘ergm.count/libs/ergm.count.so’:
     Found no calls to: ‘R_registerRoutines’, ‘R_useDynamicSymbols’
    
    It is good practice to register native routines and to disable symbol
    search.
    
    See ‘Writing portable packages’ in the ‘Writing R Extensions’ manual.
Flavors: r-devel-linux-x86_64-debian-clang, r-devel-linux-x86_64-debian-gcc, r-devel-linux-x86_64-fedora-clang, r-devel-linux-x86_64-fedora-gcc, r-patched-linux-x86_64, r-release-linux-x86_64