CRAN Package Check Results for Package ergm.count

Last updated on 2017-12-15 08:48:37 CET.

Flavor Version Tinstall Tcheck Ttotal Status Flags
r-devel-linux-x86_64-debian-clang 3.2.2 4.50 38.99 43.49 FAIL
r-devel-linux-x86_64-debian-gcc 3.2.2 4.23 60.92 65.15 NOTE
r-devel-linux-x86_64-fedora-clang 3.2.2 110.45 NOTE
r-devel-linux-x86_64-fedora-gcc 3.2.2 105.58 NOTE
r-devel-windows-ix86+x86_64 3.2.2 17.00 140.00 157.00 OK
r-patched-linux-x86_64 3.2.2 4.70 83.54 88.24 NOTE
r-patched-solaris-x86 3.2.2 161.10 OK
r-release-linux-x86_64 3.2.2 4.83 82.15 86.98 NOTE
r-release-windows-ix86+x86_64 3.2.2 13.00 140.00 153.00 OK
r-release-osx-x86_64 3.2.2 OK
r-oldrel-windows-ix86+x86_64 3.2.2 13.00 163.00 176.00 OK
r-oldrel-osx-x86_64 3.2.2 OK

Check Details

Version: 3.2.2
Check: pragmas in C/C++ headers and code
Result: FAIL
    
Flavor: r-devel-linux-x86_64-debian-clang

Version: 3.2.2
Check: compiled code
Result: NOTE
    File ‘ergm.count/libs/ergm.count.so’:
     Found no calls to: ‘R_registerRoutines’, ‘R_useDynamicSymbols’
    
    It is good practice to register native routines and to disable symbol
    search.
    
    See ‘Writing portable packages’ in the ‘Writing R Extensions’ manual.
Flavors: r-devel-linux-x86_64-debian-gcc, r-devel-linux-x86_64-fedora-clang, r-devel-linux-x86_64-fedora-gcc, r-patched-linux-x86_64, r-release-linux-x86_64