CRAN Package Check Results for Package ergm.count

Last updated on 2019-10-16 04:46:17 CEST.

Flavor Version Tinstall Tcheck Ttotal Status Flags
r-devel-linux-x86_64-debian-clang 3.4.0 9.49 82.29 91.78 OK
r-devel-linux-x86_64-debian-gcc 3.4.0 8.25 62.74 70.99 OK
r-devel-linux-x86_64-fedora-clang 3.4.0 113.01 OK
r-devel-linux-x86_64-fedora-gcc 3.4.0 107.43 OK
r-devel-windows-ix86+x86_64 3.4.0 24.00 192.00 216.00 OK
r-patched-linux-x86_64 3.4.0 8.11 77.43 85.54 OK
r-patched-solaris-x86 3.4.0 168.90 OK
r-release-linux-x86_64 3.4.0 9.58 78.15 87.73 OK
r-release-windows-ix86+x86_64 3.4.0 22.00 190.00 212.00 OK
r-release-osx-x86_64 3.4.0 OK
r-oldrel-windows-ix86+x86_64 3.4.0 17.00 136.00 153.00 OK
r-oldrel-osx-x86_64 3.4.0 ERROR

Check Details

Version: 3.4.0
Check: package dependencies
Result: ERROR
    Package required and available but unsuitable version: ‘ergm’
    
    See section ‘The DESCRIPTION file’ in the ‘Writing R Extensions’
    manual.
Flavor: r-oldrel-osx-x86_64