CRAN Package Check Results for Package ergm.count

Last updated on 2014-04-17 10:47:48.

Flavor Version Tinstall Tcheck Ttotal Status Flags
r-devel-linux-x86_64-debian-clang 3.1.1 103.27 47.59 150.86 OK
r-devel-linux-x86_64-debian-gcc 3.1.1 4.63 47.73 52.36 OK
r-devel-linux-x86_64-fedora-clang 3.1.1 117.93 OK
r-devel-linux-x86_64-fedora-gcc 3.1.1 112.79 OK
r-devel-macosx-x86_64-clang 3.1.1 98.00 OK
r-devel-macosx-x86_64-gcc 3.1.1 ERROR
r-devel-windows-ix86+x86_64 3.1.1 16.00 91.00 107.00 OK
r-patched-linux-x86_64 3.1.1 4.63 49.20 53.83 OK
r-patched-solaris-sparc 3.1.1 644.30 OK
r-patched-solaris-x86 3.1.1 150.80 OK
r-release-linux-ix86 3.1.1 9.00 78.00 87.00 OK
r-release-linux-x86_64 3.1.1 4.43 47.54 51.96 OK
r-release-macosx-x86_64 3.1.1 OK
r-release-windows-ix86+x86_64 3.1.1 16.00 101.00 117.00 OK
r-oldrel-windows-ix86+x86_64 3.1.1 17.00 91.00 108.00 OK

Check Details

Version: 3.1.1
Check: package dependencies
Result: ERROR
    Package required but not available: ‘ergm’
    
    See the information on DESCRIPTION files in the chapter ‘Creating R
    packages’ of the ‘Writing R Extensions’ manual.
Flavor: r-devel-macosx-x86_64-gcc