CRAN Package Check Results for Package ergm.count

Last updated on 2024-07-19 19:50:06 CEST.

Flavor Version Tinstall Tcheck Ttotal Status Flags
r-devel-linux-x86_64-debian-clang 4.1.2 12.99 575.06 588.05 OK
r-devel-linux-x86_64-debian-gcc 4.1.2 10.08 423.22 433.30 OK
r-devel-linux-x86_64-fedora-clang 4.1.2 755.72 OK
r-devel-linux-x86_64-fedora-gcc 4.1.2 752.25 OK
r-devel-windows-x86_64 4.1.2 15.00 514.00 529.00 NOTE
r-patched-linux-x86_64 4.1.2 16.61 575.32 591.93 OK
r-release-linux-x86_64 4.1.2 10.51 572.66 583.17 OK
r-release-macos-arm64 4.1.2 222.00 OK
r-release-macos-x86_64 4.1.2 604.00 OK
r-release-windows-x86_64 4.1.2 15.00 555.00 570.00 OK
r-oldrel-macos-arm64 4.1.2 245.00 ERROR
r-oldrel-macos-x86_64 4.1.2 514.00 ERROR
r-oldrel-windows-x86_64 4.1.2 19.00 567.00 586.00 OK

Check Details

Version: 4.1.2
Check: Rd cross-references
Result: NOTE Found the following Rd file(s) with Rd \link{} targets missing package anchors: Binomial-ergmReference-cdff43a4.Rd: ergmTerm, ergmReference CMB-ergmTerm-5a51afe9.Rd: ergmTerm CMP-ergmTerm-4d501174.Rd: ergmTerm Disc-ergmProposal-b6c6e5ca.Rd: DiscUnif-ergmReference, ergmProposal DiscTNT-ergmProposal-c3c2e8cb.Rd: DiscUnif-ergmReference, ergmProposal, TNT-ergmProposal Geometric-ergmReference-1ee5c5ac.Rd: sum-ergmTerm, ergmReference Poisson-ergmReference-40df5ec8.Rd: ergmTerm, ergmReference ZIPoisson-ergmProposal-bba55a81.Rd: ergmProposal ergm.count-package.Rd: ergm-package, ergmReference, ergmTerm, ergm, control.ergm zach.Rd: network Please provide package anchors for all Rd \link{} targets not in the package itself and the base packages. Flavor: r-devel-windows-x86_64

Version: 4.1.2
Check: running R code from vignettes
Result: ERROR Errors in running code in vignettes: when running code in ‘valued.Rmd’ ... > par(mar = rep(0, 4)) > plot(zach, edge.col = zach.ecol, vertex.col = zach.vcol, + displaylabels = TRUE) > summary(samplk.tot ~ sum) When sourcing ‘valued.R’: Error: ERGM term ‘sum’ function ‘InitErgmTerm.sum’ not found. Execution halted ‘valued.Rmd’ using ‘UTF-8’... failed Flavors: r-oldrel-macos-arm64, r-oldrel-macos-x86_64