CRAN Package Check Results for Package ergm.graphlets

Last updated on 2018-02-24 10:48:46 CET.

Flavor Version Tinstall Tcheck Ttotal Status Flags
r-devel-linux-x86_64-debian-clang 1.0.3 51.69 62.62 114.31 NOTE
r-devel-linux-x86_64-debian-gcc 1.0.3 35.25 49.40 84.65 NOTE
r-devel-linux-x86_64-fedora-clang 1.0.3 146.85 NOTE
r-devel-linux-x86_64-fedora-gcc 1.0.3 130.65 NOTE
r-devel-windows-ix86+x86_64 1.0.3 105.00 138.00 243.00 OK
r-patched-linux-x86_64 1.0.3 36.36 66.21 102.57 NOTE
r-patched-solaris-x86 1.0.3 309.90 OK
r-release-linux-x86_64 1.0.3 39.22 65.97 105.19 NOTE
r-release-windows-ix86+x86_64 1.0.3 114.00 144.00 258.00 OK
r-release-osx-x86_64 1.0.3 OK
r-oldrel-windows-ix86+x86_64 1.0.3 83.00 136.00 219.00 OK
r-oldrel-osx-x86_64 1.0.3 OK

Check Details

Version: 1.0.3
Check: compiled code
Result: NOTE
    File ‘ergm.graphlets/libs/ergm.graphlets.so’:
     Found no calls to: ‘R_registerRoutines’, ‘R_useDynamicSymbols’
    
    It is good practice to register native routines and to disable symbol
    search.
    
    See ‘Writing portable packages’ in the ‘Writing R Extensions’ manual.
Flavors: r-devel-linux-x86_64-debian-clang, r-devel-linux-x86_64-debian-gcc, r-devel-linux-x86_64-fedora-clang, r-devel-linux-x86_64-fedora-gcc, r-patched-linux-x86_64, r-release-linux-x86_64