CRAN Package Check Results for Package ergm.graphlets

Last updated on 2017-11-21 06:47:31 CET.

Flavor Version Tinstall Tcheck Ttotal Status Flags
r-devel-linux-x86_64-debian-clang 1.0.3 35.76 40.18 75.94 NOTE
r-devel-linux-x86_64-debian-gcc 1.0.3 32.75 40.24 72.98 NOTE
r-devel-linux-x86_64-fedora-clang 1.0.3 146.75 NOTE
r-devel-linux-x86_64-fedora-gcc 1.0.3 174.15 NOTE
r-devel-windows-ix86+x86_64 1.0.3 106.00 113.00 219.00 OK
r-patched-linux-x86_64 1.0.3 28.48 44.61 73.08 NOTE
r-patched-solaris-x86 1.0.3 309.30 OK
r-release-linux-x86_64 1.0.3 28.31 43.56 71.87 NOTE
r-release-windows-ix86+x86_64 1.0.3 83.00 104.00 187.00 OK
r-release-osx-x86_64 1.0.3 OK
r-oldrel-windows-ix86+x86_64 1.0.3 79.00 126.00 205.00 OK
r-oldrel-osx-x86_64 1.0.3 OK

Check Details

Version: 1.0.3
Check: compiled code
Result: NOTE
    File ‘ergm.graphlets/libs/ergm.graphlets.so’:
     Found no calls to: ‘R_registerRoutines’, ‘R_useDynamicSymbols’
    
    It is good practice to register native routines and to disable symbol
    search.
    
    See ‘Writing portable packages’ in the ‘Writing R Extensions’ manual.
Flavors: r-devel-linux-x86_64-debian-clang, r-devel-linux-x86_64-debian-gcc, r-devel-linux-x86_64-fedora-clang, r-devel-linux-x86_64-fedora-gcc, r-patched-linux-x86_64, r-release-linux-x86_64