CRAN Package Check Results for Package ergm.graphlets

Last updated on 2017-03-28 23:50:20.

Flavor Version Tinstall Tcheck Ttotal Status Flags
r-devel-linux-x86_64-debian-clang 1.0.3 44.51 43.19 87.70 NOTE
r-devel-linux-x86_64-debian-gcc 1.0.3 27.13 41.88 69.01 NOTE
r-devel-linux-x86_64-fedora-clang 1.0.3 184.83 NOTE --no-stop-on-test-error
r-devel-linux-x86_64-fedora-gcc 1.0.3 153.51 NOTE --no-stop-on-test-error
r-devel-macos-x86_64-clang 1.0.3 138.14 NOTE --no-stop-on-test-error
r-devel-windows-ix86+x86_64 1.0.3 79.00 112.00 191.00 OK
r-patched-linux-x86_64 1.0.3 22.48 42.75 65.22 NOTE
r-patched-solaris-sparc 1.0.3 973.30 OK
r-patched-solaris-x86 1.0.3 360.30 OK
r-release-linux-x86_64 1.0.3 20.80 37.22 58.02 OK
r-release-osx-x86_64-mavericks 1.0.3 OK
r-release-windows-ix86+x86_64 1.0.3 111.00 98.00 209.00 OK
r-oldrel-windows-ix86+x86_64 1.0.3 76.00 101.00 177.00 OK

Check Details

Version: 1.0.3
Check: compiled code
Result: NOTE
    File ‘ergm.graphlets/libs/ergm.graphlets.so’:
     Found no calls to: ‘R_registerRoutines’, ‘R_useDynamicSymbols’
    
    It is good practice to register native routines and to disable symbol
    search.
    
    See ‘Writing portable packages’ in the ‘Writing R Extensions’ manual.
Flavors: r-devel-linux-x86_64-debian-clang, r-devel-linux-x86_64-debian-gcc, r-patched-linux-x86_64

Version: 1.0.3
Flags: --no-stop-on-test-error
Check: compiled code
Result: NOTE
    File ‘ergm.graphlets/libs/ergm.graphlets.so’:
     Found no calls to: ‘R_registerRoutines’, ‘R_useDynamicSymbols’
    
    It is good practice to register native routines and to disable symbol
    search.
    
    See ‘Writing portable packages’ in the ‘Writing R Extensions’ manual.
Flavors: r-devel-linux-x86_64-fedora-clang, r-devel-linux-x86_64-fedora-gcc, r-devel-macos-x86_64-clang