CRAN Package Check Results for Package ergm.graphlets

Last updated on 2015-01-26 10:47:05.

Flavor Version Tinstall Tcheck Ttotal Status Flags
r-devel-linux-x86_64-debian-clang 1.0.2 24.94 48.82 73.76 NOTE
r-devel-linux-x86_64-debian-gcc 1.0.2 27.20 44.92 72.12 NOTE
r-devel-linux-x86_64-fedora-clang 1.0.2 185.55 NOTE
r-devel-linux-x86_64-fedora-gcc 1.0.2 185.39 NOTE
r-devel-osx-x86_64-clang 1.0.2 142.47 NOTE
r-devel-windows-ix86+x86_64 1.0.2 94.00 99.00 193.00 NOTE
r-patched-linux-x86_64 1.0.2 27.24 56.74 83.98 NOTE
r-patched-solaris-sparc 1.0.2 1195.00 NOTE
r-patched-solaris-x86 1.0.2 413.80 NOTE
r-release-linux-ix86 1.0.2 32.14 69.92 102.06 NOTE
r-release-linux-x86_64 1.0.2 28.65 58.81 87.46 NOTE
r-release-osx-x86_64-mavericks 1.0.2 NOTE
r-release-osx-x86_64-snowleopard 1.0.2 OK
r-release-windows-ix86+x86_64 1.0.2 67.00 130.00 197.00 NOTE
r-oldrel-windows-ix86+x86_64 1.0.2 103.00 134.00 237.00 OK

Check Details

Version: 1.0.2
Check: R code for possible problems
Result: NOTE
    .onAttach: no visible global function definition for
     ‘statnetStartupMessage’
    InitErgmTerm.graphletCount: no visible global function definition for
     ‘check.ErgmTerm’
    InitErgmTerm.grorbitCov: no visible global function definition for
     ‘check.ErgmTerm’
    InitErgmTerm.grorbitCov: no visible global function definition for
     ‘get.node.attr’
    InitErgmTerm.grorbitCov: no visible global function definition for
     ‘network.size’
    InitErgmTerm.grorbitDist: no visible global function definition for
     ‘check.ErgmTerm’
    InitErgmTerm.grorbitDist: no visible global function definition for
     ‘network.size’
    InitErgmTerm.grorbitDist: no visible global function definition for
     ‘network.edgecount’
    InitErgmTerm.grorbitFactor: no visible global function definition for
     ‘check.ErgmTerm’
    InitErgmTerm.grorbitFactor: no visible global function definition for
     ‘get.node.attr’
    InitErgmTerm.grorbitFactor: no visible global function definition for
     ‘network.size’
Flavors: r-devel-linux-x86_64-debian-clang, r-devel-linux-x86_64-debian-gcc, r-devel-linux-x86_64-fedora-clang, r-devel-linux-x86_64-fedora-gcc, r-devel-osx-x86_64-clang, r-devel-windows-ix86+x86_64, r-patched-linux-x86_64, r-patched-solaris-sparc, r-patched-solaris-x86, r-release-linux-ix86, r-release-linux-x86_64, r-release-osx-x86_64-mavericks, r-release-windows-ix86+x86_64