CRAN Package Check Results for Package ergm.graphlets

Last updated on 2015-03-04 00:47:06.

Flavor Version Tinstall Tcheck Ttotal Status Flags
r-devel-linux-x86_64-debian-clang 1.0.2 18.48 45.30 63.78 NOTE
r-devel-linux-x86_64-debian-gcc 1.0.2 25.54 43.05 68.59 NOTE
r-devel-linux-x86_64-fedora-clang 1.0.2 145.45 NOTE
r-devel-linux-x86_64-fedora-gcc 1.0.2 140.04 NOTE
r-devel-osx-x86_64-clang 1.0.2 107.20 NOTE
r-devel-windows-ix86+x86_64 1.0.2 72.00 100.00 172.00 NOTE
r-patched-linux-x86_64 1.0.2 28.74 61.36 90.10 NOTE
r-patched-solaris-sparc 1.0.2 1233.60 NOTE
r-patched-solaris-x86 1.0.2 411.10 NOTE
r-release-linux-ix86 1.0.2 34.29 71.49 105.78 NOTE
r-release-linux-x86_64 1.0.2 28.87 59.23 88.10 NOTE
r-release-osx-x86_64-mavericks 1.0.2 NOTE
r-release-osx-x86_64-snowleopard 1.0.2 OK
r-release-windows-ix86+x86_64 1.0.2 78.00 181.00 259.00 NOTE
r-oldrel-windows-ix86+x86_64 1.0.2 75.00 142.00 217.00 OK

Check Details

Version: 1.0.2
Check: R code for possible problems
Result: NOTE
    .onAttach: no visible global function definition for
     ‘statnetStartupMessage’
    InitErgmTerm.graphletCount: no visible global function definition for
     ‘check.ErgmTerm’
    InitErgmTerm.grorbitCov: no visible global function definition for
     ‘check.ErgmTerm’
    InitErgmTerm.grorbitCov: no visible global function definition for
     ‘get.node.attr’
    InitErgmTerm.grorbitCov: no visible global function definition for
     ‘network.size’
    InitErgmTerm.grorbitDist: no visible global function definition for
     ‘check.ErgmTerm’
    InitErgmTerm.grorbitDist: no visible global function definition for
     ‘network.size’
    InitErgmTerm.grorbitDist: no visible global function definition for
     ‘network.edgecount’
    InitErgmTerm.grorbitFactor: no visible global function definition for
     ‘check.ErgmTerm’
    InitErgmTerm.grorbitFactor: no visible global function definition for
     ‘get.node.attr’
    InitErgmTerm.grorbitFactor: no visible global function definition for
     ‘network.size’
Flavors: r-devel-linux-x86_64-debian-clang, r-devel-linux-x86_64-debian-gcc, r-devel-linux-x86_64-fedora-clang, r-devel-linux-x86_64-fedora-gcc, r-devel-osx-x86_64-clang, r-devel-windows-ix86+x86_64, r-patched-linux-x86_64, r-patched-solaris-sparc, r-patched-solaris-x86, r-release-linux-ix86, r-release-linux-x86_64, r-release-osx-x86_64-mavericks, r-release-windows-ix86+x86_64