CRAN Package Check Results for Package ergm.graphlets

Last updated on 2015-05-29 15:46:32.

Flavor Version Tinstall Tcheck Ttotal Status Flags
r-devel-linux-x86_64-debian-clang 1.0.2 23.10 43.80 66.89 NOTE
r-devel-linux-x86_64-debian-gcc 1.0.2 27.10 44.66 71.76 NOTE
r-devel-linux-x86_64-fedora-clang 1.0.2 151.55 NOTE
r-devel-linux-x86_64-fedora-gcc 1.0.2 141.66 NOTE
r-devel-osx-x86_64-clang 1.0.2 111.06 NOTE
r-devel-windows-ix86+x86_64 1.0.2 71.00 100.00 171.00 NOTE
r-patched-linux-x86_64 1.0.2 27.16 43.72 70.88 NOTE
r-patched-solaris-sparc 1.0.2 1021.90 NOTE
r-patched-solaris-x86 1.0.2 354.60 NOTE
r-release-linux-x86_64 1.0.2 28.03 43.41 71.44 NOTE
r-release-osx-x86_64-mavericks 1.0.2 ERROR
r-release-osx-x86_64-snowleopard 1.0.2 OK
r-release-windows-ix86+x86_64 1.0.2 66.00 100.00 166.00 NOTE
r-oldrel-windows-ix86+x86_64 1.0.2 77.00 141.00 218.00 NOTE

Check Details

Version: 1.0.2
Check: R code for possible problems
Result: NOTE
    .onAttach: no visible global function definition for
     ‘statnetStartupMessage’
    InitErgmTerm.graphletCount: no visible global function definition for
     ‘check.ErgmTerm’
    InitErgmTerm.grorbitCov: no visible global function definition for
     ‘check.ErgmTerm’
    InitErgmTerm.grorbitCov: no visible global function definition for
     ‘get.node.attr’
    InitErgmTerm.grorbitCov: no visible global function definition for
     ‘network.size’
    InitErgmTerm.grorbitDist: no visible global function definition for
     ‘check.ErgmTerm’
    InitErgmTerm.grorbitDist: no visible global function definition for
     ‘network.size’
    InitErgmTerm.grorbitDist: no visible global function definition for
     ‘network.edgecount’
    InitErgmTerm.grorbitFactor: no visible global function definition for
     ‘check.ErgmTerm’
    InitErgmTerm.grorbitFactor: no visible global function definition for
     ‘get.node.attr’
    InitErgmTerm.grorbitFactor: no visible global function definition for
     ‘network.size’
Flavors: r-devel-linux-x86_64-debian-clang, r-devel-linux-x86_64-debian-gcc, r-devel-linux-x86_64-fedora-clang, r-devel-linux-x86_64-fedora-gcc, r-devel-osx-x86_64-clang, r-devel-windows-ix86+x86_64, r-patched-linux-x86_64, r-patched-solaris-sparc, r-patched-solaris-x86, r-release-linux-x86_64, r-release-windows-ix86+x86_64, r-oldrel-windows-ix86+x86_64

Version: 1.0.2
Check: package dependencies
Result: ERROR
    Package required but not available: ‘statnet’
    
    See section ‘The DESCRIPTION file’ in the ‘Writing R Extensions’
    manual.
Flavor: r-release-osx-x86_64-mavericks