CRAN Package Check Results for Package ergm.graphlets

Last updated on 2017-09-22 10:47:16.

Flavor Version Tinstall Tcheck Ttotal Status Flags
r-devel-linux-x86_64-debian-clang 1.0.3 35.12 43.23 78.35 NOTE
r-devel-linux-x86_64-debian-gcc 1.0.3 27.49 42.43 69.91 NOTE
r-devel-linux-x86_64-fedora-clang 1.0.3 173.47 NOTE
r-devel-linux-x86_64-fedora-gcc 1.0.3 146.87 NOTE
r-devel-windows-ix86+x86_64 1.0.3 77.00 110.00 187.00 OK
r-patched-linux-x86_64 1.0.3 26.82 43.06 69.88 NOTE
r-patched-solaris-x86 1.0.3 303.30 OK
r-release-linux-x86_64 1.0.3 27.72 43.53 71.25 NOTE
r-release-windows-ix86+x86_64 1.0.3 80.00 120.00 200.00 OK
r-release-osx-x86_64 1.0.3 OK
r-oldrel-windows-ix86+x86_64 1.0.3 74.00 93.00 167.00 OK
r-oldrel-osx-x86_64 1.0.3 OK

Check Details

Version: 1.0.3
Check: compiled code
Result: NOTE
    File ‘ergm.graphlets/libs/ergm.graphlets.so’:
     Found no calls to: ‘R_registerRoutines’, ‘R_useDynamicSymbols’
    
    It is good practice to register native routines and to disable symbol
    search.
    
    See ‘Writing portable packages’ in the ‘Writing R Extensions’ manual.
Flavors: r-devel-linux-x86_64-debian-clang, r-devel-linux-x86_64-debian-gcc, r-devel-linux-x86_64-fedora-clang, r-devel-linux-x86_64-fedora-gcc, r-patched-linux-x86_64, r-release-linux-x86_64