CRAN Package Check Results for Package ergm.graphlets

Last updated on 2017-07-25 19:48:05.

Flavor Version Tinstall Tcheck Ttotal Status Flags
r-devel-linux-x86_64-debian-clang 1.0.3 44.89 49.57 94.45 NOTE
r-devel-linux-x86_64-debian-gcc 1.0.3 27.95 48.49 76.45 NOTE
r-devel-linux-x86_64-fedora-clang 1.0.3 188.75 NOTE
r-devel-linux-x86_64-fedora-gcc 1.0.3 152.53 NOTE
r-devel-windows-ix86+x86_64 1.0.3 85.00 99.00 184.00 OK
r-patched-linux-x86_64 1.0.3 27.58 49.80 77.38 NOTE
r-patched-solaris-x86 1.0.3 337.00 OK
r-release-linux-x86_64 1.0.3 28.42 49.03 77.44 NOTE
r-release-windows-ix86+x86_64 1.0.3 72.00 155.00 227.00 OK
r-release-osx-x86_64 1.0.3 OK
r-oldrel-windows-ix86+x86_64 1.0.3 80.00 101.00 181.00 OK
r-oldrel-osx-x86_64 1.0.3 OK

Check Details

Version: 1.0.3
Check: compiled code
Result: NOTE
    File ‘ergm.graphlets/libs/ergm.graphlets.so’:
     Found no calls to: ‘R_registerRoutines’, ‘R_useDynamicSymbols’
    
    It is good practice to register native routines and to disable symbol
    search.
    
    See ‘Writing portable packages’ in the ‘Writing R Extensions’ manual.
Flavors: r-devel-linux-x86_64-debian-clang, r-devel-linux-x86_64-debian-gcc, r-devel-linux-x86_64-fedora-clang, r-devel-linux-x86_64-fedora-gcc, r-patched-linux-x86_64, r-release-linux-x86_64