CRAN Package Check Results for Package ergm.graphlets

Last updated on 2014-11-28 17:51:33.

Flavor Version Tinstall Tcheck Ttotal Status Flags
r-devel-linux-x86_64-debian-clang 1.0.2 20.84 52.02 72.86 NOTE
r-devel-linux-x86_64-debian-gcc 1.0.2 27.41 52.52 79.93 NOTE
r-devel-linux-x86_64-fedora-clang 1.0.2 177.62 NOTE
r-devel-linux-x86_64-fedora-gcc 1.0.2 198.97 NOTE
r-devel-osx-x86_64-clang 1.0.2 133.86 NOTE
r-devel-windows-ix86+x86_64 1.0.2 60.00 118.00 178.00 NOTE
r-patched-linux-x86_64 1.0.2 27.70 52.56 80.26 NOTE
r-patched-solaris-sparc 1.0.2 1023.00 OK
r-patched-solaris-x86 1.0.2 411.00 NOTE
r-release-linux-ix86 1.0.2 32.16 64.85 97.02 NOTE
r-release-linux-x86_64 1.0.2 27.14 53.42 80.56 NOTE
r-release-osx-x86_64-mavericks 1.0.2 OK
r-release-osx-x86_64-snowleopard 1.0.2 OK
r-release-windows-ix86+x86_64 1.0.2 73.00 119.00 192.00 NOTE
r-oldrel-windows-ix86+x86_64 1.0.2 71.00 120.00 191.00 OK

Check Details

Version: 1.0.2
Check: R code for possible problems
Result: NOTE
    .onAttach: no visible global function definition for
     ‘statnetStartupMessage’
    InitErgmTerm.graphletCount: no visible global function definition for
     ‘check.ErgmTerm’
    InitErgmTerm.grorbitCov: no visible global function definition for
     ‘check.ErgmTerm’
    InitErgmTerm.grorbitCov: no visible global function definition for
     ‘get.node.attr’
    InitErgmTerm.grorbitCov: no visible global function definition for
     ‘network.size’
    InitErgmTerm.grorbitDist: no visible global function definition for
     ‘check.ErgmTerm’
    InitErgmTerm.grorbitDist: no visible global function definition for
     ‘network.size’
    InitErgmTerm.grorbitDist: no visible global function definition for
     ‘network.edgecount’
    InitErgmTerm.grorbitFactor: no visible global function definition for
     ‘check.ErgmTerm’
    InitErgmTerm.grorbitFactor: no visible global function definition for
     ‘get.node.attr’
    InitErgmTerm.grorbitFactor: no visible global function definition for
     ‘network.size’
Flavors: r-devel-linux-x86_64-debian-clang, r-devel-linux-x86_64-debian-gcc, r-devel-linux-x86_64-fedora-clang, r-devel-linux-x86_64-fedora-gcc, r-devel-osx-x86_64-clang, r-devel-windows-ix86+x86_64, r-patched-linux-x86_64, r-patched-solaris-x86, r-release-linux-ix86, r-release-linux-x86_64, r-release-windows-ix86+x86_64