CRAN Package Check Results for Package ergm.graphlets

Last updated on 2014-12-20 15:46:24.

Flavor Version Tinstall Tcheck Ttotal Status Flags
r-devel-linux-x86_64-debian-clang 1.0.2 20.65 56.57 77.22 NOTE
r-devel-linux-x86_64-debian-gcc 1.0.2 27.14 54.73 81.87 NOTE
r-devel-linux-x86_64-fedora-clang 1.0.2 183.05 NOTE
r-devel-linux-x86_64-fedora-gcc 1.0.2 174.28 NOTE
r-devel-osx-x86_64-clang 1.0.2 142.72 NOTE
r-devel-windows-ix86+x86_64 1.0.2 73.00 122.00 195.00 NOTE
r-patched-linux-x86_64 1.0.2 28.02 56.57 84.59 NOTE
r-patched-solaris-sparc 1.0.2 1023.00 OK
r-patched-solaris-x86 1.0.2 421.30 NOTE
r-release-linux-ix86 1.0.2 32.28 69.61 101.89 NOTE
r-release-linux-x86_64 1.0.2 27.57 56.36 83.93 NOTE
r-release-osx-x86_64-mavericks 1.0.2 OK
r-release-osx-x86_64-snowleopard 1.0.2 OK
r-release-windows-ix86+x86_64 1.0.2 80.00 134.00 214.00 NOTE
r-oldrel-windows-ix86+x86_64 1.0.2 70.00 140.00 210.00 OK

Check Details

Version: 1.0.2
Check: R code for possible problems
Result: NOTE
    .onAttach: no visible global function definition for
     ‘statnetStartupMessage’
    InitErgmTerm.graphletCount: no visible global function definition for
     ‘check.ErgmTerm’
    InitErgmTerm.grorbitCov: no visible global function definition for
     ‘check.ErgmTerm’
    InitErgmTerm.grorbitCov: no visible global function definition for
     ‘get.node.attr’
    InitErgmTerm.grorbitCov: no visible global function definition for
     ‘network.size’
    InitErgmTerm.grorbitDist: no visible global function definition for
     ‘check.ErgmTerm’
    InitErgmTerm.grorbitDist: no visible global function definition for
     ‘network.size’
    InitErgmTerm.grorbitDist: no visible global function definition for
     ‘network.edgecount’
    InitErgmTerm.grorbitFactor: no visible global function definition for
     ‘check.ErgmTerm’
    InitErgmTerm.grorbitFactor: no visible global function definition for
     ‘get.node.attr’
    InitErgmTerm.grorbitFactor: no visible global function definition for
     ‘network.size’
Flavors: r-devel-linux-x86_64-debian-clang, r-devel-linux-x86_64-debian-gcc, r-devel-linux-x86_64-fedora-clang, r-devel-linux-x86_64-fedora-gcc, r-devel-osx-x86_64-clang, r-devel-windows-ix86+x86_64, r-patched-linux-x86_64, r-patched-solaris-x86, r-release-linux-ix86, r-release-linux-x86_64, r-release-windows-ix86+x86_64