CRAN Package Check Results for Package ergm.graphlets

Last updated on 2017-05-26 06:46:39.

Flavor Version Tinstall Tcheck Ttotal Status Flags
r-devel-linux-x86_64-debian-clang 1.0.3 44.65 42.44 87.08 NOTE
r-devel-linux-x86_64-debian-gcc 1.0.3 26.99 42.67 69.66 NOTE
r-devel-linux-x86_64-fedora-clang 1.0.3 182.12 NOTE --no-stop-on-test-error
r-devel-linux-x86_64-fedora-gcc 1.0.3 150.21 NOTE --no-stop-on-test-error
r-devel-windows-ix86+x86_64 1.0.3 84.00 103.00 187.00 OK
r-patched-linux-x86_64 1.0.3 21.76 42.43 64.18 NOTE
r-patched-solaris-sparc 1.0.3 973.30 OK
r-patched-solaris-x86 1.0.3 354.60 OK
r-release-linux-x86_64 1.0.3 22.21 42.06 64.27 NOTE
r-release-windows-ix86+x86_64 1.0.3 106.00 170.00 276.00 OK
r-release-osx-x86_64 1.0.3 OK
r-oldrel-windows-ix86+x86_64 1.0.3 107.00 94.00 201.00 OK
r-oldrel-osx-x86_64 1.0.3 OK

Check Details

Version: 1.0.3
Check: compiled code
Result: NOTE
    File ‘ergm.graphlets/libs/ergm.graphlets.so’:
     Found no calls to: ‘R_registerRoutines’, ‘R_useDynamicSymbols’
    
    It is good practice to register native routines and to disable symbol
    search.
    
    See ‘Writing portable packages’ in the ‘Writing R Extensions’ manual.
Flavors: r-devel-linux-x86_64-debian-clang, r-devel-linux-x86_64-debian-gcc, r-patched-linux-x86_64, r-release-linux-x86_64

Version: 1.0.3
Flags: --no-stop-on-test-error
Check: compiled code
Result: NOTE
    File ‘ergm.graphlets/libs/ergm.graphlets.so’:
     Found no calls to: ‘R_registerRoutines’, ‘R_useDynamicSymbols’
    
    It is good practice to register native routines and to disable symbol
    search.
    
    See ‘Writing portable packages’ in the ‘Writing R Extensions’ manual.
Flavors: r-devel-linux-x86_64-fedora-clang, r-devel-linux-x86_64-fedora-gcc