CRAN Package Check Results for Package ergm.graphlets

Last updated on 2017-02-23 07:47:32.

Flavor Version Tinstall Tcheck Ttotal Status Flags
r-devel-linux-x86_64-debian-clang 1.0.3 42.57 43.63 86.20 NOTE
r-devel-linux-x86_64-debian-gcc 1.0.3 28.08 42.85 70.93 NOTE
r-devel-linux-x86_64-fedora-clang 1.0.3 174.87 NOTE --no-stop-on-test-error
r-devel-linux-x86_64-fedora-gcc 1.0.3 149.67 NOTE --no-stop-on-test-error
r-devel-macos-x86_64-clang 1.0.3 147.07 NOTE --no-stop-on-test-error
r-devel-windows-ix86+x86_64 1.0.3 110.00 207.00 317.00 OK
r-patched-linux-x86_64 1.0.3 21.35 36.51 57.87 OK
r-patched-solaris-sparc 1.0.3 929.00 OK
r-patched-solaris-x86 1.0.3 339.70 OK
r-release-linux-x86_64 1.0.3 22.03 36.11 58.14 OK
r-release-osx-x86_64-mavericks 1.0.3 OK
r-release-windows-ix86+x86_64 1.0.3 105.00 128.00 233.00 OK
r-oldrel-windows-ix86+x86_64 1.0.3 91.00 140.00 231.00 OK

Check Details

Version: 1.0.3
Check: compiled code
Result: NOTE
    File ‘ergm.graphlets/libs/ergm.graphlets.so’:
     Found no calls to: ‘R_registerRoutines’, ‘R_useDynamicSymbols’
    
    It is good practice to register native routines and to disable symbol
    search.
    
    See ‘Writing portable packages’ in the ‘Writing R Extensions’ manual.
Flavors: r-devel-linux-x86_64-debian-clang, r-devel-linux-x86_64-debian-gcc

Version: 1.0.3
Flags: --no-stop-on-test-error
Check: compiled code
Result: NOTE
    File ‘ergm.graphlets/libs/ergm.graphlets.so’:
     Found no calls to: ‘R_registerRoutines’, ‘R_useDynamicSymbols’
    
    It is good practice to register native routines and to disable symbol
    search.
    
    See ‘Writing portable packages’ in the ‘Writing R Extensions’ manual.
Flavors: r-devel-linux-x86_64-fedora-clang, r-devel-linux-x86_64-fedora-gcc, r-devel-macos-x86_64-clang