CRAN Package Check Results for Package ergm.graphlets

Last updated on 2014-10-26 07:49:59.

Flavor Version Tinstall Tcheck Ttotal Status Flags
r-devel-linux-x86_64-debian-clang 1.0.2 20.66 52.57 73.23 NOTE
r-devel-linux-x86_64-debian-gcc 1.0.2 27.51 55.05 82.56 NOTE
r-devel-linux-x86_64-fedora-clang 1.0.2 186.42 NOTE
r-devel-linux-x86_64-fedora-gcc 1.0.2 173.97 NOTE
r-devel-osx-x86_64-clang 1.0.2 129.89 NOTE
r-devel-windows-ix86+x86_64 1.0.2 68.00 112.00 180.00 NOTE
r-patched-linux-x86_64 1.0.2 28.54 53.04 81.57 NOTE
r-patched-solaris-sparc 1.0.2 1023.00 OK
r-patched-solaris-x86 1.0.2 397.90 NOTE
r-release-linux-ix86 1.0.2 34.60 67.90 102.51 OK
r-release-linux-x86_64 1.0.2 27.94 53.97 81.91 OK
r-release-osx-x86_64-mavericks 1.0.2 OK
r-release-osx-x86_64-snowleopard 1.0.2 OK
r-release-windows-ix86+x86_64 1.0.2 64.00 121.00 185.00 OK
r-oldrel-windows-ix86+x86_64 1.0.2 71.00 122.00 193.00 OK

Check Details

Version: 1.0.2
Check: R code for possible problems
Result: NOTE
    .onAttach: no visible global function definition for
     ‘statnetStartupMessage’
    InitErgmTerm.graphletCount: no visible global function definition for
     ‘check.ErgmTerm’
    InitErgmTerm.grorbitCov: no visible global function definition for
     ‘check.ErgmTerm’
    InitErgmTerm.grorbitCov: no visible global function definition for
     ‘get.node.attr’
    InitErgmTerm.grorbitCov: no visible global function definition for
     ‘network.size’
    InitErgmTerm.grorbitDist: no visible global function definition for
     ‘check.ErgmTerm’
    InitErgmTerm.grorbitDist: no visible global function definition for
     ‘network.size’
    InitErgmTerm.grorbitDist: no visible global function definition for
     ‘network.edgecount’
    InitErgmTerm.grorbitFactor: no visible global function definition for
     ‘check.ErgmTerm’
    InitErgmTerm.grorbitFactor: no visible global function definition for
     ‘get.node.attr’
    InitErgmTerm.grorbitFactor: no visible global function definition for
     ‘network.size’
Flavors: r-devel-linux-x86_64-debian-clang, r-devel-linux-x86_64-debian-gcc, r-devel-linux-x86_64-fedora-clang, r-devel-linux-x86_64-fedora-gcc, r-devel-osx-x86_64-clang, r-devel-windows-ix86+x86_64, r-patched-linux-x86_64, r-patched-solaris-x86