CRAN Package Check Results for Package ergm.graphlets

Last updated on 2014-09-22 21:47:04.

Flavor Version Tinstall Tcheck Ttotal Status Flags
r-devel-linux-x86_64-debian-clang 1.0.2 20.20 52.39 72.59 NOTE
r-devel-linux-x86_64-debian-gcc 1.0.2 28.21 50.68 78.89 NOTE
r-devel-linux-x86_64-fedora-clang 1.0.2 174.54 NOTE
r-devel-linux-x86_64-fedora-gcc 1.0.2 174.04 NOTE
r-devel-osx-x86_64-clang 1.0.2 136.64 NOTE
r-devel-windows-ix86+x86_64 1.0.2 65.00 114.00 179.00 NOTE
r-patched-linux-x86_64 1.0.2 29.93 54.04 83.96 OK
r-patched-solaris-sparc 1.0.2 1023.00 OK
r-patched-solaris-x86 1.0.2 405.70 OK
r-release-linux-ix86 1.0.2 34.31 68.27 102.58 OK
r-release-linux-x86_64 1.0.2 29.90 56.32 86.22 OK
r-release-osx-x86_64-mavericks 1.0.2 OK
r-release-osx-x86_64-snowleopard 1.0.2 OK
r-release-windows-ix86+x86_64 1.0.2 65.00 119.00 184.00 OK
r-oldrel-windows-ix86+x86_64 1.0.2 71.00 118.00 189.00 OK

Check Details

Version: 1.0.2
Check: R code for possible problems
Result: NOTE
    .onAttach: no visible global function definition for
     ‘statnetStartupMessage’
    InitErgmTerm.graphletCount: no visible global function definition for
     ‘check.ErgmTerm’
    InitErgmTerm.grorbitCov: no visible global function definition for
     ‘check.ErgmTerm’
    InitErgmTerm.grorbitCov: no visible global function definition for
     ‘get.node.attr’
    InitErgmTerm.grorbitCov: no visible global function definition for
     ‘network.size’
    InitErgmTerm.grorbitDist: no visible global function definition for
     ‘check.ErgmTerm’
    InitErgmTerm.grorbitDist: no visible global function definition for
     ‘network.size’
    InitErgmTerm.grorbitDist: no visible global function definition for
     ‘network.edgecount’
    InitErgmTerm.grorbitFactor: no visible global function definition for
     ‘check.ErgmTerm’
    InitErgmTerm.grorbitFactor: no visible global function definition for
     ‘get.node.attr’
    InitErgmTerm.grorbitFactor: no visible global function definition for
     ‘network.size’
Flavors: r-devel-linux-x86_64-debian-clang, r-devel-linux-x86_64-debian-gcc, r-devel-linux-x86_64-fedora-clang, r-devel-linux-x86_64-fedora-gcc, r-devel-osx-x86_64-clang, r-devel-windows-ix86+x86_64