CRAN Package Check Results for Package ergm.graphlets

Last updated on 2014-07-24 15:52:18.

Flavor Version Tinstall Tcheck Ttotal Status Flags
r-devel-linux-x86_64-debian-clang 1.0.1 21.90 49.36 71.26 NOTE
r-devel-linux-x86_64-debian-gcc 1.0.1 28.42 49.81 78.23 NOTE
r-devel-linux-x86_64-fedora-clang 1.0.1 168.84 NOTE
r-devel-linux-x86_64-fedora-gcc 1.0.1 177.28 NOTE
r-devel-osx-x86_64-clang 1.0.1 132.08 NOTE
r-devel-windows-ix86+x86_64 1.0.1 70.00 104.00 174.00 NOTE
r-patched-linux-x86_64 1.0.1 27.63 49.38 77.01 NOTE
r-patched-solaris-sparc 1.0.1 1113.30 NOTE
r-patched-solaris-x86 1.0.1 379.90 NOTE
r-release-linux-ix86 1.0.1 34.79 65.62 100.41 NOTE
r-release-linux-x86_64 1.0.1 28.72 51.32 80.04 NOTE
r-release-osx-x86_64-mavericks 1.0.1 NOTE
r-release-osx-x86_64-snowleopard 1.0.1 OK
r-release-windows-ix86+x86_64 1.0.1 67.00 101.00 168.00 NOTE
r-oldrel-windows-ix86+x86_64 1.0.1 64.00 105.00 169.00 NOTE

Check Details

Version: 1.0.1
Check: dependencies in R code
Result: NOTE
    Package in Depends field not imported from: ‘statnet’
     These packages need to be imported from (in the NAMESPACE file)
     for when this namespace is loaded but not attached.
    See the information on DESCRIPTION files in the chapter ‘Creating R
    packages’ of the ‘Writing R Extensions’ manual.
Flavors: r-devel-linux-x86_64-debian-clang, r-devel-linux-x86_64-debian-gcc, r-devel-linux-x86_64-fedora-clang, r-devel-linux-x86_64-fedora-gcc, r-devel-osx-x86_64-clang, r-devel-windows-ix86+x86_64, r-patched-linux-x86_64, r-patched-solaris-sparc, r-patched-solaris-x86, r-release-linux-ix86, r-release-linux-x86_64, r-release-osx-x86_64-mavericks, r-release-windows-ix86+x86_64, r-oldrel-windows-ix86+x86_64