CRAN Package Check Results for Package ergm.graphlets

Last updated on 2015-04-26 03:47:30.

Flavor Version Tinstall Tcheck Ttotal Status Flags
r-devel-linux-x86_64-debian-clang 1.0.2 22.55 45.22 67.76 NOTE
r-devel-linux-x86_64-debian-gcc 1.0.2 25.87 43.88 69.76 NOTE
r-devel-linux-x86_64-fedora-clang 1.0.2 149.22 NOTE
r-devel-linux-x86_64-fedora-gcc 1.0.2 143.42 NOTE
r-devel-osx-x86_64-clang 1.0.2 103.62 NOTE
r-devel-windows-ix86+x86_64 1.0.2 75.00 105.00 180.00 NOTE
r-patched-linux-x86_64 1.0.2 25.88 42.89 68.76 NOTE
r-patched-solaris-sparc 1.0.2 998.80 NOTE
r-patched-solaris-x86 1.0.2 347.50 NOTE
r-release-linux-x86_64 1.0.2 26.18 42.83 69.01 NOTE
r-release-osx-x86_64-mavericks 1.0.2 ERROR
r-release-osx-x86_64-snowleopard 1.0.2 OK
r-release-windows-ix86+x86_64 1.0.2 69.00 102.00 171.00 NOTE
r-oldrel-windows-ix86+x86_64 1.0.2 65.00 133.00 198.00 NOTE

Check Details

Version: 1.0.2
Check: R code for possible problems
Result: NOTE
    .onAttach: no visible global function definition for
     'statnetStartupMessage'
    InitErgmTerm.graphletCount: no visible global function definition for
     'check.ErgmTerm'
    InitErgmTerm.grorbitCov: no visible global function definition for
     'check.ErgmTerm'
    InitErgmTerm.grorbitCov: no visible global function definition for
     'get.node.attr'
    InitErgmTerm.grorbitCov: no visible global function definition for
     'network.size'
    InitErgmTerm.grorbitDist: no visible global function definition for
     'check.ErgmTerm'
    InitErgmTerm.grorbitDist: no visible global function definition for
     'network.size'
    InitErgmTerm.grorbitDist: no visible global function definition for
     'network.edgecount'
    InitErgmTerm.grorbitFactor: no visible global function definition for
     'check.ErgmTerm'
    InitErgmTerm.grorbitFactor: no visible global function definition for
     'get.node.attr'
    InitErgmTerm.grorbitFactor: no visible global function definition for
     'network.size'
Flavors: r-devel-windows-ix86+x86_64, r-release-windows-ix86+x86_64, r-oldrel-windows-ix86+x86_64