CRAN Package Check Results for Package ergm

Last updated on 2018-10-23 18:47:35 CEST.

Flavor Version Tinstall Tcheck Ttotal Status Flags
r-devel-linux-x86_64-debian-clang 3.9.4 41.77 744.37 786.14 NOTE
r-devel-linux-x86_64-debian-gcc 3.9.4 35.49 589.57 625.06 NOTE
r-devel-linux-x86_64-fedora-clang 3.9.4 929.51 NOTE
r-devel-linux-x86_64-fedora-gcc 3.9.4 916.59 NOTE
r-devel-windows-ix86+x86_64 3.9.4 105.00 148.00 253.00 OK --no-examples --no-tests --no-vignettes
r-patched-linux-x86_64 3.9.4 38.44 701.37 739.81 NOTE
r-patched-solaris-x86 3.9.4 1258.70 NOTE
r-release-linux-x86_64 3.9.4 40.80 708.86 749.66 NOTE
r-release-windows-ix86+x86_64 3.9.4 120.00 207.00 327.00 OK --no-examples --no-tests --no-vignettes
r-release-osx-x86_64 3.9.4 NOTE
r-oldrel-windows-ix86+x86_64 3.9.4 87.00 203.00 290.00 OK --no-examples --no-tests --no-vignettes
r-oldrel-osx-x86_64 3.9.4 ERROR

Check Details

Version: 3.9.4
Check: S3 generic/method consistency
Result: NOTE
    Found the following apparent S3 methods exported but not registered:
     coef.length.model plot.mcmc.list.ergm plot.network.ergm
     summary.statistics
    See section ‘Registering S3 methods’ in the ‘Writing R Extensions’
    manual.
Flavors: r-devel-linux-x86_64-debian-clang, r-devel-linux-x86_64-debian-gcc, r-devel-linux-x86_64-fedora-clang, r-devel-linux-x86_64-fedora-gcc, r-patched-linux-x86_64, r-patched-solaris-x86, r-release-linux-x86_64

Version: 3.9.4
Check: package dependencies
Result: NOTE
    Package suggested but not available for checking: ‘Rmpi’
Flavor: r-release-osx-x86_64

Version: 3.9.4
Check: package dependencies
Result: ERROR
    Package required and available but unsuitable version: ‘statnet.common’
    
    Package suggested but not available for checking: ‘Rmpi’
    
    See section ‘The DESCRIPTION file’ in the ‘Writing R Extensions’
    manual.
Flavor: r-oldrel-osx-x86_64