CRAN Package Check Results for Package ergm

Last updated on 2017-12-12 06:47:10 CET.

Flavor Version Tinstall Tcheck Ttotal Status Flags
r-devel-linux-x86_64-debian-clang 3.8.0 22.27 556.09 578.36 OK
r-devel-linux-x86_64-debian-gcc 3.8.0 22.10 500.13 522.23 OK
r-devel-linux-x86_64-fedora-clang 3.8.0 762.21 OK
r-devel-linux-x86_64-fedora-gcc 3.8.0 756.21 OK
r-devel-windows-ix86+x86_64 3.8.0 95.00 191.00 286.00 OK --no-examples --no-tests --no-vignettes
r-patched-linux-x86_64 3.8.0 25.43 646.62 672.05 OK
r-patched-solaris-x86 3.8.0 1086.40 OK
r-release-linux-x86_64 3.8.0 25.62 638.83 664.45 OK
r-release-windows-ix86+x86_64 3.8.0 76.00 179.00 255.00 OK --no-examples --no-tests --no-vignettes
r-release-osx-x86_64 3.8.0 NOTE
r-oldrel-windows-ix86+x86_64 3.8.0 94.00 166.00 260.00 OK --no-examples --no-tests --no-vignettes
r-oldrel-osx-x86_64 3.8.0 NOTE

Check Details

Version: 3.8.0
Check: package dependencies
Result: NOTE
    Package suggested but not available for checking: ‘Rmpi’
Flavors: r-release-osx-x86_64, r-oldrel-osx-x86_64

Version: 3.8.0
Check: re-building of vignette outputs
Result: NOTE
    Error in re-building vignettes:
     ...
    Optimizing with step length 1.
    The log-likelihood improved by 0.01689.
    Step length converged once. Increasing MCMC sample size.
    Iteration 2 of at most 20:
    Optimizing with step length 1.
    The log-likelihood improved by 0.003609.
    Step length converged twice. Stopping.
    Evaluating log-likelihood at the estimate. Using 20 bridges: 1 2 3 4 5 6 7 8 9 10 11 12 13 14 15 16 17 18 19 20 .
    This model was fit using MCMC. To examine model diagnostics and check for degeneracy, use the mcmc.diagnostics() function.
    Error in texi2dvi(file = file, pdf = TRUE, clean = clean, quiet = quiet, :
     Running 'texi2dvi' on 'ergm.tex' failed.
    LaTeX errors:
    ! LaTeX Error: File `comment.sty' not found.
    
    Type X to quit or <RETURN> to proceed,
    or enter new name. (Default extension: sty)
    
    ! Emergency stop.
    <read *>
    
    l.6 \usepackage
     {color}^^M
    ! ==> Fatal error occurred, no output PDF file produced!
    Calls: buildVignettes -> texi2pdf -> texi2dvi
    Execution halted
Flavor: r-release-osx-x86_64