CRAN Package Check Results for Package ergm

Last updated on 2021-10-21 20:52:32 CEST.

Flavor Version Tinstall Tcheck Ttotal Status Flags
r-devel-linux-x86_64-debian-clang 4.1.2 71.10 547.86 618.96 OK
r-devel-linux-x86_64-debian-gcc 4.1.2 54.92 407.48 462.40 OK
r-devel-linux-x86_64-fedora-clang 4.1.2 736.49 NOTE
r-devel-linux-x86_64-fedora-gcc 4.1.2 729.97 OK
r-devel-windows-x86_64 4.1.2 117.00 159.00 276.00 OK --no-examples --no-tests --no-vignettes
r-devel-windows-x86_64-gcc10-UCRT 4.1.2 OK
r-patched-linux-x86_64 4.1.2 77.01 527.36 604.37 OK
r-patched-solaris-x86 4.1.2 881.40 NOTE
r-release-linux-x86_64 4.1.2 61.05 524.20 585.25 OK
r-release-macos-arm64 4.1.2 NOTE
r-release-macos-x86_64 4.1.2 NOTE
r-release-windows-ix86+x86_64 4.1.2 150.00 217.00 367.00 NOTE --no-examples --no-tests --no-vignettes
r-oldrel-macos-x86_64 4.1.2 NOTE
r-oldrel-windows-ix86+x86_64 4.1.2 196.00 214.00 410.00 NOTE --no-examples --no-tests --no-vignettes

Check Details

Version: 4.1.2
Check: installed package size
Result: NOTE
     installed size is 6.9Mb
     sub-directories of 1Mb or more:
     R 1.1Mb
     doc 1.9Mb
     libs 2.7Mb
Flavors: r-devel-linux-x86_64-fedora-clang, r-patched-solaris-x86, r-release-macos-arm64, r-release-macos-x86_64, r-oldrel-macos-x86_64

Version: 4.1.2
Check: package dependencies
Result: NOTE
    Package suggested but not available for checking: ‘Rmpi’
Flavors: r-release-macos-arm64, r-release-macos-x86_64, r-oldrel-macos-x86_64

Version: 4.1.2
Flags: --no-examples --no-tests --no-vignettes
Check: installed package size
Result: NOTE
     installed size is 5.5Mb
     sub-directories of 1Mb or more:
     R 1.0Mb
     doc 1.9Mb
     libs 1.3Mb
Flavors: r-release-windows-ix86+x86_64, r-oldrel-windows-ix86+x86_64