CRAN Package Check Results for Package ergm

Last updated on 2014-11-24 00:47:42.

Flavor Version Tinstall Tcheck Ttotal Status Flags
r-devel-linux-x86_64-debian-clang 3.1.3 10.33 127.12 137.45 NOTE
r-devel-linux-x86_64-debian-gcc 3.1.3 14.72 126.22 140.95 NOTE
r-devel-linux-x86_64-fedora-clang 3.1.3 296.56 NOTE
r-devel-linux-x86_64-fedora-gcc 3.1.3 286.06 NOTE
r-devel-osx-x86_64-clang 3.1.3 241.66 NOTE
r-devel-windows-ix86+x86_64 3.1.3 53.00 263.00 316.00 NOTE
r-patched-linux-x86_64 3.1.3 17.73 130.01 147.74 NOTE
r-patched-solaris-sparc 3.1.3 1685.70 NOTE
r-patched-solaris-x86 3.1.3 382.50 NOTE
r-release-linux-ix86 3.1.3 18.70 155.07 173.76 NOTE
r-release-linux-x86_64 3.1.3 14.98 132.94 147.92 NOTE
r-release-osx-x86_64-mavericks 3.1.3 OK
r-release-osx-x86_64-snowleopard 3.1.3 OK
r-release-windows-ix86+x86_64 3.1.3 56.00 279.00 335.00 NOTE
r-oldrel-windows-ix86+x86_64 3.1.3 51.00 273.00 324.00 OK

Check Details

Version: 3.1.3
Check: R code for possible problems
Result: NOTE
    approx.hotelling.diff.test: no visible global function definition for
     ‘robust.inverse’
    delete.isolates: no visible global function definition for ‘is.isolate’
    ergm.estimate: no visible global function definition for
     ‘robust.inverse’
    ergm.getCluster: no visible global function definition for
     ‘getClusterOption’
    ergm.getCluster: no visible global function definition for
     ‘makeCluster’
    ergm.getCluster: no visible global function definition for
     ‘getMPIcluster’
    ergm.getCluster: no visible global function definition for
     ‘clusterSetupRNG’
    ergm.getCluster: no visible global function definition for
     ‘clusterCall’
    ergm.getMCMCsample: no visible global function definition for
     ‘clusterMap’
    ergm.getMCMCsample: no visible global function definition for
     ‘clusterCall’
    ergm.logitreg: no visible global function definition for
     ‘robust.inverse’
    ergm.mahalanobis: no visible global function definition for
     ‘robust.inverse’
    ergm.pen.glm: no visible global function definition for
     ‘robust.inverse’
    ergm.pl: no visible global function definition for ‘clusterApplyLB’
    ergm.stepping: no visible global function definition for
     ‘robust.inverse’
    ergm.stopCluster.MPIcluster: no visible global function definition for
     ‘stopCluster’
    ergm.stopCluster.default: no visible global function definition for
     ‘stopCluster’
    gof.formula: no visible global function definition for ‘gof’
    is.inCH: no visible global function definition for ‘Rglpk_solve_LP’
    largest.components: no visible global function definition for
     ‘component.dist’
    logistftest: no visible global function definition for ‘robust.inverse’
    plot.ergm: no visible global function definition for ‘mcmc.diagnostics’
    plot.mcmc.list.ergm: no visible global function definition for
     ‘densityplot’
    plot.mcmc.list.ergm : <anonymous>: no visible global function
     definition for ‘panel.densityplot’
    plot.mcmc.list.ergm : <anonymous>: no visible global function
     definition for ‘panel.abline’
    plot.mcmc.list.ergm : <anonymous>: no visible global function
     definition for ‘panel.xyplot’
    plot.mcmc.list.ergm : <anonymous>: no visible global function
     definition for ‘panel.loess’
    sociality.network: no visible global function definition for ‘prestige’
    summary.ergm: no visible global function definition for
     ‘robust.inverse’
    xyplot.mcmc.list.ergm: no visible global function definition for
     ‘xyplot’
Flavors: r-devel-linux-x86_64-debian-clang, r-devel-linux-x86_64-debian-gcc, r-devel-linux-x86_64-fedora-clang, r-devel-linux-x86_64-fedora-gcc, r-devel-osx-x86_64-clang, r-devel-windows-ix86+x86_64, r-patched-linux-x86_64, r-patched-solaris-sparc, r-patched-solaris-x86, r-release-linux-ix86, r-release-linux-x86_64, r-release-windows-ix86+x86_64