CRAN Package Check Results for Package ergm

Last updated on 2019-01-16 20:50:04 CET.

Flavor Version Tinstall Tcheck Ttotal Status Flags
r-devel-linux-x86_64-debian-clang 3.9.4 39.50 730.31 769.81 NOTE
r-devel-linux-x86_64-debian-gcc 3.9.4 34.01 562.81 596.82 NOTE
r-devel-linux-x86_64-fedora-clang 3.9.4 915.93 NOTE
r-devel-linux-x86_64-fedora-gcc 3.9.4 871.00 NOTE
r-devel-windows-ix86+x86_64 3.9.4 93.00 221.00 314.00 OK --no-examples --no-tests --no-vignettes
r-patched-linux-x86_64 3.9.4 39.59 675.54 715.13 NOTE
r-patched-solaris-x86 3.9.4 1261.80 NOTE
r-release-linux-x86_64 3.9.4 41.58 674.51 716.09 NOTE
r-release-windows-ix86+x86_64 3.9.4 140.00 166.00 306.00 OK --no-examples --no-tests --no-vignettes
r-release-osx-x86_64 3.9.4 NOTE
r-oldrel-windows-ix86+x86_64 3.9.4 85.00 298.00 383.00 OK --no-examples --no-tests --no-vignettes
r-oldrel-osx-x86_64 3.9.4 ERROR

Check Details

Version: 3.9.4
Check: S3 generic/method consistency
Result: NOTE
    Found the following apparent S3 methods exported but not registered:
     coef.length.model plot.mcmc.list.ergm plot.network.ergm
     summary.statistics
    See section ‘Registering S3 methods’ in the ‘Writing R Extensions’
    manual.
Flavors: r-devel-linux-x86_64-debian-clang, r-devel-linux-x86_64-debian-gcc, r-devel-linux-x86_64-fedora-clang, r-devel-linux-x86_64-fedora-gcc, r-patched-linux-x86_64, r-patched-solaris-x86, r-release-linux-x86_64

Version: 3.9.4
Check: package dependencies
Result: NOTE
    Package suggested but not available for checking: ‘Rmpi’
Flavor: r-release-osx-x86_64

Version: 3.9.4
Check: package dependencies
Result: ERROR
    Package required and available but unsuitable version: ‘statnet.common’
    
    Package suggested but not available for checking: ‘Rmpi’
    
    See section ‘The DESCRIPTION file’ in the ‘Writing R Extensions’
    manual.
Flavor: r-oldrel-osx-x86_64