CRAN Package Check Results for Package ergm

Last updated on 2014-04-25 05:47:15.

Flavor Version Tinstall Tcheck Ttotal Status Flags
r-devel-linux-x86_64-debian-clang 3.1.2 10.52 134.75 145.27 OK
r-devel-linux-x86_64-debian-gcc 3.1.2 15.15 134.64 149.79 OK
r-devel-linux-x86_64-fedora-clang 3.1.2 314.85 OK
r-devel-linux-x86_64-fedora-gcc 3.1.2 311.23 OK
r-devel-osx-x86_64-clang 3.1.2 218.86 OK
r-devel-osx-x86_64-gcc 3.1.2 ERROR
r-devel-windows-ix86+x86_64 3.1.2 51.00 250.00 301.00 OK
r-patched-linux-x86_64 3.1.2 15.17 134.82 149.99 OK
r-patched-solaris-sparc 3.1.2 1658.60 OK
r-patched-solaris-x86 3.1.2 386.10 OK
r-release-linux-ix86 3.1.2 24.00 206.00 230.00 OK
r-release-linux-x86_64 3.1.2 15.13 133.73 148.86 OK
r-release-osx-x86_64-mavericks 3.1.2 WARN
r-release-osx-x86_64-snowleopard 3.1.2 OK
r-release-windows-ix86+x86_64 3.1.2 55.00 271.00 326.00 OK
r-oldrel-windows-ix86+x86_64 3.1.2 51.00 270.00 321.00 OK

Memtest notes: ASAN valgrind

Check Details

Version: 3.1.2
Check: package dependencies
Result: ERROR
    Package required but not available: ‘robustbase’
    
    Packages suggested but not available for checking:
     ‘latticeExtra’ ‘latentnet’
    
    See the information on DESCRIPTION files in the chapter ‘Creating R
    packages’ of the ‘Writing R Extensions’ manual.
Flavor: r-devel-osx-x86_64-gcc

Version: 3.1.2
Check: package dependencies
Result: NOTE
    Package suggested but not available for checking: ‘latentnet’
Flavor: r-release-osx-x86_64-mavericks

Version: 3.1.2
Check: Rd cross-references
Result: NOTE
    Packages unavailable to check Rd xrefs: ‘tergm’, ‘ergm.count’, ‘ergm.userterms’, ‘latentnet’
Flavor: r-release-osx-x86_64-mavericks

Version: 3.1.2
Check: PDF version of manual
Result: WARNING
    LaTeX errors when creating PDF version.
    This typically indicates Rd problems.
    LaTeX errors found:
    ! LaTeX Error: File `upquote.sty' not found.
    
    Type X to quit or <RETURN> to proceed,
    or enter new name. (Default extension: sty)
    
    5057b8b/Rd2.tex:8: ==> Fatal error occurred, no output PDF file produced!
Flavor: r-release-osx-x86_64-mavericks