CRAN Package Check Results for Package ergm

Last updated on 2014-12-19 20:48:14.

Flavor Version Tinstall Tcheck Ttotal Status Flags
r-devel-linux-x86_64-debian-clang 3.2.4 11.84 751.58 763.42 OK
r-devel-linux-x86_64-debian-gcc 3.2.4 19.53 698.89 718.42 OK
r-devel-linux-x86_64-fedora-clang 3.2.4 1420.31 OK
r-devel-linux-x86_64-fedora-gcc 3.2.4 801.17 OK
r-devel-osx-x86_64-clang 3.2.4 1011.53 OK
r-devel-windows-ix86+x86_64 3.2.4 65.00 1368.00 1433.00 OK
r-patched-linux-x86_64 3.2.4 19.04 714.91 733.95 OK
r-patched-solaris-sparc 3.2.4 7161.30 OK
r-patched-solaris-x86 3.2.4 1868.10 OK
r-release-linux-ix86 3.2.4 20.62 1013.17 1033.79 OK
r-release-linux-x86_64 3.2.4 18.51 712.30 730.81 OK
r-release-osx-x86_64-mavericks 3.2.4 NOTE
r-release-osx-x86_64-snowleopard 3.2.4 OK
r-release-windows-ix86+x86_64 3.2.4 67.00 1395.00 1462.00 OK
r-oldrel-windows-ix86+x86_64 3.2.4 68.00 1111.00 1179.00 ERROR

Check Details

Version: 3.2.4
Check: re-building of vignette outputs
Result: NOTE
    Error in re-building vignettes:
     ...
     within a monastery as a "network" object
    samplk1 (samplk) Longitudinal networks of positive affection
     within a monastery as a "network" object
    samplk2 (samplk) Longitudinal networks of positive affection
     within a monastery as a "network" object
    samplk3 (samplk) Longitudinal networks of positive affection
     within a monastery as a "network" object
    
    Error in ergm.MCMLE(init, nw, model, initialfit = (initialfit <- NULL), :
     Number of edges in a simulated network exceeds that in the observed by a factor of more than 20. This is a strong indicator of model degeneracy or a very poor starting parameter configuration. If you are reasonably certain that neither of these is the case, increase the MCMLE.density.guard control.ergm() parameter.
    Loading required package: latticeExtra
    Loading required package: RColorBrewer
    Loading required package: lattice
    Error in texi2dvi(file = file, pdf = TRUE, clean = clean, quiet = quiet, :
     Running 'texi2dvi' on 'ergm.tex' failed.
    LaTeX errors:
    ! LaTeX Error: File `comment.sty' not found.
    
    Type X to quit or <RETURN> to proceed,
    or enter new name. (Default extension: sty)
    
    st/ergm/vignettes/ergm.tex:6: ==> Fatal error occurred, no output PDF file pro
    duced!
    Calls: buildVignettes -> texi2pdf -> texi2dvi
    Execution halted
Flavor: r-release-osx-x86_64-mavericks

Version: 3.2.4
Check: running R code from vignettes
Result: ERROR
    Errors in running code in vignettes:
    when running code in 'ergm-term-crossRef.Rmd'
     ...
    > search.ergmTerms(categories = c("bipartite", "dyad-independent"))
    Found 0 matching ergm terms:
    
    > ergm:::.termMatrix(terms, categories = c("binary",
    + "valued", "directed", "undirected", "bipartite", "dyad-independent"),
    + only.include .... [TRUNCATED]
    
     When sourcing 'ergm-term-crossRef.R':
    Error: requested column name does not appear in documentation category tags
    Execution halted
Flavor: r-oldrel-windows-ix86+x86_64