CRAN Package Check Results for Package ergm

Last updated on 2014-08-23 08:51:31.

Flavor Version Tinstall Tcheck Ttotal Status Flags
r-devel-linux-x86_64-debian-clang 3.1.3 9.82 129.14 138.96 NOTE
r-devel-linux-x86_64-debian-gcc 3.1.3 14.74 124.96 139.70 NOTE
r-devel-linux-x86_64-fedora-clang 3.1.3 306.19 NOTE
r-devel-linux-x86_64-fedora-gcc 3.1.3 293.36 NOTE
r-devel-osx-x86_64-clang 3.1.3 228.96 NOTE
r-devel-windows-ix86+x86_64 3.1.3 56.00 266.00 322.00 OK
r-patched-linux-x86_64 3.1.3 15.22 128.05 143.27 OK
r-patched-solaris-sparc 3.1.3 1688.40 OK
r-patched-solaris-x86 3.1.3 392.50 OK
r-release-linux-ix86 3.1.3 18.53 161.98 180.51 OK
r-release-linux-x86_64 3.1.3 15.53 131.24 146.77 OK
r-release-osx-x86_64-mavericks 3.1.3 OK
r-release-osx-x86_64-snowleopard 3.1.3 OK
r-release-windows-ix86+x86_64 3.1.3 52.00 258.00 310.00 OK
r-oldrel-windows-ix86+x86_64 3.1.3 51.00 271.00 322.00 OK

Check Details

Version: 3.1.3
Check: R code for possible problems
Result: NOTE
    approx.hotelling.diff.test: no visible global function definition for
     ‘robust.inverse’
    delete.isolates: no visible global function definition for ‘is.isolate’
    ergm.estimate: no visible global function definition for
     ‘robust.inverse’
    ergm.getCluster: no visible global function definition for
     ‘getClusterOption’
    ergm.getCluster: no visible global function definition for
     ‘makeCluster’
    ergm.getCluster: no visible global function definition for
     ‘getMPIcluster’
    ergm.getCluster: no visible global function definition for
     ‘clusterSetupRNG’
    ergm.getCluster: no visible global function definition for
     ‘clusterCall’
    ergm.getMCMCsample: no visible global function definition for
     ‘clusterMap’
    ergm.getMCMCsample: no visible global function definition for
     ‘clusterCall’
    ergm.logitreg: no visible global function definition for
     ‘robust.inverse’
    ergm.mahalanobis: no visible global function definition for
     ‘robust.inverse’
    ergm.pen.glm: no visible global function definition for
     ‘robust.inverse’
    ergm.pl: no visible global function definition for ‘clusterApplyLB’
    ergm.stepping: no visible global function definition for
     ‘robust.inverse’
    ergm.stopCluster.MPIcluster: no visible global function definition for
     ‘stopCluster’
    ergm.stopCluster.default: no visible global function definition for
     ‘stopCluster’
    gof.formula: no visible global function definition for ‘gof’
    is.inCH: no visible global function definition for ‘Rglpk_solve_LP’
    largest.components: no visible global function definition for
     ‘component.dist’
    logistftest: no visible global function definition for ‘robust.inverse’
    plot.ergm: no visible global function definition for ‘mcmc.diagnostics’
    plot.mcmc.list.ergm: no visible global function definition for
     ‘densityplot’
    plot.mcmc.list.ergm : <anonymous>: no visible global function
     definition for ‘panel.densityplot’
    plot.mcmc.list.ergm : <anonymous>: no visible global function
     definition for ‘panel.abline’
    plot.mcmc.list.ergm : <anonymous>: no visible global function
     definition for ‘panel.xyplot’
    plot.mcmc.list.ergm : <anonymous>: no visible global function
     definition for ‘panel.loess’
    sociality.network: no visible global function definition for ‘prestige’
    summary.ergm: no visible global function definition for
     ‘robust.inverse’
    xyplot.mcmc.list.ergm: no visible global function definition for
     ‘xyplot’
Flavors: r-devel-linux-x86_64-debian-clang, r-devel-linux-x86_64-debian-gcc, r-devel-linux-x86_64-fedora-clang, r-devel-linux-x86_64-fedora-gcc, r-devel-osx-x86_64-clang