CRAN Package Check Results for Package ergm

Last updated on 2016-12-09 03:51:31.

Flavor Version Tinstall Tcheck Ttotal Status Flags
r-devel-linux-x86_64-debian-clang 3.6.0 16.90 500.10 517.00 WARN
r-devel-linux-x86_64-debian-gcc 3.6.0 18.86 494.31 513.17 WARN
r-devel-linux-x86_64-fedora-clang 3.6.0 977.70 WARN --no-stop-on-test-error
r-devel-linux-x86_64-fedora-gcc 3.6.0 943.90 WARN --no-stop-on-test-error
r-devel-macos-x86_64-clang 3.6.0 598.04 WARN --no-stop-on-test-error
r-devel-windows-ix86+x86_64 3.6.0 59.00 149.00 208.00 OK --no-examples --no-tests --no-vignettes
r-patched-linux-x86_64 3.6.0 17.74 450.31 468.05 OK
r-patched-solaris-sparc 3.6.0 4391.70 OK
r-patched-solaris-x86 3.6.0 969.10 OK
r-release-linux-x86_64 3.6.0 17.51 451.00 468.51 OK
r-release-osx-x86_64-mavericks 3.6.0 NOTE
r-release-windows-ix86+x86_64 3.6.0 56.00 155.00 211.00 OK --no-examples --no-tests --no-vignettes
r-oldrel-windows-ix86+x86_64 3.6.0 100.00 125.00 225.00 OK --no-examples --no-tests --no-vignettes

Memtest notes: valgrind

Check Details

Version: 3.6.0
Check: examples
Result: WARN
    Found the following significant warnings:
    
     Warning: 'unix.time' is deprecated.
     Warning: 'unix.time' is deprecated.
    Deprecated functions may be defunct as soon as of the next release of
    R.
    See ?Deprecated.
    Examples with CPU or elapsed time > 5s
     user system elapsed
    simulate.ergm 5.124 0.012 5.137
Flavor: r-devel-linux-x86_64-debian-clang

Version: 3.6.0
Check: examples
Result: WARN
    Found the following significant warnings:
    
     Warning: 'unix.time' is deprecated.
     Warning: 'unix.time' is deprecated.
    Deprecated functions may be defunct as soon as of the next release of
    R.
    See ?Deprecated.
Flavor: r-devel-linux-x86_64-debian-gcc

Version: 3.6.0
Flags: --no-stop-on-test-error
Check: examples
Result: WARN
    Found the following significant warnings:
    
     Warning: 'unix.time' is deprecated.
     Warning: 'unix.time' is deprecated.
    Deprecated functions may be defunct as soon as of the next release of
    R.
    See ?Deprecated.
Flavors: r-devel-linux-x86_64-fedora-clang, r-devel-linux-x86_64-fedora-gcc, r-devel-macos-x86_64-clang

Version: 3.6.0
Check: package dependencies
Result: NOTE
    Package suggested but not available for checking: ‘Rmpi’
Flavor: r-release-osx-x86_64-mavericks