CRAN Package Check Results for Package ergm

Last updated on 2019-07-19 03:46:49 CEST.

Flavor Version Tinstall Tcheck Ttotal Status Flags
r-devel-linux-x86_64-debian-clang 3.10.4 50.93 595.36 646.29 OK
r-devel-linux-x86_64-debian-gcc 3.10.4 44.16 483.47 527.63 OK
r-devel-linux-x86_64-fedora-clang 3.10.4 755.18 NOTE
r-devel-linux-x86_64-fedora-gcc 3.10.4 763.91 OK
r-devel-windows-ix86+x86_64 3.10.4 155.00 159.00 314.00 OK --no-examples --no-tests --no-vignettes
r-patched-linux-x86_64 3.10.4 52.09 594.19 646.28 OK
r-patched-solaris-x86 3.10.4 1211.10 OK
r-release-linux-x86_64 3.10.4 52.68 589.85 642.53 OK
r-release-windows-ix86+x86_64 3.10.4 115.00 158.00 273.00 OK --no-examples --no-tests --no-vignettes
r-release-osx-x86_64 3.10.4 NOTE
r-oldrel-windows-ix86+x86_64 3.10.4 110.00 216.00 326.00 OK --no-examples --no-tests --no-vignettes
r-oldrel-osx-x86_64 3.10.4 ERROR

Check Details

Version: 3.10.4
Check: installed package size
Result: NOTE
     installed size is 5.5Mb
     sub-directories of 1Mb or more:
     doc 1.6Mb
     libs 2.0Mb
Flavors: r-devel-linux-x86_64-fedora-clang, r-release-osx-x86_64

Version: 3.10.4
Check: package dependencies
Result: NOTE
    Package suggested but not available for checking: ‘Rmpi’
Flavor: r-release-osx-x86_64

Version: 3.10.4
Check: package dependencies
Result: ERROR
    Package required and available but unsuitable version: ‘MASS’
    
    Package suggested but not available for checking: ‘Rmpi’
    
    See section ‘The DESCRIPTION file’ in the ‘Writing R Extensions’
    manual.
Flavor: r-oldrel-osx-x86_64