CRAN Package Check Results for Package ergm

Last updated on 2015-07-28 19:47:52.

Flavor Version Tinstall Tcheck Ttotal Status Flags
r-devel-linux-x86_64-debian-clang 3.4.0 13.47 744.89 758.36 NOTE
r-devel-linux-x86_64-debian-gcc 3.4.0 17.12 665.86 682.98 NOTE
r-devel-linux-x86_64-fedora-clang 3.4.0 1305.79 NOTE
r-devel-linux-x86_64-fedora-gcc 3.4.0 1204.62 NOTE
r-devel-osx-x86_64-clang 3.4.0 903.55 OK
r-devel-windows-ix86+x86_64 3.4.0 68.00 143.00 211.00 NOTE --no-examples --no-tests --no-vignettes
r-patched-linux-x86_64 3.4.0 17.10 668.10 685.20 OK
r-patched-solaris-sparc 3.4.0 7887.20 OK
r-patched-solaris-x86 3.4.0 1760.90 OK
r-release-linux-x86_64 3.4.0 17.18 676.38 693.56 OK
r-release-osx-x86_64-mavericks 3.4.0 NOTE
r-release-windows-ix86+x86_64 3.4.0 86.00 147.00 233.00 OK --no-examples --no-tests --no-vignettes
r-oldrel-windows-ix86+x86_64 3.4.0 67.00 116.00 183.00 OK --no-examples --no-tests --no-vignettes

Check Details

Version: 3.4.0
Check: R code for possible problems
Result: NOTE
    .Hummel.steplength: no visible global function definition for ‘uniroot’
    .ergm.mvar.spec0: no visible global function definition for ‘ar’
    .fast.spectrum0.ar: no visible global function definition for ‘ar’
    .geweke.diag.mv: no visible global function definition for ‘end’
    .geweke.diag.mv: no visible global function definition for ‘start’
    .geweke.diag.mv: no visible global function definition for ‘window’
    .ptsq: no visible global function definition for ‘pf’
    .qtsq: no visible global function definition for ‘qf’
    .termTable: no visible global function definition for ‘capture.output’
    anova.ergm: no visible global function definition for ‘logLik’
    anova.ergm: no visible global function definition for ‘nobs’
    anova.ergm: no visible global function definition for ‘pchisq’
    anova.ergm: no visible global function definition for ‘formula’
    anova.ergmlist: no visible global function definition for ‘nobs’
    anova.ergmlist: no visible global function definition for ‘logLik’
    anova.ergmlist: no visible global function definition for ‘pchisq’
    anova.ergmlist : <anonymous>: no visible global function definition for
     ‘formula’
    approx.hotelling.diff.test: no visible binding for global variable
     ‘cov’
    as.network.numeric: no visible global function definition for ‘runif’
    degreedist: no visible global function definition for ‘as.formula’
    drawpie: no visible global function definition for ‘polygon’
    dspartnerdist: no visible global function definition for ‘as.formula’
    enformulate.curved.ergm: no visible global function definition for
     ‘coef’
    ergm: no visible global function definition for ‘na.omit’
    ergm.CD.fixed: no visible binding for global variable ‘sd’
    ergm.MCMLE: no visible global function definition for ‘tail’
    ergm.bridge.dindstart.llk: no visible global function definition for
     ‘model.matrix’
    ergm.coefficient.degeneracy: no visible global function definition for
     ‘influence’
    ergm.coefficient.degeneracy: no visible global function definition for
     ‘model.matrix’
    ergm.coefficient.degeneracy: no visible global function definition for
     ‘predict’
    ergm.compute.degeneracy: no visible global function definition for
     ‘optim’
    ergm.degeneracy: no visible global function definition for
     ‘model.matrix’
    ergm.degeneracy: no visible global function definition for ‘influence’
    ergm.degeneracy: no visible global function definition for ‘predict’
    ergm.estimate: no visible global function definition for ‘cov’
    ergm.estimate: no visible binding for global variable ‘weighted.mean’
    ergm.estimate: no visible global function definition for ‘optim’
    ergm.getCDsample: no visible global function definition for
     ‘flush.console’
    ergm.getCDsample: no visible global function definition for ‘plot’
    ergm.getCDsample: no visible binding for global variable ‘window’
    ergm.getCluster: no visible binding for global variable
     ‘packageVersion’
    ergm.getCluster: no visible global function definition for
     ‘packageVersion’
    ergm.getMCMCsample: no visible global function definition for
     ‘flush.console’
    ergm.getMCMCsample: no visible global function definition for ‘plot’
    ergm.getMCMCsample: no visible binding for global variable ‘window’
    ergm.getmodel: no visible global function definition for
     ‘capture.output’
    ergm.getnetwork: no visible global function definition for ‘terms’
    ergm.getnetwork: no visible global function definition for
     ‘capture.output’
    ergm.getterms: no visible global function definition for ‘terms’
    ergm.llik.wins: no visible global function definition for ‘quantile’
    ergm.logisticdeviance: no visible global function definition for
     ‘plogis’
    ergm.logitreg : gmin: no visible global function definition for
     ‘plogis’
    ergm.logitreg : gmin: no visible global function definition for
     ‘dlogis’
    ergm.logitreg: no visible global function definition for ‘optim’
    ergm.maple: no visible global function definition for ‘model.matrix’
    ergm.maple: no visible global function definition for ‘terms’
    ergm.mple: no visible global function definition for ‘model.matrix’
    ergm.mple: no visible global function definition for ‘terms’
    ergm.pen.glm: no visible global function definition for ‘model.extract’
    ergm.pen.glm: no visible global function definition for ‘model.frame’
    ergm.pen.glm: no visible global function definition for ‘model.matrix’
    ergm.pen.glm: no visible global function definition for ‘as.formula’
    ergm.pl: no visible global function definition for ‘flush.console’
    ergm.rhs.formula: no visible global function definition for ‘terms’
    ergm.stepping: no visible global function definition for
     ‘flush.console’
    ergm.stepping: no visible global function definition for ‘par’
    ergm.stepping: no visible global function definition for ‘pairs’
    ergm.t.summary: no visible global function definition for ‘var’
    ergm.t.summary: no visible global function definition for ‘pt’
    ergm.update.formula: no visible global function definition for
     ‘as.formula’
    espartnerdist: no visible global function definition for ‘as.formula’
    fix.curved.ergm: no visible global function definition for ‘coef’
    gof.default: no visible global function definition for ‘methods’
    gof.ergm: no visible global function definition for ‘as.formula’
    gof.formula: no visible global function definition for ‘as.formula’
    gof.formula: no visible binding for global variable ‘quantile’
    llik.info3: no visible global function definition for ‘cov.wt’
    logLik.ergm: no visible global function definition for ‘coef’
    logistftest: no visible global function definition for ‘model.extract’
    logistftest: no visible global function definition for ‘model.frame’
    logistftest: no visible global function definition for ‘model.matrix’
    mcmc.diagnostics.ergm: no visible binding for global variable ‘sd’
    mcmc.diagnostics.ergm: no visible global function definition for ‘cov’
    mcmc.diagnostics.ergm: no visible global function definition for
     ‘pnorm’
    mcmc.diagnostics.ergm: no visible global function definition for ‘plot’
    mk.conlist: no visible global function definition for ‘terms’
    plot.gofobject: no visible global function definition for ‘as.formula’
    plot.gofobject: no visible global function definition for ‘boxplot’
    plot.gofobject: no visible global function definition for ‘points’
    plot.gofobject: no visible global function definition for ‘lines’
    plot.gofobject: no visible global function definition for ‘mtext’
    plot.mcmc.list.ergm: no visible global function definition for ‘update’
    plot.network.ergm: no visible global function definition for ‘par’
    plot.network.ergm: no visible global function definition for ‘colors’
    plot.network.ergm: no visible global function definition for ‘rainbow’
    plot.network.ergm: no visible global function definition for ‘median’
    plot.network.ergm: no visible global function definition for ‘dev.cur’
    plot.network.ergm: no visible global function definition for ‘pictex’
    plot.network.ergm: no visible global function definition for ‘dev.off’
    plot.network.ergm: no visible global function definition for ‘dev.set’
    print.summary.ergm: no visible global function definition for
     ‘printCoefmat’
    san.ergm: no visible global function definition for ‘coef’
    search.ergmTerms: no visible global function definition for
     ‘capture.output’
    summary.ergm: no visible global function definition for ‘vcov’
    summary.ergm: no visible global function definition for ‘pt’
    summary.ergm: no visible global function definition for ‘as.formula’
    summary.ergm: no visible global function definition for ‘logLik’
    summary.ergm: no visible global function definition for ‘AIC’
    summary.ergm: no visible global function definition for ‘BIC’
    summary.statistics.default: no visible global function definition for
     ‘as.formula’
    summary.statistics.matrix: no visible global function definition for
     ‘as.formula’
    summary.statistics.network: no visible global function definition for
     ‘as.formula’
    which.package.InitFunction: no visible global function definition for
     ‘findFunction’
    Undefined global functions or variables:
     AIC BIC ar as.formula boxplot capture.output coef colors cov cov.wt
     dev.cur dev.off dev.set dlogis end findFunction flush.console formula
     influence lines logLik median methods model.extract model.frame
     model.matrix mtext na.omit nobs optim packageVersion pairs par pchisq
     pf pictex plogis plot pnorm points polygon predict printCoefmat pt qf
     quantile rainbow runif sd start tail terms uniroot update var vcov
     weighted.mean window
    Consider adding
     importFrom("grDevices", "colors", "dev.cur", "dev.off", "dev.set",
     "pictex", "rainbow")
     importFrom("graphics", "boxplot", "lines", "mtext", "pairs", "par",
     "plot", "points", "polygon")
     importFrom("methods", "findFunction")
     importFrom("stats", "AIC", "BIC", "ar", "as.formula", "coef", "cov",
     "cov.wt", "dlogis", "end", "formula", "influence", "logLik",
     "median", "model.extract", "model.frame", "model.matrix",
     "na.omit", "nobs", "optim", "pchisq", "pf", "plogis",
     "pnorm", "predict", "printCoefmat", "pt", "qf", "quantile",
     "runif", "sd", "start", "terms", "uniroot", "update", "var",
     "vcov", "weighted.mean", "window")
     importFrom("utils", "capture.output", "flush.console", "methods",
     "packageVersion", "tail")
    to your NAMESPACE.
Flavors: r-devel-linux-x86_64-debian-clang, r-devel-linux-x86_64-debian-gcc, r-devel-linux-x86_64-fedora-clang, r-devel-linux-x86_64-fedora-gcc

Version: 3.4.0
Flags: --no-examples --no-tests --no-vignettes
Check: R code for possible problems
Result: NOTE
    .Hummel.steplength: no visible global function definition for 'uniroot'
    .ergm.mvar.spec0: no visible global function definition for 'ar'
    .fast.spectrum0.ar: no visible global function definition for 'ar'
    .geweke.diag.mv: no visible global function definition for 'end'
    .geweke.diag.mv: no visible global function definition for 'start'
    .geweke.diag.mv: no visible global function definition for 'window'
    .ptsq: no visible global function definition for 'pf'
    .qtsq: no visible global function definition for 'qf'
    .termTable: no visible global function definition for 'capture.output'
    anova.ergm: no visible global function definition for 'logLik'
    anova.ergm: no visible global function definition for 'nobs'
    anova.ergm: no visible global function definition for 'pchisq'
    anova.ergm: no visible global function definition for 'formula'
    anova.ergmlist: no visible global function definition for 'nobs'
    anova.ergmlist: no visible global function definition for 'logLik'
    anova.ergmlist: no visible global function definition for 'pchisq'
    anova.ergmlist : <anonymous>: no visible global function definition for
     'formula'
    approx.hotelling.diff.test: no visible binding for global variable
     'cov'
    as.network.numeric: no visible global function definition for 'runif'
    degreedist: no visible global function definition for 'as.formula'
    drawpie: no visible global function definition for 'polygon'
    dspartnerdist: no visible global function definition for 'as.formula'
    enformulate.curved.ergm: no visible global function definition for
     'coef'
    ergm: no visible global function definition for 'na.omit'
    ergm.CD.fixed: no visible binding for global variable 'sd'
    ergm.MCMLE: no visible global function definition for 'tail'
    ergm.bridge.dindstart.llk: no visible global function definition for
     'model.matrix'
    ergm.coefficient.degeneracy: no visible global function definition for
     'influence'
    ergm.coefficient.degeneracy: no visible global function definition for
     'model.matrix'
    ergm.coefficient.degeneracy: no visible global function definition for
     'predict'
    ergm.compute.degeneracy: no visible global function definition for
     'optim'
    ergm.degeneracy: no visible global function definition for
     'model.matrix'
    ergm.degeneracy: no visible global function definition for 'influence'
    ergm.degeneracy: no visible global function definition for 'predict'
    ergm.estimate: no visible global function definition for 'cov'
    ergm.estimate: no visible binding for global variable 'weighted.mean'
    ergm.estimate: no visible global function definition for 'optim'
    ergm.getCDsample: no visible global function definition for
     'flush.console'
    ergm.getCDsample: no visible global function definition for 'plot'
    ergm.getCDsample: no visible binding for global variable 'window'
    ergm.getCluster: no visible binding for global variable
     'packageVersion'
    ergm.getCluster: no visible global function definition for
     'packageVersion'
    ergm.getMCMCsample: no visible global function definition for
     'flush.console'
    ergm.getMCMCsample: no visible global function definition for 'plot'
    ergm.getMCMCsample: no visible binding for global variable 'window'
    ergm.getmodel: no visible global function definition for
     'capture.output'
    ergm.getnetwork: no visible global function definition for 'terms'
    ergm.getnetwork: no visible global function definition for
     'capture.output'
    ergm.getterms: no visible global function definition for 'terms'
    ergm.llik.wins: no visible global function definition for 'quantile'
    ergm.logisticdeviance: no visible global function definition for
     'plogis'
    ergm.logitreg : gmin: no visible global function definition for
     'plogis'
    ergm.logitreg : gmin: no visible global function definition for
     'dlogis'
    ergm.logitreg: no visible global function definition for 'optim'
    ergm.maple: no visible global function definition for 'model.matrix'
    ergm.maple: no visible global function definition for 'terms'
    ergm.mple: no visible global function definition for 'model.matrix'
    ergm.mple: no visible global function definition for 'terms'
    ergm.pen.glm: no visible global function definition for 'model.extract'
    ergm.pen.glm: no visible global function definition for 'model.frame'
    ergm.pen.glm: no visible global function definition for 'model.matrix'
    ergm.pen.glm: no visible global function definition for 'as.formula'
    ergm.pl: no visible global function definition for 'flush.console'
    ergm.rhs.formula: no visible global function definition for 'terms'
    ergm.stepping: no visible global function definition for
     'flush.console'
    ergm.stepping: no visible global function definition for 'par'
    ergm.stepping: no visible global function definition for 'pairs'
    ergm.t.summary: no visible global function definition for 'var'
    ergm.t.summary: no visible global function definition for 'pt'
    ergm.update.formula: no visible global function definition for
     'as.formula'
    espartnerdist: no visible global function definition for 'as.formula'
    fix.curved.ergm: no visible global function definition for 'coef'
    gof.default: no visible global function definition for 'methods'
    gof.ergm: no visible global function definition for 'as.formula'
    gof.formula: no visible global function definition for 'as.formula'
    gof.formula: no visible binding for global variable 'quantile'
    llik.info3: no visible global function definition for 'cov.wt'
    logLik.ergm: no visible global function definition for 'coef'
    logistftest: no visible global function definition for 'model.extract'
    logistftest: no visible global function definition for 'model.frame'
    logistftest: no visible global function definition for 'model.matrix'
    mcmc.diagnostics.ergm: no visible binding for global variable 'sd'
    mcmc.diagnostics.ergm: no visible global function definition for 'cov'
    mcmc.diagnostics.ergm: no visible global function definition for
     'pnorm'
    mcmc.diagnostics.ergm: no visible global function definition for 'plot'
    mk.conlist: no visible global function definition for 'terms'
    plot.gofobject: no visible global function definition for 'as.formula'
    plot.gofobject: no visible global function definition for 'boxplot'
    plot.gofobject: no visible global function definition for 'points'
    plot.gofobject: no visible global function definition for 'lines'
    plot.gofobject: no visible global function definition for 'mtext'
    plot.mcmc.list.ergm: no visible global function definition for 'update'
    plot.network.ergm: no visible global function definition for 'par'
    plot.network.ergm: no visible global function definition for 'colors'
    plot.network.ergm: no visible global function definition for 'rainbow'
    plot.network.ergm: no visible global function definition for 'median'
    plot.network.ergm: no visible global function definition for 'dev.cur'
    plot.network.ergm: no visible global function definition for 'pictex'
    plot.network.ergm: no visible global function definition for 'dev.off'
    plot.network.ergm: no visible global function definition for 'dev.set'
    print.summary.ergm: no visible global function definition for
     'printCoefmat'
    san.ergm: no visible global function definition for 'coef'
    search.ergmTerms: no visible global function definition for
     'capture.output'
    summary.ergm: no visible global function definition for 'vcov'
    summary.ergm: no visible global function definition for 'pt'
    summary.ergm: no visible global function definition for 'as.formula'
    summary.ergm: no visible global function definition for 'logLik'
    summary.ergm: no visible global function definition for 'AIC'
    summary.ergm: no visible global function definition for 'BIC'
    summary.statistics.default: no visible global function definition for
     'as.formula'
    summary.statistics.matrix: no visible global function definition for
     'as.formula'
    summary.statistics.network: no visible global function definition for
     'as.formula'
    which.package.InitFunction: no visible global function definition for
     'findFunction'
    Undefined global functions or variables:
     AIC BIC ar as.formula boxplot capture.output coef colors cov cov.wt
     dev.cur dev.off dev.set dlogis end findFunction flush.console formula
     influence lines logLik median methods model.extract model.frame
     model.matrix mtext na.omit nobs optim packageVersion pairs par pchisq
     pf pictex plogis plot pnorm points polygon predict printCoefmat pt qf
     quantile rainbow runif sd start tail terms uniroot update var vcov
     weighted.mean window
    Consider adding
     importFrom("grDevices", "colors", "dev.cur", "dev.off", "dev.set",
     "pictex", "rainbow")
     importFrom("graphics", "boxplot", "lines", "mtext", "pairs", "par",
     "plot", "points", "polygon")
     importFrom("methods", "findFunction")
     importFrom("stats", "AIC", "BIC", "ar", "as.formula", "coef", "cov",
     "cov.wt", "dlogis", "end", "formula", "influence", "logLik",
     "median", "model.extract", "model.frame", "model.matrix",
     "na.omit", "nobs", "optim", "pchisq", "pf", "plogis",
     "pnorm", "predict", "printCoefmat", "pt", "qf", "quantile",
     "runif", "sd", "start", "terms", "uniroot", "update", "var",
     "vcov", "weighted.mean", "window")
     importFrom("utils", "capture.output", "flush.console", "methods",
     "packageVersion", "tail")
    to your NAMESPACE.
Flavor: r-devel-windows-ix86+x86_64

Version: 3.4.0
Check: package dependencies
Result: NOTE
    Package suggested but not available for checking: ‘latentnet’
Flavor: r-release-osx-x86_64-mavericks

Version: 3.4.0
Check: Rd cross-references
Result: NOTE
    Package unavailable to check Rd xrefs: ‘latentnet’
Flavor: r-release-osx-x86_64-mavericks