CRAN Package Check Results for Package ergm

Last updated on 2017-01-23 14:48:01.

Flavor Version Tinstall Tcheck Ttotal Status Flags
r-devel-linux-x86_64-debian-clang 3.6.1 16.61 494.20 510.81 OK
r-devel-linux-x86_64-debian-gcc 3.6.1 19.35 486.79 506.13 OK
r-devel-linux-x86_64-fedora-clang 3.6.1 919.79 OK --no-stop-on-test-error
r-devel-linux-x86_64-fedora-gcc 3.6.1 935.24 OK --no-stop-on-test-error
r-devel-macos-x86_64-clang 3.6.1 577.18 OK --no-stop-on-test-error
r-devel-windows-ix86+x86_64 3.6.1 58.00 130.00 188.00 OK --no-examples --no-tests --no-vignettes
r-patched-linux-x86_64 3.6.1 17.73 453.40 471.13 OK
r-patched-solaris-sparc 3.6.1 4215.00 OK
r-patched-solaris-x86 3.6.1 971.40 OK
r-release-linux-x86_64 3.6.1 18.39 454.32 472.70 OK
r-release-osx-x86_64-mavericks 3.6.1 NOTE
r-release-windows-ix86+x86_64 3.6.1 129.00 127.00 256.00 OK --no-examples --no-tests --no-vignettes
r-oldrel-windows-ix86+x86_64 3.6.1 138.00 171.00 309.00 OK --no-examples --no-tests --no-vignettes

Check Details

Version: 3.6.1
Check: package dependencies
Result: NOTE
    Package suggested but not available for checking: ‘Rmpi’
Flavor: r-release-osx-x86_64-mavericks