CRAN Package Check Results for Package ergm

Last updated on 2017-02-25 17:47:19.

Flavor Version Tinstall Tcheck Ttotal Status Flags
r-devel-linux-x86_64-debian-clang 3.6.1 16.79 397.44 414.23 NOTE
r-devel-linux-x86_64-debian-gcc 3.6.1 19.12 390.40 409.51 NOTE
r-devel-linux-x86_64-fedora-clang 3.6.1 959.12 NOTE --no-stop-on-test-error
r-devel-linux-x86_64-fedora-gcc 3.6.1 932.38 NOTE --no-stop-on-test-error
r-devel-macos-x86_64-clang 3.6.1 642.77 NOTE --no-stop-on-test-error
r-devel-windows-ix86+x86_64 3.6.1 104.00 160.00 264.00 OK --no-examples --no-tests --no-vignettes
r-patched-linux-x86_64 3.6.1 17.98 356.73 374.71 OK
r-patched-solaris-sparc 3.6.1 4215.00 OK
r-patched-solaris-x86 3.6.1 977.40 OK
r-release-linux-x86_64 3.6.1 18.28 357.10 375.38 OK
r-release-osx-x86_64-mavericks 3.6.1 NOTE
r-release-windows-ix86+x86_64 3.6.1 105.00 233.00 338.00 OK --no-examples --no-tests --no-vignettes
r-oldrel-windows-ix86+x86_64 3.6.1 100.00 114.00 214.00 OK --no-examples --no-tests --no-vignettes

Check Details

Version: 3.6.1
Check: compiled code
Result: NOTE
    File ‘ergm/libs/ergm.so’:
     Found no calls to: ‘R_registerRoutines’, ‘R_useDynamicSymbols’
    
    It is good practice to register native routines and to disable symbol
    search.
    
    See ‘Writing portable packages’ in the ‘Writing R Extensions’ manual.
Flavors: r-devel-linux-x86_64-debian-clang, r-devel-linux-x86_64-debian-gcc

Version: 3.6.1
Flags: --no-stop-on-test-error
Check: compiled code
Result: NOTE
    File ‘ergm/libs/ergm.so’:
     Found no calls to: ‘R_registerRoutines’, ‘R_useDynamicSymbols’
    
    It is good practice to register native routines and to disable symbol
    search.
    
    See ‘Writing portable packages’ in the ‘Writing R Extensions’ manual.
Flavors: r-devel-linux-x86_64-fedora-clang, r-devel-linux-x86_64-fedora-gcc, r-devel-macos-x86_64-clang

Version: 3.6.1
Check: package dependencies
Result: NOTE
    Package suggested but not available for checking: ‘Rmpi’
Flavor: r-release-osx-x86_64-mavericks