CRAN Package Check Results for Package ergm

Last updated on 2016-09-27 23:49:02.

Flavor Version Tinstall Tcheck Ttotal Status Flags
r-devel-linux-x86_64-debian-clang 3.6.0 16.78 458.68 475.46 OK
r-devel-linux-x86_64-debian-gcc 3.6.0 19.72 451.50 471.22 OK
r-devel-linux-x86_64-fedora-clang 3.6.0 851.10 OK
r-devel-linux-x86_64-fedora-gcc 3.6.0 826.58 OK
r-devel-macos-x86_64-clang 3.6.0 526.82 OK
r-devel-windows-ix86+x86_64 3.6.0 89.00 148.00 237.00 OK --no-examples --no-tests --no-vignettes
r-patched-linux-x86_64 3.6.0 17.77 450.05 467.82 OK
r-patched-solaris-sparc 3.6.0 4452.10 OK
r-patched-solaris-x86 3.6.0 970.30 OK
r-release-linux-x86_64 3.6.0 19.11 450.61 469.71 OK
r-release-osx-x86_64-mavericks 3.6.0 NOTE
r-release-windows-ix86+x86_64 3.6.0 81.00 109.00 190.00 OK --no-examples --no-tests --no-vignettes
r-oldrel-windows-ix86+x86_64 3.6.0 105.00 157.00 262.00 OK --no-examples --no-tests --no-vignettes

Check Details

Version: 3.6.0
Check: package dependencies
Result: NOTE
    Package suggested but not available for checking: ‘Rmpi’
Flavor: r-release-osx-x86_64-mavericks