CRAN Package Check Results for Package ergm

Last updated on 2020-02-28 00:47:53 CET.

Flavor Version Tinstall Tcheck Ttotal Status Flags
r-devel-linux-x86_64-debian-clang 3.10.4 61.43 619.33 680.76 OK
r-devel-linux-x86_64-debian-gcc 3.10.4 50.11 475.25 525.36 OK
r-devel-linux-x86_64-fedora-clang 3.10.4 826.84 NOTE
r-devel-linux-x86_64-fedora-gcc 3.10.4 793.38 OK
r-devel-windows-ix86+x86_64 3.10.4 125.00 245.00 370.00 OK --no-examples --no-tests --no-vignettes
r-devel-windows-ix86+x86_64-gcc8 3.10.4 136.00 174.00 310.00 OK --no-examples --no-tests --no-vignettes
r-patched-linux-x86_64 3.10.4 55.08 564.63 619.71 OK
r-patched-solaris-x86 3.10.4 1138.10 OK
r-release-linux-x86_64 3.10.4 52.79 566.94 619.73 OK
r-release-windows-ix86+x86_64 3.10.4 119.00 157.00 276.00 OK --no-examples --no-tests --no-vignettes
r-release-osx-x86_64 3.10.4 NOTE
r-oldrel-windows-ix86+x86_64 3.10.4 111.00 155.00 266.00 OK --no-examples --no-tests --no-vignettes
r-oldrel-osx-x86_64 3.10.4 NOTE

Check Details

Version: 3.10.4
Check: installed package size
Result: NOTE
     installed size is 5.6Mb
     sub-directories of 1Mb or more:
     doc 1.6Mb
     libs 2.1Mb
Flavors: r-devel-linux-x86_64-fedora-clang, r-release-osx-x86_64, r-oldrel-osx-x86_64

Version: 3.10.4
Check: package dependencies
Result: NOTE
    Package suggested but not available for checking: ‘Rmpi’
Flavors: r-release-osx-x86_64, r-oldrel-osx-x86_64