CRAN Package Check Results for Package ergm

Last updated on 2017-03-27 21:48:39.

Flavor Version Tinstall Tcheck Ttotal Status Flags
r-devel-linux-x86_64-debian-clang 3.7.1 17.97 393.87 411.84 NOTE
r-devel-linux-x86_64-debian-gcc 3.7.1 18.85 383.48 402.33 NOTE
r-devel-linux-x86_64-fedora-clang 3.7.1 554.43 NOTE --no-stop-on-test-error
r-devel-linux-x86_64-fedora-gcc 3.7.1 586.15 NOTE --no-stop-on-test-error
r-devel-macos-x86_64-clang 3.7.1 332.82 NOTE --no-stop-on-test-error
r-devel-windows-ix86+x86_64 3.7.1 75.00 178.00 253.00 OK --no-examples --no-tests --no-vignettes
r-patched-linux-x86_64 3.7.1 18.11 388.66 406.77 NOTE
r-patched-solaris-sparc 3.7.1 4783.80 OK
r-patched-solaris-x86 3.7.1 1049.30 OK
r-release-linux-x86_64 3.7.1 17.80 351.73 369.53 OK
r-release-osx-x86_64-mavericks 3.7.1 NOTE
r-release-windows-ix86+x86_64 3.7.1 102.00 124.00 226.00 OK --no-examples --no-tests --no-vignettes
r-oldrel-windows-ix86+x86_64 3.7.1 75.00 114.00 189.00 OK --no-examples --no-tests --no-vignettes

Check Details

Version: 3.7.1
Check: compiled code
Result: NOTE
    File ‘ergm/libs/ergm.so’:
     Found no calls to: ‘R_registerRoutines’, ‘R_useDynamicSymbols’
    
    It is good practice to register native routines and to disable symbol
    search.
    
    See ‘Writing portable packages’ in the ‘Writing R Extensions’ manual.
Flavors: r-devel-linux-x86_64-debian-clang, r-devel-linux-x86_64-debian-gcc, r-patched-linux-x86_64

Version: 3.7.1
Flags: --no-stop-on-test-error
Check: compiled code
Result: NOTE
    File ‘ergm/libs/ergm.so’:
     Found no calls to: ‘R_registerRoutines’, ‘R_useDynamicSymbols’
    
    It is good practice to register native routines and to disable symbol
    search.
    
    See ‘Writing portable packages’ in the ‘Writing R Extensions’ manual.
Flavors: r-devel-linux-x86_64-fedora-clang, r-devel-linux-x86_64-fedora-gcc, r-devel-macos-x86_64-clang

Version: 3.7.1
Check: package dependencies
Result: NOTE
    Package suggested but not available for checking: ‘Rmpi’
Flavor: r-release-osx-x86_64-mavericks