CRAN Package Check Results for Package ergm

Last updated on 2017-06-24 13:46:46.

Flavor Version Tinstall Tcheck Ttotal Status Flags
r-devel-linux-x86_64-debian-clang 3.7.1 17.39 391.78 409.17 NOTE
r-devel-linux-x86_64-debian-gcc 3.7.1 18.79 389.79 408.58 NOTE
r-devel-linux-x86_64-fedora-clang 3.7.1 965.51 NOTE
r-devel-linux-x86_64-fedora-gcc 3.7.1 929.21 NOTE
r-devel-windows-ix86+x86_64 3.7.1 77.00 168.00 245.00 OK --no-examples --no-tests --no-vignettes
r-patched-linux-x86_64 3.7.1 17.81 389.84 407.64 NOTE
r-patched-solaris-sparc 3.7.1 4783.80 OK
r-patched-solaris-x86 3.7.1 1073.00 OK
r-release-linux-x86_64 3.7.1 19.35 393.30 412.65 NOTE
r-release-windows-ix86+x86_64 3.7.1 110.00 188.00 298.00 OK --no-examples --no-tests --no-vignettes
r-release-osx-x86_64 3.7.1 NOTE
r-oldrel-windows-ix86+x86_64 3.7.1 98.00 149.00 247.00 OK --no-examples --no-tests --no-vignettes
r-oldrel-osx-x86_64 3.7.1 NOTE

Check Details

Version: 3.7.1
Check: compiled code
Result: NOTE
    File ‘ergm/libs/ergm.so’:
     Found no calls to: ‘R_registerRoutines’, ‘R_useDynamicSymbols’
    
    It is good practice to register native routines and to disable symbol
    search.
    
    See ‘Writing portable packages’ in the ‘Writing R Extensions’ manual.
Flavors: r-devel-linux-x86_64-debian-clang, r-devel-linux-x86_64-debian-gcc, r-devel-linux-x86_64-fedora-clang, r-devel-linux-x86_64-fedora-gcc, r-patched-linux-x86_64, r-release-linux-x86_64

Version: 3.7.1
Check: package dependencies
Result: NOTE
    Package suggested but not available for checking: ‘Rmpi’
Flavors: r-release-osx-x86_64, r-oldrel-osx-x86_64

Version: 3.7.1
Check: re-building of vignette outputs
Result: NOTE
    Error in re-building vignettes:
     ...
    samplk2 (samplk) Longitudinal networks of positive affection
     within a monastery as a "network" object
    samplk3 (samplk) Longitudinal networks of positive affection
     within a monastery as a "network" object
    
    Error in ergm.MCMLE(init, nw, model, initialfit = (initialfit <- NULL), :
     Number of edges in a simulated network exceeds that in the observed by a factor of more than 20. This is a strong indicator of model degeneracy or a very poor starting parameter configuration. If you are reasonably certain that neither of these is the case, increase the MCMLE.density.guard control.ergm() parameter.
    Loading required namespace: latticeExtra
    Warning in formals(fun) : argument is not a function
    Error in texi2dvi(file = file, pdf = TRUE, clean = clean, quiet = quiet, :
     Running 'texi2dvi' on 'ergm.tex' failed.
    LaTeX errors:
    ! LaTeX Error: File `comment.sty' not found.
    
    Type X to quit or <RETURN> to proceed,
    or enter new name. (Default extension: sty)
    
    ! Emergency stop.
    <read *>
    
    l.6 \usepackage
     {color}^^M
    ! ==> Fatal error occurred, no output PDF file produced!
    Calls: buildVignettes -> texi2pdf -> texi2dvi
    Execution halted
Flavor: r-release-osx-x86_64