CRAN Package Check Results for Package ergm

Last updated on 2018-08-20 08:49:10 CEST.

Flavor Version Tinstall Tcheck Ttotal Status Flags
r-devel-linux-x86_64-debian-clang 3.9.4 40.31 741.47 781.78 NOTE
r-devel-linux-x86_64-debian-gcc 3.9.4 36.27 587.69 623.96 NOTE
r-devel-linux-x86_64-fedora-clang 3.9.4 859.48 NOTE
r-devel-linux-x86_64-fedora-gcc 3.9.4 733.86 NOTE
r-devel-windows-ix86+x86_64 3.9.4 129.00 162.00 291.00 OK --no-examples --no-tests --no-vignettes
r-patched-linux-x86_64 3.9.4 46.90 695.18 742.08 NOTE
r-patched-solaris-x86 3.9.4 1200.10 NOTE
r-release-linux-x86_64 3.9.4 43.86 696.39 740.25 NOTE
r-release-windows-ix86+x86_64 3.9.4 127.00 169.00 296.00 OK --no-examples --no-tests --no-vignettes
r-release-osx-x86_64 3.9.4 NOTE
r-oldrel-windows-ix86+x86_64 3.9.4 73.00 116.00 189.00 OK --no-examples --no-tests --no-vignettes
r-oldrel-osx-x86_64 3.9.4 ERROR

Check Details

Version: 3.9.4
Check: S3 generic/method consistency
Result: NOTE
    Found the following apparent S3 methods exported but not registered:
     coef.length.model plot.mcmc.list.ergm plot.network.ergm
     summary.statistics
    See section ‘Registering S3 methods’ in the ‘Writing R Extensions’
    manual.
Flavors: r-devel-linux-x86_64-debian-clang, r-devel-linux-x86_64-debian-gcc, r-devel-linux-x86_64-fedora-clang, r-devel-linux-x86_64-fedora-gcc, r-patched-linux-x86_64, r-patched-solaris-x86, r-release-linux-x86_64

Version: 3.9.4
Check: package dependencies
Result: NOTE
    Package suggested but not available for checking: ‘Rmpi’
Flavor: r-release-osx-x86_64

Version: 3.9.4
Check: package dependencies
Result: ERROR
    Package required and available but unsuitable version: ‘statnet.common’
    
    Package suggested but not available for checking: ‘Rmpi’
    
    See section ‘The DESCRIPTION file’ in the ‘Writing R Extensions’
    manual.
Flavor: r-oldrel-osx-x86_64