CRAN Package Check Results for Package ergm

Last updated on 2016-08-30 04:50:25.

Flavor Version Tinstall Tcheck Ttotal Status Flags
r-devel-linux-x86_64-debian-clang 3.6.0 16.95 460.22 477.17 OK
r-devel-linux-x86_64-debian-gcc 3.6.0 18.60 454.20 472.79 OK
r-devel-linux-x86_64-fedora-clang 3.6.0 863.24 OK
r-devel-linux-x86_64-fedora-gcc 3.6.0 834.38 OK
r-devel-osx-x86_64-clang 3.6.0 540.14 OK
r-devel-windows-ix86+x86_64 3.6.0 81.00 155.00 236.00 OK --no-examples --no-tests --no-vignettes
r-patched-linux-x86_64 3.6.0 18.52 462.32 480.84 OK
r-patched-solaris-sparc 3.6.0 4452.10 OK
r-patched-solaris-x86 3.6.0 972.00 OK
r-release-linux-x86_64 3.6.0 18.23 453.17 471.40 OK
r-release-osx-x86_64-mavericks 3.6.0 NOTE
r-release-windows-ix86+x86_64 3.6.0 56.00 144.00 200.00 OK --no-examples --no-tests --no-vignettes
r-oldrel-windows-ix86+x86_64 3.6.0 100.00 208.00 308.00 OK --no-examples --no-tests --no-vignettes

Check Details

Version: 3.6.0
Check: package dependencies
Result: NOTE
    Package suggested but not available for checking: ‘Rmpi’
Flavor: r-release-osx-x86_64-mavericks