CRAN Package Check Results for Package ergm

Last updated on 2018-06-21 23:50:19 CEST.

Flavor Version Tinstall Tcheck Ttotal Status Flags
r-devel-linux-x86_64-debian-clang 3.8.0 39.82 511.48 551.30 WARN
r-devel-linux-x86_64-debian-gcc 3.8.0 35.99 463.04 499.03 WARN
r-devel-linux-x86_64-fedora-clang 3.8.0 730.04 WARN
r-devel-linux-x86_64-fedora-gcc 3.8.0 703.04 WARN
r-devel-windows-ix86+x86_64 3.8.0 120.00 190.00 310.00 OK --no-examples --no-tests --no-vignettes
r-patched-linux-x86_64 3.8.0 39.65 549.76 589.41 WARN
r-patched-solaris-x86 3.8.0 1011.60 WARN
r-release-linux-x86_64 3.8.0 42.82 539.63 582.45 WARN
r-release-windows-ix86+x86_64 3.8.0 94.00 191.00 285.00 OK --no-examples --no-tests --no-vignettes
r-release-osx-x86_64 3.8.0 NOTE
r-oldrel-windows-ix86+x86_64 3.8.0 93.00 132.00 225.00 OK --no-examples --no-tests --no-vignettes
r-oldrel-osx-x86_64 3.8.0 NOTE

Check Details

Version: 3.8.0
Check: examples
Result: WARN
    Found the following significant warnings:
    
     Warning: 'term.list.formula' is deprecated.
     Warning: 'term.list.formula' is deprecated.
     Warning: 'ergm.update.formula' is deprecated.
     Warning: 'term.list.formula' is deprecated.
     Warning: 'term.list.formula' is deprecated.
     Warning: 'term.list.formula' is deprecated.
     Warning: 'term.list.formula' is deprecated.
     Warning: 'term.list.formula' is deprecated.
     Warning: 'term.list.formula' is deprecated.
     Warning: 'term.list.formula' is deprecated.
     Warning: 'term.list.formula' is deprecated.
     Warning: 'term.list.formula' is deprecated.
     Warning: 'ergm.update.formula' is deprecated.
     Warning: 'term.list.formula' is deprecated.
     Warning: 'term.list.formula' is deprecated.
     Warning: 'ergm.update.formula' is deprecated.
     Warning: 'term.list.formula' is deprecated.
     Warning: 'term.list.formula' is deprecated.
     Warning: 'term.list.formula' is deprecated.
     Warning: 'term.list.formula' is deprecated.
     Warning: 'term.list.formula' is deprecated.
     Warning: 'term.list.formula' is deprecated.
     Warning: 'ergm.update.formula' is deprecated.
     Warning: 'term.list.formula' is deprecated.
     Warning: 'term.list.formula' is deprecated.
     Warning: 'term.list.formula' is deprecated.
     Warning: 'term.list.formula' is deprecated.
     Warning: 'term.list.formula' is deprecated.
     Warning: 'term.list.formula' is deprecated.
     Warning: 'term.list.formula' is deprecated.
     Warning: 'term.list.formula' is deprecated.
     Warning: 'term.list.formula' is deprecated.
     Warning: 'ergm.update.formula' is deprecated.
     Warning: 'term.list.formula' is deprecated.
     Warning: 'term.list.formula' is deprecated.
     Warning: 'append.rhs.formula' is deprecated.
     Warning: 'ergm.update.formula' is deprecated.
     Warning: 'ergm.update.formula' is deprecated.
     Warning: 'term.list.formula' is deprecated.
     Warning: 'append.rhs.formula' is deprecated.
     Warning: 'term.list.formula' is deprecated.
     Warning: 'ergm.update.formula' is deprecated.
     Warning: 'term.list.formula' is deprecated.
     Warning: 'term.list.formula' is deprecated.
     Warning: 'term.list.formula' is deprecated.
     Warning: 'term.list.formula' is deprecated.
     Warning: 'ergm.update.formula' is deprecated.
     Warning: 'ergm.update.formula' is deprecated.
     Warning: 'term.list.formula' is deprecated.
     Warning: 'term.list.formula' is deprecated.
     Warning: 'term.list.formula' is deprecated.
     Warning: 'term.list.formula' is deprecated.
     Warning: 'ergm.update.formula' is deprecated.
     Warning: 'ergm.update.formula' is deprecated.
     Warning: 'term.list.formula' is deprecated.
     Warning: 'term.list.formula' is deprecated.
     Warning: 'term.list.formula' is deprecated.
     Warning: 'term.list.formula' is deprecated.
     Warning: 'ergm.update.formula' is deprecated.
     Warning: 'ergm.update.formula' is deprecated.
     Warning: 'term.list.formula' is deprecated.
     Warning: 'term.list.formula' is deprecated.
     Warning: 'term.list.formula' is deprecated.
     Warning: 'term.list.formula' is deprecated.
     Warning: 'ergm.update.formula' is deprecated.
     Warning: 'ergm.update.formula' is deprecated.
     Warning: 'term.list.formula' is deprecated.
     Warning: 'term.list.formula' is deprecated.
     Warning: 'term.list.formula' is deprecated.
     Warning: 'term.list.formula' is deprecated.
     Warning: 'ergm.update.formula' is deprecated.
     Warning: 'ergm.update.formula' is deprecated.
     Warning: 'term.list.formula' is deprecated.
     Warning: 'term.list.formula' is deprecated.
     Warning: 'term.list.formula' is deprecated.
     Warning: 'term.list.formula' is deprecated.
     Warning: 'ergm.update.formula' is deprecated.
     Warning: 'ergm.update.formula' is deprecated.
     Warning: 'term.list.formula' is deprecated.
     Warning: 'term.list.formula' is deprecated.
     Warning: 'term.list.formula' is deprecated.
     Warning: 'term.list.formula' is deprecated.
     Warning: 'ergm.update.formula' is deprecated.
     Warning: 'ergm.update.formula' is deprecated.
     Warning: 'term.list.formula' is deprecated.
     Warning: 'term.list.formula' is deprecated.
     Warning: 'term.list.formula' is deprecated.
     Warning: 'term.list.formula' is deprecated.
     Warning: 'ergm.update.formula' is deprecated.
     Warning: 'ergm.update.formula' is deprecated.
     Warning: 'term.list.formula' is deprecated.
     Warning: 'term.list.formula' is deprecated.
     Warning: 'term.list.formula' is deprecated.
     Warning: 'term.list.formula' is deprecated.
     Warning: 'ergm.update.formula' is deprecated.
     Warning: 'ergm.update.formula' is deprecated.
     Warning: 'term.list.formula' is deprecated.
     Warning: 'term.list.formula' is deprecated.
     Warning: 'term.list.formula' is deprecated.
     Warning: 'term.list.formula' is deprecated.
     Warning: 'ergm.update.formula' is deprecated.
     Warning: 'ergm.update.formula' is deprecated.
     Warning: 'term.list.formula' is deprecated.
     Warning: 'term.list.formula' is deprecated.
     Warning: 'term.list.formula' is deprecated.
     Warning: 'term.list.formula' is deprecated.
     Warning: 'ergm.update.formula' is deprecated.
     Warning: 'ergm.update.formula' is deprecated.
     Warning: 'term.list.formula' is deprecated.
     Warning: 'term.list.formula' is deprecated.
     Warning: 'term.list.formula' is deprecated.
     Warning: 'term.list.formula' is deprecated.
     Warning: 'ergm.update.formula' is deprecated.
     Warning: 'ergm.update.formula' is deprecated.
     Warning: 'term.list.formula' is deprecated.
     Warning: 'term.list.formula' is deprecated.
     Warning: 'term.list.formula' is deprecated.
     Warning: 'term.list.formula' is deprecated.
     Warning: 'ergm.update.formula' is deprecated.
     Warning: 'ergm.update.formula' is deprecated.
     Warning: 'term.list.formula' is deprecated.
     Warning: 'term.list.formula' is deprecated.
     Warning: 'term.list.formula' is deprecated.
     Warning: 'term.list.formula' is deprecated.
     Warning: 'ergm.update.formula' is deprecated.
     Warning: 'ergm.update.formula' is deprecated.
     Warning: 'term.list.formula' is deprecated.
     Warning: 'term.list.formula' is deprecated.
     Warning: 'term.list.formula' is deprecated.
     Warning: 'term.list.formula' is deprecated.
     Warning: 'ergm.update.formula' is deprecated.
     Warning: 'ergm.update.formula' is deprecated.
     Warning: 'term.list.formula' is deprecated.
     Warning: 'term.list.formula' is deprecated.
     Warning: 'term.list.formula' is deprecated.
     Warning: 'term.list.formula' is deprecated.
     Warning: 'ergm.update.formula' is deprecated.
     Warning: 'ergm.update.formula' is deprecated.
     Warning: 'term.list.formula' is deprecated.
     Warning: 'term.list.formula' is deprecated.
     Warning: 'term.list.formula' is deprecated.
     Warning: 'term.list.formula' is deprecated.
     Warning: 'ergm.update.formula' is deprecated.
     Warning: 'ergm.update.formula' is deprecated.
     Warning: 'term.list.formula' is deprecated.
     Warning: 'term.list.formula' is deprecated.
     Warning: 'term.list.formula' is deprecated.
     Warning: 'term.list.formula' is deprecated.
     Warning: 'ergm.update.formula' is deprecated.
     Warning: 'ergm.update.formula' is deprecated.
     Warning: 'term.list.formula' is deprecated.
     Warning: 'term.list.formula' is deprecated.
     Warning: 'term.list.formula' is deprecated.
     Warning: 'term.list.formula' is deprecated.
     Warning: 'ergm.update.formula' is deprecated.
     Warning: 'ergm.update.formula' is deprecated.
     Warning: 'term.list.formula' is deprecated.
     Warning: 'term.list.formula' is deprecated.
     Warning: 'term.list.formula' is deprecated.
     Warning: 'term.list.formula' is deprecated.
     Warning: 'ergm.update.formula' is deprecated.
     Warning: 'ergm.update.formula' is deprecated.
     Warning: 'term.list.formula' is deprecated.
     Warning: 'term.list.formula' is deprecated.
     Warning: 'ergm.update.formula' is deprecated.
     Warning: 'term.list.formula' is deprecated.
     Warning: 'term.list.formula' is deprecated.
     Warning: 'term.list.formula' is deprecated.
     Warning: 'ergm.update.formula' is deprecated.
     Warning: 'term.list.formula' is deprecated.
     Warning: 'term.list.formula' is deprecated.
     Warning: 'term.list.formula' is deprecated.
     Warning: 'ergm.update.formula' is deprecated.
     Warning: 'term.list.formula' is deprecated.
     Warning: 'term.list.formula' is deprecated.
     Warning: 'term.list.formula' is deprecated.
     Warning: 'ergm.update.formula' is deprecated.
     Warning: 'term.list.formula' is deprecated.
     Warning: 'term.list.formula' is deprecated.
     Warning: 'term.list.formula' is deprecated.
     Warning: 'ergm.update.formula' is deprecated.
     Warning: 'term.list.formula' is deprecated.
     Warning: 'term.list.formula' is deprecated.
     Warning: 'term.list.formula' is deprecated.
     Warning: 'term.list.formula' is deprecated.
     Warning: 'term.list.formula' is deprecated.
     Warning: 'term.list.formula' is deprecated.
     Warning: 'term.list.formula' is deprecated.
     Warning: 'term.list.formula' is deprecated.
     Warning: 'term.list.formula' is deprecated.
     Warning: 'term.list.formula' is deprecated.
     Warning: 'ergm.update.formula' is deprecated.
     Warning: 'term.list.formula' is deprecated.
     Warning: 'term.list.formula' is deprecated.
     Warning: 'append.rhs.formula' is deprecated.
     Warning: 'append.rhs.formula' is deprecated.
     Warning: 'ergm.update.formula' is deprecated.
     Warning: 'ergm.update.formula' is deprecated.
     Warning: 'term.list.formula' is deprecated.
     Warning: 'append.rhs.formula' is deprecated.
     Warning: 'term.list.formula' is deprecated.
     Warning: 'ergm.update.formula' is deprecated.
     Warning: 'term.list.formula' is deprecated.
     Warning: 'term.list.formula' is deprecated.
     Warning: 'term.list.formula' is deprecated.
     Warning: 'term.list.formula' is deprecated.
     Warning: 'ergm.update.formula' is deprecated.
     Warning: 'ergm.update.formula' is deprecated.
     Warning: 'term.list.formula' is deprecated.
     Warning: 'term.list.formula' is deprecated.
     Warning: 'term.list.formula' is deprecated.
     Warning: 'term.list.formula' is deprecated.
     Warning: 'ergm.update.formula' is deprecated.
     Warning: 'ergm.update.formula' is deprecated.
     Warning: 'term.list.formula' is deprecated.
     Warning: 'term.list.formula' is deprecated.
     Warning: 'term.list.formula' is deprecated.
     Warning: 'term.list.formula' is deprecated.
     Warning: 'ergm.update.formula' is deprecated.
     Warning: 'ergm.update.formula' is deprecated.
     Warning: 'term.list.formula' is deprecated.
     Warning: 'term.list.formula' is deprecated.
     Warning: 'term.list.formula' is deprecated.
     Warning: 'term.list.formula' is deprecated.
     Warning: 'ergm.update.formula' is deprecated.
     Warning: 'ergm.update.formula' is deprecated.
     Warning: 'term.list.formula' is deprecated.
     Warning: 'term.list.formula' is deprecated.
     Warning: 'term.list.formula' is deprecated.
     Warning: 'term.list.formula' is deprecated.
     Warning: 'ergm.update.formula' is deprecated.
     Warning: 'ergm.update.formula' is deprecated.
     Warning: 'term.list.formula' is deprecated.
     Warning: 'term.list.formula' is deprecated.
     Warning: 'term.list.formula' is deprecated.
     Warning: 'term.list.formula' is deprecated.
     Warning: 'ergm.update.formula' is deprecated.
     Warning: 'ergm.update.formula' is deprecated.
     Warning: 'term.list.formula' is deprecated.
     Warning: 'term.list.formula' is deprecated.
     Warning: 'term.list.formula' is deprecated.
     Warning: 'term.list.formula' is deprecated.
     Warning: 'ergm.update.formula' is deprecated.
     Warning: 'ergm.update.formula' is deprecated.
     Warning: 'term.list.formula' is deprecated.
     Warning: 'term.list.formula' is deprecated.
     Warning: 'term.list.formula' is deprecated.
     Warning: 'term.list.formula' is deprecated.
     Warning: 'ergm.update.formula' is deprecated.
     Warning: 'ergm.update.formula' is deprecated.
     Warning: 'term.list.formula' is deprecated.
     Warning: 'term.list.formula' is deprecated.
     Warning: 'term.list.formula' is deprecated.
     Warning: 'term.list.formula' is deprecated.
     Warning: 'ergm.update.formula' is deprecated.
     Warning: 'ergm.update.formula' is deprecated.
     Warning: 'term.list.formula' is deprecated.
     Warning: 'term.list.formula' is deprecated.
     Warning: 'term.list.formula' is deprecated.
     Warning: 'term.list.formula' is deprecated.
     Warning: 'ergm.update.formula' is deprecated.
     Warning: 'ergm.update.formula' is deprecated.
     Warning: 'term.list.formula' is deprecated.
     Warning: 'term.list.formula' is deprecated.
     Warning: 'term.list.formula' is deprecated.
     Warning: 'term.list.formula' is deprecated.
     Warning: 'ergm.update.formula' is deprecated.
     Warning: 'ergm.update.formula' is deprecated.
     Warning: 'term.list.formula' is deprecated.
     Warning: 'term.list.formula' is deprecated.
     Warning: 'term.list.formula' is deprecated.
     Warning: 'term.list.formula' is deprecated.
     Warning: 'ergm.update.formula' is deprecated.
     Warning: 'ergm.update.formula' is deprecated.
     Warning: 'term.list.formula' is deprecated.
     Warning: 'term.list.formula' is deprecated.
     Warning: 'term.list.formula' is deprecated.
     Warning: 'term.list.formula' is deprecated.
     Warning: 'ergm.update.formula' is deprecated.
     Warning: 'ergm.update.formula' is deprecated.
     Warning: 'term.list.formula' is deprecated.
     Warning: 'term.list.formula' is deprecated.
     Warning: 'term.list.formula' is deprecated.
     Warning: 'term.list.formula' is deprecated.
     Warning: 'ergm.update.formula' is deprecated.
     Warning: 'ergm.update.formula' is deprecated.
     Warning: 'term.list.formula' is deprecated.
     Warning: 'term.list.formula' is deprecated.
     Warning: 'term.list.formula' is deprecated.
     Warning: 'term.list.formula' is deprecated.
     Warning: 'ergm.update.formula' is deprecated.
     Warning: 'ergm.update.formula' is deprecated.
     Warning: 'term.list.formula' is deprecated.
     Warning: 'term.list.formula' is deprecated.
     Warning: 'term.list.formula' is deprecated.
     Warning: 'term.list.formula' is deprecated.
     Warning: 'ergm.update.formula' is deprecated.
     Warning: 'ergm.update.formula' is deprecated.
     Warning: 'term.list.formula' is deprecated.
     Warning: 'term.list.formula' is deprecated.
     Warning: 'term.list.formula' is deprecated.
     Warning: 'term.list.formula' is deprecated.
     Warning: 'ergm.update.formula' is deprecated.
     Warning: 'ergm.update.formula' is deprecated.
     Warning: 'term.list.formula' is deprecated.
     Warning: 'term.list.formula' is deprecated.
     Warning: 'term.list.formula' is deprecated.
     Warning: 'term.list.formula' is deprecated.
     Warning: 'ergm.update.formula' is deprecated.
     Warning: 'ergm.update.formula' is deprecated.
     Warning: 'term.list.formula' is deprecated.
     Warning: 'term.list.formula' is deprecated.
     Warning: 'term.list.formula' is deprecated.
     Warning: 'term.list.formula' is deprecated.
     Warning: 'ergm.update.formula' is deprecated.
     Warning: 'ergm.update.formula' is deprecated.
     Warning: 'term.list.formula' is deprecated.
     Warning: 'term.list.formula' is deprecated.
     Warning: 'term.list.formula' is deprecated.
     Warning: 'term.list.formula' is deprecated.
     Warning: 'ergm.update.formula' is deprecated.
     Warning: 'ergm.update.formula' is deprecated.
     Warning: 'term.list.formula' is deprecated.
     Warning: 'term.list.formula' is deprecated.
     Warning: 'ergm.update.formula' is deprecated.
     Warning: 'term.list.formula' is deprecated.
     Warning: 'ergm.update.formula' is deprecated.
     Warning: 'ergm.update.formula' is deprecated.
     Warning: 'term.list.formula' is deprecated.
     Warning: 'term.list.formula' is deprecated.
     Warning: 'append.rhs.formula' is deprecated.
     Warning: 'term.list.formula' is deprecated.
     Warning: 'term.list.formula' is deprecated.
     Warning: 'term.list.formula' is deprecated.
     Warning: 'term.list.formula' is deprecated.
     Warning: 'ergm.update.formula' is deprecated.
     Warning: 'term.list.formula' is deprecated.
     Warning: 'term.list.formula' is deprecated.
     Warning: 'term.list.formula' is deprecated.
     Warning: 'ergm.update.formula' is deprecated.
     Warning: 'term.list.formula' is deprecated.
     Warning: 'ergm.update.formula' is deprecated.
     Warning: 'term.list.formula' is deprecated.
     Warning: 'term.list.formula' is deprecated.
     Warning: 'term.list.formula' is deprecated.
     Warning: 'term.list.formula' is deprecated.
     Warning: 'term.list.formula' is deprecated.
     Warning: 'term.list.formula' is deprecated.
     Warning: 'term.list.formula' is deprecated.
     Warning: 'term.list.formula' is deprecated.
     Warning: 'term.list.formula' is deprecated.
     Warning: 'term.list.formula' is deprecated.
     Warning: 'term.list.formula' is deprecated.
     Warning: 'term.list.formula' is deprecated.
     Warning: 'term.list.formula' is deprecated.
     Warning: 'ergm.update.formula' is deprecated.
     Warning: 'term.list.formula' is deprecated.
     Warning: 'term.list.formula' is deprecated.
     Warning: 'append.rhs.formula' is deprecated.
     Warning: 'append.rhs.formula' is deprecated.
     Warning: 'ergm.update.formula' is deprecated.
     Warning: 'ergm.update.formula' is deprecated.
     Warning: 'term.list.formula' is deprecated.
     Warning: 'append.rhs.formula' is deprecated.
     Warning: 'term.list.formula' is deprecated.
     Warning: 'ergm.update.formula' is deprecated.
     Warning: 'term.list.formula' is deprecated.
     Warning: 'term.list.formula' is deprecated.
     Warning: 'term.list.formula' is deprecated.
     Warning: 'term.list.formula' is deprecated.
     Warning: 'ergm.update.formula' is deprecated.
     Warning: 'ergm.update.formula' is deprecated.
     Warning: 'term.list.formula' is deprecated.
     Warning: 'term.list.formula' is deprecated.
     Warning: 'term.list.formula' is deprecated.
     Warning: 'term.list.formula' is deprecated.
     Warning: 'ergm.update.formula' is deprecated.
     Warning: 'ergm.update.formula' is deprecated.
     Warning: 'term.list.formula' is deprecated.
     Warning: 'term.list.formula' is deprecated.
     Warning: 'term.list.formula' is deprecated.
     Warning: 'term.list.formula' is deprecated.
     Warning: 'ergm.update.formula' is deprecated.
     Warning: 'ergm.update.formula' is deprecated.
     Warning: 'term.list.formula' is deprecated.
     Warning: 'term.list.formula' is deprecated.
     Warning: 'term.list.formula' is deprecated.
     Warning: 'term.list.formula' is deprecated.
     Warning: 'ergm.update.formula' is deprecated.
     Warning: 'ergm.update.formula' is deprecated.
     Warning: 'term.list.formula' is deprecated.
     Warning: 'term.list.formula' is deprecated.
     Warning: 'term.list.formula' is deprecated.
     Warning: 'term.list.formula' is deprecated.
     Warning: 'ergm.update.formula' is deprecated.
     Warning: 'ergm.update.formula' is deprecated.
     Warning: 'term.list.formula' is deprecated.
     Warning: 'term.list.formula' is deprecated.
     Warning: 'term.list.formula' is deprecated.
     Warning: 'term.list.formula' is deprecated.
     Warning: 'ergm.update.formula' is deprecated.
     Warning: 'ergm.update.formula' is deprecated.
     Warning: 'term.list.formula' is deprecated.
     Warning: 'term.list.formula' is deprecated.
     Warning: 'term.list.formula' is deprecated.
     Warning: 'term.list.formula' is deprecated.
     Warning: 'ergm.update.formula' is deprecated.
     Warning: 'ergm.update.formula' is deprecated.
     Warning: 'term.list.formula' is deprecated.
     Warning: 'term.list.formula' is deprecated.
     Warning: 'term.list.formula' is deprecated.
     Warning: 'term.list.formula' is deprecated.
     Warning: 'ergm.update.formula' is deprecated.
     Warning: 'ergm.update.formula' is deprecated.
     Warning: 'term.list.formula' is deprecated.
     Warning: 'term.list.formula' is deprecated.
     Warning: 'term.list.formula' is deprecated.
     Warning: 'term.list.formula' is deprecated.
     Warning: 'ergm.update.formula' is deprecated.
     Warning: 'ergm.update.formula' is deprecated.
     Warning: 'term.list.formula' is deprecated.
     Warning: 'term.list.formula' is deprecated.
     Warning: 'term.list.formula' is deprecated.
     Warning: 'term.list.formula' is deprecated.
     Warning: 'ergm.update.formula' is deprecated.
     Warning: 'ergm.update.formula' is deprecated.
     Warning: 'term.list.formula' is deprecated.
     Warning: 'term.list.formula' is deprecated.
     Warning: 'term.list.formula' is deprecated.
     Warning: 'term.list.formula' is deprecated.
     Warning: 'ergm.update.formula' is deprecated.
     Warning: 'ergm.update.formula' is deprecated.
     Warning: 'term.list.formula' is deprecated.
     Warning: 'term.list.formula' is deprecated.
     Warning: 'term.list.formula' is deprecated.
     Warning: 'term.list.formula' is deprecated.
     Warning: 'ergm.update.formula' is deprecated.
     Warning: 'ergm.update.formula' is deprecated.
     Warning: 'term.list.formula' is deprecated.
     Warning: 'term.list.formula' is deprecated.
     Warning: 'term.list.formula' is deprecated.
     Warning: 'term.list.formula' is deprecated.
     Warning: 'ergm.update.formula' is deprecated.
     Warning: 'ergm.update.formula' is deprecated.
     Warning: 'term.list.formula' is deprecated.
     Warning: 'term.list.formula' is deprecated.
     Warning: 'term.list.formula' is deprecated.
     Warning: 'term.list.formula' is deprecated.
     Warning: 'ergm.update.formula' is deprecated.
     Warning: 'ergm.update.formula' is deprecated.
     Warning: 'term.list.formula' is deprecated.
     Warning: 'term.list.formula' is deprecated.
     Warning: 'term.list.formula' is deprecated.
     Warning: 'term.list.formula' is deprecated.
     Warning: 'ergm.update.formula' is deprecated.
     Warning: 'ergm.update.formula' is deprecated.
     Warning: 'term.list.formula' is deprecated.
     Warning: 'term.list.formula' is deprecated.
     Warning: 'term.list.formula' is deprecated.
     Warning: 'term.list.formula' is deprecated.
     Warning: 'ergm.update.formula' is deprecated.
     Warning: 'ergm.update.formula' is deprecated.
     Warning: 'term.list.formula' is deprecated.
     Warning: 'term.list.formula' is deprecated.
     Warning: 'term.list.formula' is deprecated.
     Warning: 'term.list.formula' is deprecated.
     Warning: 'ergm.update.formula' is deprecated.
     Warning: 'ergm.update.formula' is deprecated.
     Warning: 'term.list.formula' is deprecated.
     Warning: 'term.list.formula' is deprecated.
     Warning: 'term.list.formula' is deprecated.
     Warning: 'term.list.formula' is deprecated.
     Warning: 'ergm.update.formula' is deprecated.
     Warning: 'ergm.update.formula' is deprecated.
     Warning: 'term.list.formula' is deprecated.
     Warning: 'term.list.formula' is deprecated.
     Warning: 'term.list.formula' is deprecated.
     Warning: 'term.list.formula' is deprecated.
     Warning: 'ergm.update.formula' is deprecated.
     Warning: 'ergm.update.formula' is deprecated.
     Warning: 'term.list.formula' is deprecated.
     Warning: 'term.list.formula' is deprecated.
     Warning: 'term.list.formula' is deprecated.
     Warning: 'term.list.formula' is deprecated.
     Warning: 'ergm.update.formula' is deprecated.
     Warning: 'ergm.update.formula' is deprecated.
     Warning: 'term.list.formula' is deprecated.
     Warning: 'term.list.formula' is deprecated.
    Deprecated functions may be defunct as soon as of the next release of
    R.
    See ?Deprecated.
Flavors: r-devel-linux-x86_64-debian-clang, r-devel-linux-x86_64-fedora-clang, r-devel-linux-x86_64-fedora-gcc, r-patched-solaris-x86

Version: 3.8.0
Check: examples
Result: WARN
    Found the following significant warnings:
    
     Warning: 'term.list.formula' is deprecated.
     Warning: 'term.list.formula' is deprecated.
     Warning: 'ergm.update.formula' is deprecated.
     Warning: 'term.list.formula' is deprecated.
     Warning: 'term.list.formula' is deprecated.
     Warning: 'term.list.formula' is deprecated.
     Warning: 'term.list.formula' is deprecated.
     Warning: 'term.list.formula' is deprecated.
     Warning: 'term.list.formula' is deprecated.
     Warning: 'term.list.formula' is deprecated.
     Warning: 'term.list.formula' is deprecated.
     Warning: 'term.list.formula' is deprecated.
     Warning: 'ergm.update.formula' is deprecated.
     Warning: 'term.list.formula' is deprecated.
     Warning: 'term.list.formula' is deprecated.
     Warning: 'ergm.update.formula' is deprecated.
     Warning: 'term.list.formula' is deprecated.
     Warning: 'term.list.formula' is deprecated.
     Warning: 'term.list.formula' is deprecated.
     Warning: 'term.list.formula' is deprecated.
     Warning: 'term.list.formula' is deprecated.
     Warning: 'term.list.formula' is deprecated.
     Warning: 'ergm.update.formula' is deprecated.
     Warning: 'term.list.formula' is deprecated.
     Warning: 'term.list.formula' is deprecated.
     Warning: 'term.list.formula' is deprecated.
     Warning: 'term.list.formula' is deprecated.
     Warning: 'term.list.formula' is deprecated.
     Warning: 'term.list.formula' is deprecated.
     Warning: 'term.list.formula' is deprecated.
     Warning: 'term.list.formula' is deprecated.
     Warning: 'term.list.formula' is deprecated.
     Warning: 'ergm.update.formula' is deprecated.
     Warning: 'term.list.formula' is deprecated.
     Warning: 'term.list.formula' is deprecated.
     Warning: 'append.rhs.formula' is deprecated.
     Warning: 'ergm.update.formula' is deprecated.
     Warning: 'ergm.update.formula' is deprecated.
     Warning: 'term.list.formula' is deprecated.
     Warning: 'append.rhs.formula' is deprecated.
     Warning: 'term.list.formula' is deprecated.
     Warning: 'ergm.update.formula' is deprecated.
     Warning: 'term.list.formula' is deprecated.
     Warning: 'term.list.formula' is deprecated.
     Warning: 'term.list.formula' is deprecated.
     Warning: 'term.list.formula' is deprecated.
     Warning: 'ergm.update.formula' is deprecated.
     Warning: 'ergm.update.formula' is deprecated.
     Warning: 'term.list.formula' is deprecated.
     Warning: 'term.list.formula' is deprecated.
     Warning: 'term.list.formula' is deprecated.
     Warning: 'term.list.formula' is deprecated.
     Warning: 'ergm.update.formula' is deprecated.
     Warning: 'ergm.update.formula' is deprecated.
     Warning: 'term.list.formula' is deprecated.
     Warning: 'term.list.formula' is deprecated.
     Warning: 'term.list.formula' is deprecated.
     Warning: 'term.list.formula' is deprecated.
     Warning: 'ergm.update.formula' is deprecated.
     Warning: 'ergm.update.formula' is deprecated.
     Warning: 'term.list.formula' is deprecated.
     Warning: 'term.list.formula' is deprecated.
     Warning: 'term.list.formula' is deprecated.
     Warning: 'term.list.formula' is deprecated.
     Warning: 'ergm.update.formula' is deprecated.
     Warning: 'ergm.update.formula' is deprecated.
     Warning: 'term.list.formula' is deprecated.
     Warning: 'term.list.formula' is deprecated.
     Warning: 'term.list.formula' is deprecated.
     Warning: 'term.list.formula' is deprecated.
     Warning: 'ergm.update.formula' is deprecated.
     Warning: 'ergm.update.formula' is deprecated.
     Warning: 'term.list.formula' is deprecated.
     Warning: 'term.list.formula' is deprecated.
     Warning: 'term.list.formula' is deprecated.
     Warning: 'term.list.formula' is deprecated.
     Warning: 'ergm.update.formula' is deprecated.
     Warning: 'ergm.update.formula' is deprecated.
     Warning: 'term.list.formula' is deprecated.
     Warning: 'term.list.formula' is deprecated.
     Warning: 'term.list.formula' is deprecated.
     Warning: 'term.list.formula' is deprecated.
     Warning: 'ergm.update.formula' is deprecated.
     Warning: 'ergm.update.formula' is deprecated.
     Warning: 'term.list.formula' is deprecated.
     Warning: 'term.list.formula' is deprecated.
     Warning: 'term.list.formula' is deprecated.
     Warning: 'term.list.formula' is deprecated.
     Warning: 'ergm.update.formula' is deprecated.
     Warning: 'ergm.update.formula' is deprecated.
     Warning: 'term.list.formula' is deprecated.
     Warning: 'term.list.formula' is deprecated.
     Warning: 'term.list.formula' is deprecated.
     Warning: 'term.list.formula' is deprecated.
     Warning: 'ergm.update.formula' is deprecated.
     Warning: 'ergm.update.formula' is deprecated.
     Warning: 'term.list.formula' is deprecated.
     Warning: 'term.list.formula' is deprecated.
     Warning: 'term.list.formula' is deprecated.
     Warning: 'term.list.formula' is deprecated.
     Warning: 'ergm.update.formula' is deprecated.
     Warning: 'ergm.update.formula' is deprecated.
     Warning: 'term.list.formula' is deprecated.
     Warning: 'term.list.formula' is deprecated.
     Warning: 'term.list.formula' is deprecated.
     Warning: 'term.list.formula' is deprecated.
     Warning: 'ergm.update.formula' is deprecated.
     Warning: 'ergm.update.formula' is deprecated.
     Warning: 'term.list.formula' is deprecated.
     Warning: 'term.list.formula' is deprecated.
     Warning: 'term.list.formula' is deprecated.
     Warning: 'term.list.formula' is deprecated.
     Warning: 'ergm.update.formula' is deprecated.
     Warning: 'ergm.update.formula' is deprecated.
     Warning: 'term.list.formula' is deprecated.
     Warning: 'term.list.formula' is deprecated.
     Warning: 'term.list.formula' is deprecated.
     Warning: 'term.list.formula' is deprecated.
     Warning: 'ergm.update.formula' is deprecated.
     Warning: 'ergm.update.formula' is deprecated.
     Warning: 'term.list.formula' is deprecated.
     Warning: 'term.list.formula' is deprecated.
     Warning: 'term.list.formula' is deprecated.
     Warning: 'term.list.formula' is deprecated.
     Warning: 'ergm.update.formula' is deprecated.
     Warning: 'ergm.update.formula' is deprecated.
     Warning: 'term.list.formula' is deprecated.
     Warning: 'term.list.formula' is deprecated.
     Warning: 'term.list.formula' is deprecated.
     Warning: 'term.list.formula' is deprecated.
     Warning: 'ergm.update.formula' is deprecated.
     Warning: 'ergm.update.formula' is deprecated.
     Warning: 'term.list.formula' is deprecated.
     Warning: 'term.list.formula' is deprecated.
     Warning: 'term.list.formula' is deprecated.
     Warning: 'term.list.formula' is deprecated.
     Warning: 'ergm.update.formula' is deprecated.
     Warning: 'ergm.update.formula' is deprecated.
     Warning: 'term.list.formula' is deprecated.
     Warning: 'term.list.formula' is deprecated.
     Warning: 'term.list.formula' is deprecated.
     Warning: 'term.list.formula' is deprecated.
     Warning: 'ergm.update.formula' is deprecated.
     Warning: 'ergm.update.formula' is deprecated.
     Warning: 'term.list.formula' is deprecated.
     Warning: 'term.list.formula' is deprecated.
     Warning: 'term.list.formula' is deprecated.
     Warning: 'term.list.formula' is deprecated.
     Warning: 'ergm.update.formula' is deprecated.
     Warning: 'ergm.update.formula' is deprecated.
     Warning: 'term.list.formula' is deprecated.
     Warning: 'term.list.formula' is deprecated.
     Warning: 'term.list.formula' is deprecated.
     Warning: 'term.list.formula' is deprecated.
     Warning: 'ergm.update.formula' is deprecated.
     Warning: 'ergm.update.formula' is deprecated.
     Warning: 'term.list.formula' is deprecated.
     Warning: 'term.list.formula' is deprecated.
     Warning: 'term.list.formula' is deprecated.
     Warning: 'term.list.formula' is deprecated.
     Warning: 'ergm.update.formula' is deprecated.
     Warning: 'ergm.update.formula' is deprecated.
     Warning: 'term.list.formula' is deprecated.
     Warning: 'term.list.formula' is deprecated.
     Warning: 'ergm.update.formula' is deprecated.
     Warning: 'term.list.formula' is deprecated.
     Warning: 'term.list.formula' is deprecated.
     Warning: 'term.list.formula' is deprecated.
     Warning: 'ergm.update.formula' is deprecated.
     Warning: 'term.list.formula' is deprecated.
     Warning: 'term.list.formula' is deprecated.
     Warning: 'term.list.formula' is deprecated.
     Warning: 'ergm.update.formula' is deprecated.
     Warning: 'term.list.formula' is deprecated.
     Warning: 'term.list.formula' is deprecated.
     Warning: 'term.list.formula' is deprecated.
     Warning: 'ergm.update.formula' is deprecated.
     Warning: 'term.list.formula' is deprecated.
     Warning: 'term.list.formula' is deprecated.
     Warning: 'term.list.formula' is deprecated.
     Warning: 'ergm.update.formula' is deprecated.
     Warning: 'term.list.formula' is deprecated.
     Warning: 'term.list.formula' is deprecated.
     Warning: 'term.list.formula' is deprecated.
     Warning: 'term.list.formula' is deprecated.
     Warning: 'term.list.formula' is deprecated.
     Warning: 'term.list.formula' is deprecated.
     Warning: 'term.list.formula' is deprecated.
     Warning: 'term.list.formula' is deprecated.
     Warning: 'term.list.formula' is deprecated.
     Warning: 'term.list.formula' is deprecated.
     Warning: 'ergm.update.formula' is deprecated.
     Warning: 'term.list.formula' is deprecated.
     Warning: 'term.list.formula' is deprecated.
     Warning: 'append.rhs.formula' is deprecated.
     Warning: 'append.rhs.formula' is deprecated.
     Warning: 'ergm.update.formula' is deprecated.
     Warning: 'ergm.update.formula' is deprecated.
     Warning: 'term.list.formula' is deprecated.
     Warning: 'append.rhs.formula' is deprecated.
     Warning: 'term.list.formula' is deprecated.
     Warning: 'ergm.update.formula' is deprecated.
     Warning: 'term.list.formula' is deprecated.
     Warning: 'term.list.formula' is deprecated.
     Warning: 'term.list.formula' is deprecated.
     Warning: 'term.list.formula' is deprecated.
     Warning: 'ergm.update.formula' is deprecated.
     Warning: 'ergm.update.formula' is deprecated.
     Warning: 'term.list.formula' is deprecated.
     Warning: 'term.list.formula' is deprecated.
     Warning: 'term.list.formula' is deprecated.
     Warning: 'term.list.formula' is deprecated.
     Warning: 'ergm.update.formula' is deprecated.
     Warning: 'ergm.update.formula' is deprecated.
     Warning: 'term.list.formula' is deprecated.
     Warning: 'term.list.formula' is deprecated.
     Warning: 'term.list.formula' is deprecated.
     Warning: 'term.list.formula' is deprecated.
     Warning: 'ergm.update.formula' is deprecated.
     Warning: 'ergm.update.formula' is deprecated.
     Warning: 'term.list.formula' is deprecated.
     Warning: 'term.list.formula' is deprecated.
     Warning: 'term.list.formula' is deprecated.
     Warning: 'term.list.formula' is deprecated.
     Warning: 'ergm.update.formula' is deprecated.
     Warning: 'ergm.update.formula' is deprecated.
     Warning: 'term.list.formula' is deprecated.
     Warning: 'term.list.formula' is deprecated.
     Warning: 'term.list.formula' is deprecated.
     Warning: 'term.list.formula' is deprecated.
     Warning: 'ergm.update.formula' is deprecated.
     Warning: 'ergm.update.formula' is deprecated.
     Warning: 'term.list.formula' is deprecated.
     Warning: 'term.list.formula' is deprecated.
     Warning: 'term.list.formula' is deprecated.
     Warning: 'term.list.formula' is deprecated.
     Warning: 'ergm.update.formula' is deprecated.
     Warning: 'ergm.update.formula' is deprecated.
     Warning: 'term.list.formula' is deprecated.
     Warning: 'term.list.formula' is deprecated.
     Warning: 'term.list.formula' is deprecated.
     Warning: 'term.list.formula' is deprecated.
     Warning: 'ergm.update.formula' is deprecated.
     Warning: 'ergm.update.formula' is deprecated.
     Warning: 'term.list.formula' is deprecated.
     Warning: 'term.list.formula' is deprecated.
     Warning: 'term.list.formula' is deprecated.
     Warning: 'term.list.formula' is deprecated.
     Warning: 'ergm.update.formula' is deprecated.
     Warning: 'ergm.update.formula' is deprecated.
     Warning: 'term.list.formula' is deprecated.
     Warning: 'term.list.formula' is deprecated.
     Warning: 'term.list.formula' is deprecated.
     Warning: 'term.list.formula' is deprecated.
     Warning: 'ergm.update.formula' is deprecated.
     Warning: 'ergm.update.formula' is deprecated.
     Warning: 'term.list.formula' is deprecated.
     Warning: 'term.list.formula' is deprecated.
     Warning: 'term.list.formula' is deprecated.
     Warning: 'term.list.formula' is deprecated.
     Warning: 'ergm.update.formula' is deprecated.
     Warning: 'ergm.update.formula' is deprecated.
     Warning: 'term.list.formula' is deprecated.
     Warning: 'term.list.formula' is deprecated.
     Warning: 'term.list.formula' is deprecated.
     Warning: 'term.list.formula' is deprecated.
     Warning: 'ergm.update.formula' is deprecated.
     Warning: 'ergm.update.formula' is deprecated.
     Warning: 'term.list.formula' is deprecated.
     Warning: 'term.list.formula' is deprecated.
     Warning: 'term.list.formula' is deprecated.
     Warning: 'term.list.formula' is deprecated.
     Warning: 'ergm.update.formula' is deprecated.
     Warning: 'ergm.update.formula' is deprecated.
     Warning: 'term.list.formula' is deprecated.
     Warning: 'term.list.formula' is deprecated.
     Warning: 'term.list.formula' is deprecated.
     Warning: 'term.list.formula' is deprecated.
     Warning: 'ergm.update.formula' is deprecated.
     Warning: 'ergm.update.formula' is deprecated.
     Warning: 'term.list.formula' is deprecated.
     Warning: 'term.list.formula' is deprecated.
     Warning: 'term.list.formula' is deprecated.
     Warning: 'term.list.formula' is deprecated.
     Warning: 'ergm.update.formula' is deprecated.
     Warning: 'ergm.update.formula' is deprecated.
     Warning: 'term.list.formula' is deprecated.
     Warning: 'term.list.formula' is deprecated.
     Warning: 'term.list.formula' is deprecated.
     Warning: 'term.list.formula' is deprecated.
     Warning: 'ergm.update.formula' is deprecated.
     Warning: 'ergm.update.formula' is deprecated.
     Warning: 'term.list.formula' is deprecated.
     Warning: 'term.list.formula' is deprecated.
     Warning: 'term.list.formula' is deprecated.
     Warning: 'term.list.formula' is deprecated.
     Warning: 'ergm.update.formula' is deprecated.
     Warning: 'ergm.update.formula' is deprecated.
     Warning: 'term.list.formula' is deprecated.
     Warning: 'term.list.formula' is deprecated.
     Warning: 'term.list.formula' is deprecated.
     Warning: 'term.list.formula' is deprecated.
     Warning: 'ergm.update.formula' is deprecated.
     Warning: 'ergm.update.formula' is deprecated.
     Warning: 'term.list.formula' is deprecated.
     Warning: 'term.list.formula' is deprecated.
     Warning: 'term.list.formula' is deprecated.
     Warning: 'term.list.formula' is deprecated.
     Warning: 'ergm.update.formula' is deprecated.
     Warning: 'ergm.update.formula' is deprecated.
     Warning: 'term.list.formula' is deprecated.
     Warning: 'term.list.formula' is deprecated.
     Warning: 'term.list.formula' is deprecated.
     Warning: 'term.list.formula' is deprecated.
     Warning: 'ergm.update.formula' is deprecated.
     Warning: 'ergm.update.formula' is deprecated.
     Warning: 'term.list.formula' is deprecated.
     Warning: 'term.list.formula' is deprecated.
     Warning: 'term.list.formula' is deprecated.
     Warning: 'term.list.formula' is deprecated.
     Warning: 'ergm.update.formula' is deprecated.
     Warning: 'ergm.update.formula' is deprecated.
     Warning: 'term.list.formula' is deprecated.
     Warning: 'term.list.formula' is deprecated.
     Warning: 'ergm.update.formula' is deprecated.
     Warning: 'term.list.formula' is deprecated.
     Warning: 'ergm.update.formula' is deprecated.
     Warning: 'ergm.update.formula' is deprecated.
     Warning: 'term.list.formula' is deprecated.
     Warning: 'term.list.formula' is deprecated.
     Warning: 'append.rhs.formula' is deprecated.
     Warning: 'term.list.formula' is deprecated.
     Warning: 'term.list.formula' is deprecated.
     Warning: 'term.list.formula' is deprecated.
     Warning: 'term.list.formula' is deprecated.
     Warning: 'ergm.update.formula' is deprecated.
     Warning: 'term.list.formula' is deprecated.
     Warning: 'term.list.formula' is deprecated.
     Warning: 'term.list.formula' is deprecated.
     Warning: 'ergm.update.formula' is deprecated.
     Warning: 'term.list.formula' is deprecated.
     Warning: 'ergm.update.formula' is deprecated.
     Warning: 'term.list.formula' is deprecated.
     Warning: 'term.list.formula' is deprecated.
     Warning: 'term.list.formula' is deprecated.
     Warning: 'term.list.formula' is deprecated.
     Warning: 'term.list.formula' is deprecated.
     Warning: 'term.list.formula' is deprecated.
     Warning: 'term.list.formula' is deprecated.
     Warning: 'term.list.formula' is deprecated.
     Warning: 'term.list.formula' is deprecated.
     Warning: 'term.list.formula' is deprecated.
     Warning: 'term.list.formula' is deprecated.
     Warning: 'term.list.formula' is deprecated.
     Warning: 'term.list.formula' is deprecated.
     Warning: 'ergm.update.formula' is deprecated.
     Warning: 'term.list.formula' is deprecated.
     Warning: 'term.list.formula' is deprecated.
     Warning: 'append.rhs.formula' is deprecated.
     Warning: 'append.rhs.formula' is deprecated.
     Warning: 'ergm.update.formula' is deprecated.
     Warning: 'ergm.update.formula' is deprecated.
     Warning: 'term.list.formula' is deprecated.
     Warning: 'append.rhs.formula' is deprecated.
     Warning: 'term.list.formula' is deprecated.
     Warning: 'ergm.update.formula' is deprecated.
     Warning: 'term.list.formula' is deprecated.
     Warning: 'term.list.formula' is deprecated.
     Warning: 'term.list.formula' is deprecated.
     Warning: 'term.list.formula' is deprecated.
     Warning: 'ergm.update.formula' is deprecated.
     Warning: 'ergm.update.formula' is deprecated.
     Warning: 'term.list.formula' is deprecated.
     Warning: 'term.list.formula' is deprecated.
     Warning: 'term.list.formula' is deprecated.
     Warning: 'term.list.formula' is deprecated.
     Warning: 'ergm.update.formula' is deprecated.
     Warning: 'ergm.update.formula' is deprecated.
     Warning: 'term.list.formula' is deprecated.
     Warning: 'term.list.formula' is deprecated.
     Warning: 'term.list.formula' is deprecated.
     Warning: 'term.list.formula' is deprecated.
     Warning: 'ergm.update.formula' is deprecated.
     Warning: 'ergm.update.formula' is deprecated.
     Warning: 'term.list.formula' is deprecated.
     Warning: 'term.list.formula' is deprecated.
     Warning: 'term.list.formula' is deprecated.
     Warning: 'term.list.formula' is deprecated.
     Warning: 'ergm.update.formula' is deprecated.
     Warning: 'ergm.update.formula' is deprecated.
     Warning: 'term.list.formula' is deprecated.
     Warning: 'term.list.formula' is deprecated.
     Warning: 'term.list.formula' is deprecated.
     Warning: 'term.list.formula' is deprecated.
     Warning: 'ergm.update.formula' is deprecated.
     Warning: 'ergm.update.formula' is deprecated.
     Warning: 'term.list.formula' is deprecated.
     Warning: 'term.list.formula' is deprecated.
     Warning: 'term.list.formula' is deprecated.
     Warning: 'term.list.formula' is deprecated.
     Warning: 'ergm.update.formula' is deprecated.
     Warning: 'ergm.update.formula' is deprecated.
     Warning: 'term.list.formula' is deprecated.
     Warning: 'term.list.formula' is deprecated.
     Warning: 'term.list.formula' is deprecated.
     Warning: 'term.list.formula' is deprecated.
     Warning: 'ergm.update.formula' is deprecated.
     Warning: 'ergm.update.formula' is deprecated.
     Warning: 'term.list.formula' is deprecated.
     Warning: 'term.list.formula' is deprecated.
     Warning: 'term.list.formula' is deprecated.
     Warning: 'term.list.formula' is deprecated.
     Warning: 'ergm.update.formula' is deprecated.
     Warning: 'ergm.update.formula' is deprecated.
     Warning: 'term.list.formula' is deprecated.
     Warning: 'term.list.formula' is deprecated.
     Warning: 'term.list.formula' is deprecated.
     Warning: 'term.list.formula' is deprecated.
     Warning: 'ergm.update.formula' is deprecated.
     Warning: 'ergm.update.formula' is deprecated.
     Warning: 'term.list.formula' is deprecated.
     Warning: 'term.list.formula' is deprecated.
     Warning: 'term.list.formula' is deprecated.
     Warning: 'term.list.formula' is deprecated.
     Warning: 'ergm.update.formula' is deprecated.
     Warning: 'ergm.update.formula' is deprecated.
     Warning: 'term.list.formula' is deprecated.
     Warning: 'term.list.formula' is deprecated.
     Warning: 'term.list.formula' is deprecated.
     Warning: 'term.list.formula' is deprecated.
     Warning: 'ergm.update.formula' is deprecated.
     Warning: 'ergm.update.formula' is deprecated.
     Warning: 'term.list.formula' is deprecated.
     Warning: 'term.list.formula' is deprecated.
     Warning: 'term.list.formula' is deprecated.
     Warning: 'term.list.formula' is deprecated.
     Warning: 'ergm.update.formula' is deprecated.
     Warning: 'ergm.update.formula' is deprecated.
     Warning: 'term.list.formula' is deprecated.
     Warning: 'term.list.formula' is deprecated.
     Warning: 'term.list.formula' is deprecated.
     Warning: 'term.list.formula' is deprecated.
     Warning: 'ergm.update.formula' is deprecated.
     Warning: 'ergm.update.formula' is deprecated.
     Warning: 'term.list.formula' is deprecated.
     Warning: 'term.list.formula' is deprecated.
     Warning: 'term.list.formula' is deprecated.
     Warning: 'term.list.formula' is deprecated.
     Warning: 'ergm.update.formula' is deprecated.
     Warning: 'ergm.update.formula' is deprecated.
     Warning: 'term.list.formula' is deprecated.
     Warning: 'term.list.formula' is deprecated.
     Warning: 'term.list.formula' is deprecated.
     Warning: 'term.list.formula' is deprecated.
     Warning: 'ergm.update.formula' is deprecated.
     Warning: 'ergm.update.formula' is deprecated.
     Warning: 'term.list.formula' is deprecated.
     Warning: 'term.list.formula' is deprecated.
     Warning: 'term.list.formula' is deprecated.
     Warning: 'term.list.formula' is deprecated.
     Warning: 'ergm.update.formula' is deprecated.
     Warning: 'ergm.update.formula' is deprecated.
     Warning: 'term.list.formula' is deprecated.
     Warning: 'term.list.formula' is deprecated.
     Warning: 'term.list.formula' is deprecated.
     Warning: 'term.list.formula' is deprecated.
     Warning: 'ergm.update.formula' is deprecated.
     Warning: 'ergm.update.formula' is deprecated.
     Warning: 'term.list.formula' is deprecated.
     Warning: 'term.list.formula' is deprecated.
     Warning: 'term.list.formula' is deprecated.
     Warning: 'term.list.formula' is deprecated.
     Warning: 'ergm.update.formula' is deprecated.
     Warning: 'ergm.update.formula' is deprecated.
     Warning: 'term.list.formula' is deprecated.
     Warning: 'term.list.formula' is deprecated.
     Warning: 'term.list.formula' is deprecated.
     Warning: 'term.list.formula' is deprecated.
     Warning: 'ergm.update.formula' is deprecated.
     Warning: 'ergm.update.formula' is deprecated.
     Warning: 'term.list.formula' is deprecated.
     Warning: 'term.list.formula' is deprecated.
     Warning: 'term.list.formula' is deprecated.
     Warning: 'term.list.formula' is deprecated.
     Warning: 'ergm.update.formula' is deprecated.
     Warning: 'ergm.update.formula' is deprecated.
     Warning: 'term.list.formula' is deprecated.
     Warning: 'term.list.formula' is deprecated.
    Deprecated functions may be defunct as soon as of the next release of
    R.
    See ?Deprecated.
    Examples with CPU or elapsed time > 5s
     user system elapsed
    simulate.ergm 3.948 0.008 5.501
    vcov.ergm 3.503 0.008 5.172
Flavor: r-devel-linux-x86_64-debian-gcc

Version: 3.8.0
Check: examples
Result: WARN
    Found the following significant warnings:
    
     Warning: 'term.list.formula' is deprecated.
     Warning: 'term.list.formula' is deprecated.
     Warning: 'ergm.update.formula' is deprecated.
     Warning: 'term.list.formula' is deprecated.
     Warning: 'term.list.formula' is deprecated.
     Warning: 'term.list.formula' is deprecated.
     Warning: 'term.list.formula' is deprecated.
     Warning: 'term.list.formula' is deprecated.
     Warning: 'term.list.formula' is deprecated.
     Warning: 'term.list.formula' is deprecated.
     Warning: 'term.list.formula' is deprecated.
     Warning: 'term.list.formula' is deprecated.
     Warning: 'ergm.update.formula' is deprecated.
     Warning: 'term.list.formula' is deprecated.
     Warning: 'term.list.formula' is deprecated.
     Warning: 'ergm.update.formula' is deprecated.
     Warning: 'term.list.formula' is deprecated.
     Warning: 'term.list.formula' is deprecated.
     Warning: 'term.list.formula' is deprecated.
     Warning: 'term.list.formula' is deprecated.
     Warning: 'term.list.formula' is deprecated.
     Warning: 'term.list.formula' is deprecated.
     Warning: 'ergm.update.formula' is deprecated.
     Warning: 'term.list.formula' is deprecated.
     Warning: 'term.list.formula' is deprecated.
     Warning: 'term.list.formula' is deprecated.
     Warning: 'term.list.formula' is deprecated.
     Warning: 'term.list.formula' is deprecated.
     Warning: 'term.list.formula' is deprecated.
     Warning: 'term.list.formula' is deprecated.
     Warning: 'term.list.formula' is deprecated.
     Warning: 'term.list.formula' is deprecated.
     Warning: 'ergm.update.formula' is deprecated.
     Warning: 'term.list.formula' is deprecated.
     Warning: 'term.list.formula' is deprecated.
     Warning: 'append.rhs.formula' is deprecated.
     Warning: 'ergm.update.formula' is deprecated.
     Warning: 'ergm.update.formula' is deprecated.
     Warning: 'term.list.formula' is deprecated.
     Warning: 'append.rhs.formula' is deprecated.
     Warning: 'term.list.formula' is deprecated.
     Warning: 'ergm.update.formula' is deprecated.
     Warning: 'term.list.formula' is deprecated.
     Warning: 'term.list.formula' is deprecated.
     Warning: 'term.list.formula' is deprecated.
     Warning: 'term.list.formula' is deprecated.
     Warning: 'ergm.update.formula' is deprecated.
     Warning: 'ergm.update.formula' is deprecated.
     Warning: 'term.list.formula' is deprecated.
     Warning: 'term.list.formula' is deprecated.
     Warning: 'term.list.formula' is deprecated.
     Warning: 'term.list.formula' is deprecated.
     Warning: 'ergm.update.formula' is deprecated.
     Warning: 'ergm.update.formula' is deprecated.
     Warning: 'term.list.formula' is deprecated.
     Warning: 'term.list.formula' is deprecated.
     Warning: 'term.list.formula' is deprecated.
     Warning: 'term.list.formula' is deprecated.
     Warning: 'ergm.update.formula' is deprecated.
     Warning: 'ergm.update.formula' is deprecated.
     Warning: 'term.list.formula' is deprecated.
     Warning: 'term.list.formula' is deprecated.
     Warning: 'term.list.formula' is deprecated.
     Warning: 'term.list.formula' is deprecated.
     Warning: 'ergm.update.formula' is deprecated.
     Warning: 'ergm.update.formula' is deprecated.
     Warning: 'term.list.formula' is deprecated.
     Warning: 'term.list.formula' is deprecated.
     Warning: 'term.list.formula' is deprecated.
     Warning: 'term.list.formula' is deprecated.
     Warning: 'ergm.update.formula' is deprecated.
     Warning: 'ergm.update.formula' is deprecated.
     Warning: 'term.list.formula' is deprecated.
     Warning: 'term.list.formula' is deprecated.
     Warning: 'term.list.formula' is deprecated.
     Warning: 'term.list.formula' is deprecated.
     Warning: 'ergm.update.formula' is deprecated.
     Warning: 'ergm.update.formula' is deprecated.
     Warning: 'term.list.formula' is deprecated.
     Warning: 'term.list.formula' is deprecated.
     Warning: 'term.list.formula' is deprecated.
     Warning: 'term.list.formula' is deprecated.
     Warning: 'ergm.update.formula' is deprecated.
     Warning: 'ergm.update.formula' is deprecated.
     Warning: 'term.list.formula' is deprecated.
     Warning: 'term.list.formula' is deprecated.
     Warning: 'term.list.formula' is deprecated.
     Warning: 'term.list.formula' is deprecated.
     Warning: 'ergm.update.formula' is deprecated.
     Warning: 'ergm.update.formula' is deprecated.
     Warning: 'term.list.formula' is deprecated.
     Warning: 'term.list.formula' is deprecated.
     Warning: 'term.list.formula' is deprecated.
     Warning: 'term.list.formula' is deprecated.
     Warning: 'ergm.update.formula' is deprecated.
     Warning: 'ergm.update.formula' is deprecated.
     Warning: 'term.list.formula' is deprecated.
     Warning: 'term.list.formula' is deprecated.
     Warning: 'term.list.formula' is deprecated.
     Warning: 'term.list.formula' is deprecated.
     Warning: 'ergm.update.formula' is deprecated.
     Warning: 'ergm.update.formula' is deprecated.
     Warning: 'term.list.formula' is deprecated.
     Warning: 'term.list.formula' is deprecated.
     Warning: 'term.list.formula' is deprecated.
     Warning: 'term.list.formula' is deprecated.
     Warning: 'ergm.update.formula' is deprecated.
     Warning: 'ergm.update.formula' is deprecated.
     Warning: 'term.list.formula' is deprecated.
     Warning: 'term.list.formula' is deprecated.
     Warning: 'term.list.formula' is deprecated.
     Warning: 'term.list.formula' is deprecated.
     Warning: 'ergm.update.formula' is deprecated.
     Warning: 'ergm.update.formula' is deprecated.
     Warning: 'term.list.formula' is deprecated.
     Warning: 'term.list.formula' is deprecated.
     Warning: 'term.list.formula' is deprecated.
     Warning: 'term.list.formula' is deprecated.
     Warning: 'ergm.update.formula' is deprecated.
     Warning: 'ergm.update.formula' is deprecated.
     Warning: 'term.list.formula' is deprecated.
     Warning: 'term.list.formula' is deprecated.
     Warning: 'term.list.formula' is deprecated.
     Warning: 'term.list.formula' is deprecated.
     Warning: 'ergm.update.formula' is deprecated.
     Warning: 'ergm.update.formula' is deprecated.
     Warning: 'term.list.formula' is deprecated.
     Warning: 'term.list.formula' is deprecated.
     Warning: 'term.list.formula' is deprecated.
     Warning: 'term.list.formula' is deprecated.
     Warning: 'ergm.update.formula' is deprecated.
     Warning: 'ergm.update.formula' is deprecated.
     Warning: 'term.list.formula' is deprecated.
     Warning: 'term.list.formula' is deprecated.
     Warning: 'term.list.formula' is deprecated.
     Warning: 'term.list.formula' is deprecated.
     Warning: 'ergm.update.formula' is deprecated.
     Warning: 'ergm.update.formula' is deprecated.
     Warning: 'term.list.formula' is deprecated.
     Warning: 'term.list.formula' is deprecated.
     Warning: 'term.list.formula' is deprecated.
     Warning: 'term.list.formula' is deprecated.
     Warning: 'ergm.update.formula' is deprecated.
     Warning: 'ergm.update.formula' is deprecated.
     Warning: 'term.list.formula' is deprecated.
     Warning: 'term.list.formula' is deprecated.
     Warning: 'term.list.formula' is deprecated.
     Warning: 'term.list.formula' is deprecated.
     Warning: 'ergm.update.formula' is deprecated.
     Warning: 'ergm.update.formula' is deprecated.
     Warning: 'term.list.formula' is deprecated.
     Warning: 'term.list.formula' is deprecated.
     Warning: 'term.list.formula' is deprecated.
     Warning: 'term.list.formula' is deprecated.
     Warning: 'ergm.update.formula' is deprecated.
     Warning: 'ergm.update.formula' is deprecated.
     Warning: 'term.list.formula' is deprecated.
     Warning: 'term.list.formula' is deprecated.
     Warning: 'term.list.formula' is deprecated.
     Warning: 'term.list.formula' is deprecated.
     Warning: 'ergm.update.formula' is deprecated.
     Warning: 'ergm.update.formula' is deprecated.
     Warning: 'term.list.formula' is deprecated.
     Warning: 'term.list.formula' is deprecated.
     Warning: 'ergm.update.formula' is deprecated.
     Warning: 'term.list.formula' is deprecated.
     Warning: 'term.list.formula' is deprecated.
     Warning: 'term.list.formula' is deprecated.
     Warning: 'ergm.update.formula' is deprecated.
     Warning: 'term.list.formula' is deprecated.
     Warning: 'term.list.formula' is deprecated.
     Warning: 'term.list.formula' is deprecated.
     Warning: 'ergm.update.formula' is deprecated.
     Warning: 'term.list.formula' is deprecated.
     Warning: 'term.list.formula' is deprecated.
     Warning: 'term.list.formula' is deprecated.
     Warning: 'ergm.update.formula' is deprecated.
     Warning: 'term.list.formula' is deprecated.
     Warning: 'term.list.formula' is deprecated.
     Warning: 'term.list.formula' is deprecated.
     Warning: 'ergm.update.formula' is deprecated.
     Warning: 'term.list.formula' is deprecated.
     Warning: 'term.list.formula' is deprecated.
     Warning: 'term.list.formula' is deprecated.
     Warning: 'term.list.formula' is deprecated.
     Warning: 'term.list.formula' is deprecated.
     Warning: 'term.list.formula' is deprecated.
     Warning: 'term.list.formula' is deprecated.
     Warning: 'term.list.formula' is deprecated.
     Warning: 'term.list.formula' is deprecated.
     Warning: 'term.list.formula' is deprecated.
     Warning: 'ergm.update.formula' is deprecated.
     Warning: 'term.list.formula' is deprecated.
     Warning: 'term.list.formula' is deprecated.
     Warning: 'append.rhs.formula' is deprecated.
     Warning: 'append.rhs.formula' is deprecated.
     Warning: 'ergm.update.formula' is deprecated.
     Warning: 'ergm.update.formula' is deprecated.
     Warning: 'term.list.formula' is deprecated.
     Warning: 'append.rhs.formula' is deprecated.
     Warning: 'term.list.formula' is deprecated.
     Warning: 'ergm.update.formula' is deprecated.
     Warning: 'term.list.formula' is deprecated.
     Warning: 'term.list.formula' is deprecated.
     Warning: 'term.list.formula' is deprecated.
     Warning: 'term.list.formula' is deprecated.
     Warning: 'ergm.update.formula' is deprecated.
     Warning: 'ergm.update.formula' is deprecated.
     Warning: 'term.list.formula' is deprecated.
     Warning: 'term.list.formula' is deprecated.
     Warning: 'term.list.formula' is deprecated.
     Warning: 'term.list.formula' is deprecated.
     Warning: 'ergm.update.formula' is deprecated.
     Warning: 'ergm.update.formula' is deprecated.
     Warning: 'term.list.formula' is deprecated.
     Warning: 'term.list.formula' is deprecated.
     Warning: 'term.list.formula' is deprecated.
     Warning: 'term.list.formula' is deprecated.
     Warning: 'ergm.update.formula' is deprecated.
     Warning: 'ergm.update.formula' is deprecated.
     Warning: 'term.list.formula' is deprecated.
     Warning: 'term.list.formula' is deprecated.
     Warning: 'term.list.formula' is deprecated.
     Warning: 'term.list.formula' is deprecated.
     Warning: 'ergm.update.formula' is deprecated.
     Warning: 'ergm.update.formula' is deprecated.
     Warning: 'term.list.formula' is deprecated.
     Warning: 'term.list.formula' is deprecated.
     Warning: 'term.list.formula' is deprecated.
     Warning: 'term.list.formula' is deprecated.
     Warning: 'ergm.update.formula' is deprecated.
     Warning: 'ergm.update.formula' is deprecated.
     Warning: 'term.list.formula' is deprecated.
     Warning: 'term.list.formula' is deprecated.
     Warning: 'term.list.formula' is deprecated.
     Warning: 'term.list.formula' is deprecated.
     Warning: 'ergm.update.formula' is deprecated.
     Warning: 'ergm.update.formula' is deprecated.
     Warning: 'term.list.formula' is deprecated.
     Warning: 'term.list.formula' is deprecated.
     Warning: 'term.list.formula' is deprecated.
     Warning: 'term.list.formula' is deprecated.
     Warning: 'ergm.update.formula' is deprecated.
     Warning: 'ergm.update.formula' is deprecated.
     Warning: 'term.list.formula' is deprecated.
     Warning: 'term.list.formula' is deprecated.
     Warning: 'term.list.formula' is deprecated.
     Warning: 'term.list.formula' is deprecated.
     Warning: 'ergm.update.formula' is deprecated.
     Warning: 'ergm.update.formula' is deprecated.
     Warning: 'term.list.formula' is deprecated.
     Warning: 'term.list.formula' is deprecated.
     Warning: 'term.list.formula' is deprecated.
     Warning: 'term.list.formula' is deprecated.
     Warning: 'ergm.update.formula' is deprecated.
     Warning: 'ergm.update.formula' is deprecated.
     Warning: 'term.list.formula' is deprecated.
     Warning: 'term.list.formula' is deprecated.
     Warning: 'term.list.formula' is deprecated.
     Warning: 'term.list.formula' is deprecated.
     Warning: 'ergm.update.formula' is deprecated.
     Warning: 'ergm.update.formula' is deprecated.
     Warning: 'term.list.formula' is deprecated.
     Warning: 'term.list.formula' is deprecated.
     Warning: 'term.list.formula' is deprecated.
     Warning: 'term.list.formula' is deprecated.
     Warning: 'ergm.update.formula' is deprecated.
     Warning: 'ergm.update.formula' is deprecated.
     Warning: 'term.list.formula' is deprecated.
     Warning: 'term.list.formula' is deprecated.
     Warning: 'term.list.formula' is deprecated.
     Warning: 'term.list.formula' is deprecated.
     Warning: 'ergm.update.formula' is deprecated.
     Warning: 'ergm.update.formula' is deprecated.
     Warning: 'term.list.formula' is deprecated.
     Warning: 'term.list.formula' is deprecated.
     Warning: 'term.list.formula' is deprecated.
     Warning: 'term.list.formula' is deprecated.
     Warning: 'ergm.update.formula' is deprecated.
     Warning: 'ergm.update.formula' is deprecated.
     Warning: 'term.list.formula' is deprecated.
     Warning: 'term.list.formula' is deprecated.
     Warning: 'term.list.formula' is deprecated.
     Warning: 'term.list.formula' is deprecated.
     Warning: 'ergm.update.formula' is deprecated.
     Warning: 'ergm.update.formula' is deprecated.
     Warning: 'term.list.formula' is deprecated.
     Warning: 'term.list.formula' is deprecated.
     Warning: 'term.list.formula' is deprecated.
     Warning: 'term.list.formula' is deprecated.
     Warning: 'ergm.update.formula' is deprecated.
     Warning: 'ergm.update.formula' is deprecated.
     Warning: 'term.list.formula' is deprecated.
     Warning: 'term.list.formula' is deprecated.
     Warning: 'term.list.formula' is deprecated.
     Warning: 'term.list.formula' is deprecated.
     Warning: 'ergm.update.formula' is deprecated.
     Warning: 'ergm.update.formula' is deprecated.
     Warning: 'term.list.formula' is deprecated.
     Warning: 'term.list.formula' is deprecated.
     Warning: 'term.list.formula' is deprecated.
     Warning: 'term.list.formula' is deprecated.
     Warning: 'ergm.update.formula' is deprecated.
     Warning: 'ergm.update.formula' is deprecated.
     Warning: 'term.list.formula' is deprecated.
     Warning: 'term.list.formula' is deprecated.
     Warning: 'term.list.formula' is deprecated.
     Warning: 'term.list.formula' is deprecated.
     Warning: 'ergm.update.formula' is deprecated.
     Warning: 'ergm.update.formula' is deprecated.
     Warning: 'term.list.formula' is deprecated.
     Warning: 'term.list.formula' is deprecated.
     Warning: 'term.list.formula' is deprecated.
     Warning: 'term.list.formula' is deprecated.
     Warning: 'ergm.update.formula' is deprecated.
     Warning: 'ergm.update.formula' is deprecated.
     Warning: 'term.list.formula' is deprecated.
     Warning: 'term.list.formula' is deprecated.
     Warning: 'term.list.formula' is deprecated.
     Warning: 'term.list.formula' is deprecated.
     Warning: 'ergm.update.formula' is deprecated.
     Warning: 'ergm.update.formula' is deprecated.
     Warning: 'term.list.formula' is deprecated.
     Warning: 'term.list.formula' is deprecated.
     Warning: 'ergm.update.formula' is deprecated.
     Warning: 'term.list.formula' is deprecated.
     Warning: 'ergm.update.formula' is deprecated.
     Warning: 'ergm.update.formula' is deprecated.
     Warning: 'term.list.formula' is deprecated.
     Warning: 'term.list.formula' is deprecated.
     Warning: 'append.rhs.formula' is deprecated.
     Warning: 'term.list.formula' is deprecated.
     Warning: 'term.list.formula' is deprecated.
     Warning: 'term.list.formula' is deprecated.
     Warning: 'term.list.formula' is deprecated.
     Warning: 'ergm.update.formula' is deprecated.
     Warning: 'term.list.formula' is deprecated.
     Warning: 'term.list.formula' is deprecated.
     Warning: 'term.list.formula' is deprecated.
     Warning: 'ergm.update.formula' is deprecated.
     Warning: 'term.list.formula' is deprecated.
     Warning: 'ergm.update.formula' is deprecated.
     Warning: 'term.list.formula' is deprecated.
     Warning: 'term.list.formula' is deprecated.
     Warning: 'term.list.formula' is deprecated.
     Warning: 'term.list.formula' is deprecated.
     Warning: 'term.list.formula' is deprecated.
     Warning: 'term.list.formula' is deprecated.
     Warning: 'term.list.formula' is deprecated.
     Warning: 'term.list.formula' is deprecated.
     Warning: 'term.list.formula' is deprecated.
     Warning: 'term.list.formula' is deprecated.
     Warning: 'term.list.formula' is deprecated.
     Warning: 'term.list.formula' is deprecated.
     Warning: 'term.list.formula' is deprecated.
     Warning: 'ergm.update.formula' is deprecated.
     Warning: 'term.list.formula' is deprecated.
     Warning: 'term.list.formula' is deprecated.
     Warning: 'append.rhs.formula' is deprecated.
     Warning: 'append.rhs.formula' is deprecated.
     Warning: 'ergm.update.formula' is deprecated.
     Warning: 'ergm.update.formula' is deprecated.
     Warning: 'term.list.formula' is deprecated.
     Warning: 'append.rhs.formula' is deprecated.
     Warning: 'term.list.formula' is deprecated.
     Warning: 'ergm.update.formula' is deprecated.
     Warning: 'term.list.formula' is deprecated.
     Warning: 'term.list.formula' is deprecated.
     Warning: 'term.list.formula' is deprecated.
     Warning: 'term.list.formula' is deprecated.
     Warning: 'ergm.update.formula' is deprecated.
     Warning: 'ergm.update.formula' is deprecated.
     Warning: 'term.list.formula' is deprecated.
     Warning: 'term.list.formula' is deprecated.
     Warning: 'term.list.formula' is deprecated.
     Warning: 'term.list.formula' is deprecated.
     Warning: 'ergm.update.formula' is deprecated.
     Warning: 'ergm.update.formula' is deprecated.
     Warning: 'term.list.formula' is deprecated.
     Warning: 'term.list.formula' is deprecated.
     Warning: 'term.list.formula' is deprecated.
     Warning: 'term.list.formula' is deprecated.
     Warning: 'ergm.update.formula' is deprecated.
     Warning: 'ergm.update.formula' is deprecated.
     Warning: 'term.list.formula' is deprecated.
     Warning: 'term.list.formula' is deprecated.
     Warning: 'term.list.formula' is deprecated.
     Warning: 'term.list.formula' is deprecated.
     Warning: 'ergm.update.formula' is deprecated.
     Warning: 'ergm.update.formula' is deprecated.
     Warning: 'term.list.formula' is deprecated.
     Warning: 'term.list.formula' is deprecated.
     Warning: 'term.list.formula' is deprecated.
     Warning: 'term.list.formula' is deprecated.
     Warning: 'ergm.update.formula' is deprecated.
     Warning: 'ergm.update.formula' is deprecated.
     Warning: 'term.list.formula' is deprecated.
     Warning: 'term.list.formula' is deprecated.
     Warning: 'term.list.formula' is deprecated.
     Warning: 'term.list.formula' is deprecated.
     Warning: 'ergm.update.formula' is deprecated.
     Warning: 'ergm.update.formula' is deprecated.
     Warning: 'term.list.formula' is deprecated.
     Warning: 'term.list.formula' is deprecated.
     Warning: 'term.list.formula' is deprecated.
     Warning: 'term.list.formula' is deprecated.
     Warning: 'ergm.update.formula' is deprecated.
     Warning: 'ergm.update.formula' is deprecated.
     Warning: 'term.list.formula' is deprecated.
     Warning: 'term.list.formula' is deprecated.
     Warning: 'term.list.formula' is deprecated.
     Warning: 'term.list.formula' is deprecated.
     Warning: 'ergm.update.formula' is deprecated.
     Warning: 'ergm.update.formula' is deprecated.
     Warning: 'term.list.formula' is deprecated.
     Warning: 'term.list.formula' is deprecated.
     Warning: 'term.list.formula' is deprecated.
     Warning: 'term.list.formula' is deprecated.
     Warning: 'ergm.update.formula' is deprecated.
     Warning: 'ergm.update.formula' is deprecated.
     Warning: 'term.list.formula' is deprecated.
     Warning: 'term.list.formula' is deprecated.
     Warning: 'term.list.formula' is deprecated.
     Warning: 'term.list.formula' is deprecated.
     Warning: 'ergm.update.formula' is deprecated.
     Warning: 'ergm.update.formula' is deprecated.
     Warning: 'term.list.formula' is deprecated.
     Warning: 'term.list.formula' is deprecated.
     Warning: 'term.list.formula' is deprecated.
     Warning: 'term.list.formula' is deprecated.
     Warning: 'ergm.update.formula' is deprecated.
     Warning: 'ergm.update.formula' is deprecated.
     Warning: 'term.list.formula' is deprecated.
     Warning: 'term.list.formula' is deprecated.
     Warning: 'term.list.formula' is deprecated.
     Warning: 'term.list.formula' is deprecated.
     Warning: 'ergm.update.formula' is deprecated.
     Warning: 'ergm.update.formula' is deprecated.
     Warning: 'term.list.formula' is deprecated.
     Warning: 'term.list.formula' is deprecated.
     Warning: 'term.list.formula' is deprecated.
     Warning: 'term.list.formula' is deprecated.
     Warning: 'ergm.update.formula' is deprecated.
     Warning: 'ergm.update.formula' is deprecated.
     Warning: 'term.list.formula' is deprecated.
     Warning: 'term.list.formula' is deprecated.
     Warning: 'term.list.formula' is deprecated.
     Warning: 'term.list.formula' is deprecated.
     Warning: 'ergm.update.formula' is deprecated.
     Warning: 'ergm.update.formula' is deprecated.
     Warning: 'term.list.formula' is deprecated.
     Warning: 'term.list.formula' is deprecated.
     Warning: 'term.list.formula' is deprecated.
     Warning: 'term.list.formula' is deprecated.
     Warning: 'ergm.update.formula' is deprecated.
     Warning: 'ergm.update.formula' is deprecated.
     Warning: 'term.list.formula' is deprecated.
     Warning: 'term.list.formula' is deprecated.
     Warning: 'term.list.formula' is deprecated.
     Warning: 'term.list.formula' is deprecated.
     Warning: 'ergm.update.formula' is deprecated.
     Warning: 'ergm.update.formula' is deprecated.
     Warning: 'term.list.formula' is deprecated.
     Warning: 'term.list.formula' is deprecated.
     Warning: 'term.list.formula' is deprecated.
     Warning: 'term.list.formula' is deprecated.
     Warning: 'ergm.update.formula' is deprecated.
     Warning: 'ergm.update.formula' is deprecated.
     Warning: 'term.list.formula' is deprecated.
     Warning: 'term.list.formula' is deprecated.
     Warning: 'term.list.formula' is deprecated.
     Warning: 'term.list.formula' is deprecated.
     Warning: 'ergm.update.formula' is deprecated.
     Warning: 'ergm.update.formula' is deprecated.
     Warning: 'term.list.formula' is deprecated.
     Warning: 'term.list.formula' is deprecated.
     Warning: 'term.list.formula' is deprecated.
     Warning: 'term.list.formula' is deprecated.
     Warning: 'ergm.update.formula' is deprecated.
     Warning: 'ergm.update.formula' is deprecated.
     Warning: 'term.list.formula' is deprecated.
     Warning: 'term.list.formula' is deprecated.
     Warning: 'term.list.formula' is deprecated.
     Warning: 'term.list.formula' is deprecated.
     Warning: 'ergm.update.formula' is deprecated.
     Warning: 'ergm.update.formula' is deprecated.
     Warning: 'term.list.formula' is deprecated.
     Warning: 'term.list.formula' is deprecated.
    Deprecated functions may be defunct as soon as of the next release of
    R.
    See ?Deprecated.
    Examples with CPU or elapsed time > 5s
     user system elapsed
    simulate.ergm 4.786 0.003 6.364
Flavor: r-patched-linux-x86_64

Version: 3.8.0
Check: examples
Result: WARN
    Found the following significant warnings:
    
     Warning: 'term.list.formula' is deprecated.
     Warning: 'term.list.formula' is deprecated.
     Warning: 'ergm.update.formula' is deprecated.
     Warning: 'term.list.formula' is deprecated.
     Warning: 'term.list.formula' is deprecated.
     Warning: 'term.list.formula' is deprecated.
     Warning: 'term.list.formula' is deprecated.
     Warning: 'term.list.formula' is deprecated.
     Warning: 'term.list.formula' is deprecated.
     Warning: 'term.list.formula' is deprecated.
     Warning: 'term.list.formula' is deprecated.
     Warning: 'term.list.formula' is deprecated.
     Warning: 'ergm.update.formula' is deprecated.
     Warning: 'term.list.formula' is deprecated.
     Warning: 'term.list.formula' is deprecated.
     Warning: 'ergm.update.formula' is deprecated.
     Warning: 'term.list.formula' is deprecated.
     Warning: 'term.list.formula' is deprecated.
     Warning: 'term.list.formula' is deprecated.
     Warning: 'term.list.formula' is deprecated.
     Warning: 'term.list.formula' is deprecated.
     Warning: 'term.list.formula' is deprecated.
     Warning: 'ergm.update.formula' is deprecated.
     Warning: 'term.list.formula' is deprecated.
     Warning: 'term.list.formula' is deprecated.
     Warning: 'term.list.formula' is deprecated.
     Warning: 'term.list.formula' is deprecated.
     Warning: 'term.list.formula' is deprecated.
     Warning: 'term.list.formula' is deprecated.
     Warning: 'term.list.formula' is deprecated.
     Warning: 'term.list.formula' is deprecated.
     Warning: 'term.list.formula' is deprecated.
     Warning: 'ergm.update.formula' is deprecated.
     Warning: 'term.list.formula' is deprecated.
     Warning: 'term.list.formula' is deprecated.
     Warning: 'append.rhs.formula' is deprecated.
     Warning: 'ergm.update.formula' is deprecated.
     Warning: 'ergm.update.formula' is deprecated.
     Warning: 'term.list.formula' is deprecated.
     Warning: 'append.rhs.formula' is deprecated.
     Warning: 'term.list.formula' is deprecated.
     Warning: 'ergm.update.formula' is deprecated.
     Warning: 'term.list.formula' is deprecated.
     Warning: 'term.list.formula' is deprecated.
     Warning: 'term.list.formula' is deprecated.
     Warning: 'term.list.formula' is deprecated.
     Warning: 'ergm.update.formula' is deprecated.
     Warning: 'ergm.update.formula' is deprecated.
     Warning: 'term.list.formula' is deprecated.
     Warning: 'term.list.formula' is deprecated.
     Warning: 'term.list.formula' is deprecated.
     Warning: 'term.list.formula' is deprecated.
     Warning: 'ergm.update.formula' is deprecated.
     Warning: 'ergm.update.formula' is deprecated.
     Warning: 'term.list.formula' is deprecated.
     Warning: 'term.list.formula' is deprecated.
     Warning: 'term.list.formula' is deprecated.
     Warning: 'term.list.formula' is deprecated.
     Warning: 'ergm.update.formula' is deprecated.
     Warning: 'ergm.update.formula' is deprecated.
     Warning: 'term.list.formula' is deprecated.
     Warning: 'term.list.formula' is deprecated.
     Warning: 'term.list.formula' is deprecated.
     Warning: 'term.list.formula' is deprecated.
     Warning: 'ergm.update.formula' is deprecated.
     Warning: 'ergm.update.formula' is deprecated.
     Warning: 'term.list.formula' is deprecated.
     Warning: 'term.list.formula' is deprecated.
     Warning: 'term.list.formula' is deprecated.
     Warning: 'term.list.formula' is deprecated.
     Warning: 'ergm.update.formula' is deprecated.
     Warning: 'ergm.update.formula' is deprecated.
     Warning: 'term.list.formula' is deprecated.
     Warning: 'term.list.formula' is deprecated.
     Warning: 'term.list.formula' is deprecated.
     Warning: 'term.list.formula' is deprecated.
     Warning: 'ergm.update.formula' is deprecated.
     Warning: 'ergm.update.formula' is deprecated.
     Warning: 'term.list.formula' is deprecated.
     Warning: 'term.list.formula' is deprecated.
     Warning: 'term.list.formula' is deprecated.
     Warning: 'term.list.formula' is deprecated.
     Warning: 'ergm.update.formula' is deprecated.
     Warning: 'ergm.update.formula' is deprecated.
     Warning: 'term.list.formula' is deprecated.
     Warning: 'term.list.formula' is deprecated.
     Warning: 'term.list.formula' is deprecated.
     Warning: 'term.list.formula' is deprecated.
     Warning: 'ergm.update.formula' is deprecated.
     Warning: 'ergm.update.formula' is deprecated.
     Warning: 'term.list.formula' is deprecated.
     Warning: 'term.list.formula' is deprecated.
     Warning: 'term.list.formula' is deprecated.
     Warning: 'term.list.formula' is deprecated.
     Warning: 'ergm.update.formula' is deprecated.
     Warning: 'ergm.update.formula' is deprecated.
     Warning: 'term.list.formula' is deprecated.
     Warning: 'term.list.formula' is deprecated.
     Warning: 'term.list.formula' is deprecated.
     Warning: 'term.list.formula' is deprecated.
     Warning: 'ergm.update.formula' is deprecated.
     Warning: 'ergm.update.formula' is deprecated.
     Warning: 'term.list.formula' is deprecated.
     Warning: 'term.list.formula' is deprecated.
     Warning: 'term.list.formula' is deprecated.
     Warning: 'term.list.formula' is deprecated.
     Warning: 'ergm.update.formula' is deprecated.
     Warning: 'ergm.update.formula' is deprecated.
     Warning: 'term.list.formula' is deprecated.
     Warning: 'term.list.formula' is deprecated.
     Warning: 'term.list.formula' is deprecated.
     Warning: 'term.list.formula' is deprecated.
     Warning: 'ergm.update.formula' is deprecated.
     Warning: 'ergm.update.formula' is deprecated.
     Warning: 'term.list.formula' is deprecated.
     Warning: 'term.list.formula' is deprecated.
     Warning: 'term.list.formula' is deprecated.
     Warning: 'term.list.formula' is deprecated.
     Warning: 'ergm.update.formula' is deprecated.
     Warning: 'ergm.update.formula' is deprecated.
     Warning: 'term.list.formula' is deprecated.
     Warning: 'term.list.formula' is deprecated.
     Warning: 'term.list.formula' is deprecated.
     Warning: 'term.list.formula' is deprecated.
     Warning: 'ergm.update.formula' is deprecated.
     Warning: 'ergm.update.formula' is deprecated.
     Warning: 'term.list.formula' is deprecated.
     Warning: 'term.list.formula' is deprecated.
     Warning: 'term.list.formula' is deprecated.
     Warning: 'term.list.formula' is deprecated.
     Warning: 'ergm.update.formula' is deprecated.
     Warning: 'ergm.update.formula' is deprecated.
     Warning: 'term.list.formula' is deprecated.
     Warning: 'term.list.formula' is deprecated.
     Warning: 'term.list.formula' is deprecated.
     Warning: 'term.list.formula' is deprecated.
     Warning: 'ergm.update.formula' is deprecated.
     Warning: 'ergm.update.formula' is deprecated.
     Warning: 'term.list.formula' is deprecated.
     Warning: 'term.list.formula' is deprecated.
     Warning: 'term.list.formula' is deprecated.
     Warning: 'term.list.formula' is deprecated.
     Warning: 'ergm.update.formula' is deprecated.
     Warning: 'ergm.update.formula' is deprecated.
     Warning: 'term.list.formula' is deprecated.
     Warning: 'term.list.formula' is deprecated.
     Warning: 'term.list.formula' is deprecated.
     Warning: 'term.list.formula' is deprecated.
     Warning: 'ergm.update.formula' is deprecated.
     Warning: 'ergm.update.formula' is deprecated.
     Warning: 'term.list.formula' is deprecated.
     Warning: 'term.list.formula' is deprecated.
     Warning: 'term.list.formula' is deprecated.
     Warning: 'term.list.formula' is deprecated.
     Warning: 'ergm.update.formula' is deprecated.
     Warning: 'ergm.update.formula' is deprecated.
     Warning: 'term.list.formula' is deprecated.
     Warning: 'term.list.formula' is deprecated.
     Warning: 'term.list.formula' is deprecated.
     Warning: 'term.list.formula' is deprecated.
     Warning: 'ergm.update.formula' is deprecated.
     Warning: 'ergm.update.formula' is deprecated.
     Warning: 'term.list.formula' is deprecated.
     Warning: 'term.list.formula' is deprecated.
     Warning: 'ergm.update.formula' is deprecated.
     Warning: 'term.list.formula' is deprecated.
     Warning: 'term.list.formula' is deprecated.
     Warning: 'term.list.formula' is deprecated.
     Warning: 'ergm.update.formula' is deprecated.
     Warning: 'term.list.formula' is deprecated.
     Warning: 'term.list.formula' is deprecated.
     Warning: 'term.list.formula' is deprecated.
     Warning: 'ergm.update.formula' is deprecated.
     Warning: 'term.list.formula' is deprecated.
     Warning: 'term.list.formula' is deprecated.
     Warning: 'term.list.formula' is deprecated.
     Warning: 'ergm.update.formula' is deprecated.
     Warning: 'term.list.formula' is deprecated.
     Warning: 'term.list.formula' is deprecated.
     Warning: 'term.list.formula' is deprecated.
     Warning: 'ergm.update.formula' is deprecated.
     Warning: 'term.list.formula' is deprecated.
     Warning: 'term.list.formula' is deprecated.
     Warning: 'term.list.formula' is deprecated.
     Warning: 'term.list.formula' is deprecated.
     Warning: 'term.list.formula' is deprecated.
     Warning: 'term.list.formula' is deprecated.
     Warning: 'term.list.formula' is deprecated.
     Warning: 'term.list.formula' is deprecated.
     Warning: 'term.list.formula' is deprecated.
     Warning: 'term.list.formula' is deprecated.
     Warning: 'ergm.update.formula' is deprecated.
     Warning: 'term.list.formula' is deprecated.
     Warning: 'term.list.formula' is deprecated.
     Warning: 'append.rhs.formula' is deprecated.
     Warning: 'append.rhs.formula' is deprecated.
     Warning: 'ergm.update.formula' is deprecated.
     Warning: 'ergm.update.formula' is deprecated.
     Warning: 'term.list.formula' is deprecated.
     Warning: 'append.rhs.formula' is deprecated.
     Warning: 'term.list.formula' is deprecated.
     Warning: 'ergm.update.formula' is deprecated.
     Warning: 'term.list.formula' is deprecated.
     Warning: 'term.list.formula' is deprecated.
     Warning: 'term.list.formula' is deprecated.
     Warning: 'term.list.formula' is deprecated.
     Warning: 'ergm.update.formula' is deprecated.
     Warning: 'ergm.update.formula' is deprecated.
     Warning: 'term.list.formula' is deprecated.
     Warning: 'term.list.formula' is deprecated.
     Warning: 'term.list.formula' is deprecated.
     Warning: 'term.list.formula' is deprecated.
     Warning: 'ergm.update.formula' is deprecated.
     Warning: 'ergm.update.formula' is deprecated.
     Warning: 'term.list.formula' is deprecated.
     Warning: 'term.list.formula' is deprecated.
     Warning: 'term.list.formula' is deprecated.
     Warning: 'term.list.formula' is deprecated.
     Warning: 'ergm.update.formula' is deprecated.
     Warning: 'ergm.update.formula' is deprecated.
     Warning: 'term.list.formula' is deprecated.
     Warning: 'term.list.formula' is deprecated.
     Warning: 'term.list.formula' is deprecated.
     Warning: 'term.list.formula' is deprecated.
     Warning: 'ergm.update.formula' is deprecated.
     Warning: 'ergm.update.formula' is deprecated.
     Warning: 'term.list.formula' is deprecated.
     Warning: 'term.list.formula' is deprecated.
     Warning: 'term.list.formula' is deprecated.
     Warning: 'term.list.formula' is deprecated.
     Warning: 'ergm.update.formula' is deprecated.
     Warning: 'ergm.update.formula' is deprecated.
     Warning: 'term.list.formula' is deprecated.
     Warning: 'term.list.formula' is deprecated.
     Warning: 'term.list.formula' is deprecated.
     Warning: 'term.list.formula' is deprecated.
     Warning: 'ergm.update.formula' is deprecated.
     Warning: 'ergm.update.formula' is deprecated.
     Warning: 'term.list.formula' is deprecated.
     Warning: 'term.list.formula' is deprecated.
     Warning: 'term.list.formula' is deprecated.
     Warning: 'term.list.formula' is deprecated.
     Warning: 'ergm.update.formula' is deprecated.
     Warning: 'ergm.update.formula' is deprecated.
     Warning: 'term.list.formula' is deprecated.
     Warning: 'term.list.formula' is deprecated.
     Warning: 'term.list.formula' is deprecated.
     Warning: 'term.list.formula' is deprecated.
     Warning: 'ergm.update.formula' is deprecated.
     Warning: 'ergm.update.formula' is deprecated.
     Warning: 'term.list.formula' is deprecated.
     Warning: 'term.list.formula' is deprecated.
     Warning: 'term.list.formula' is deprecated.
     Warning: 'term.list.formula' is deprecated.
     Warning: 'ergm.update.formula' is deprecated.
     Warning: 'ergm.update.formula' is deprecated.
     Warning: 'term.list.formula' is deprecated.
     Warning: 'term.list.formula' is deprecated.
     Warning: 'term.list.formula' is deprecated.
     Warning: 'term.list.formula' is deprecated.
     Warning: 'ergm.update.formula' is deprecated.
     Warning: 'ergm.update.formula' is deprecated.
     Warning: 'term.list.formula' is deprecated.
     Warning: 'term.list.formula' is deprecated.
     Warning: 'term.list.formula' is deprecated.
     Warning: 'term.list.formula' is deprecated.
     Warning: 'ergm.update.formula' is deprecated.
     Warning: 'ergm.update.formula' is deprecated.
     Warning: 'term.list.formula' is deprecated.
     Warning: 'term.list.formula' is deprecated.
     Warning: 'term.list.formula' is deprecated.
     Warning: 'term.list.formula' is deprecated.
     Warning: 'ergm.update.formula' is deprecated.
     Warning: 'ergm.update.formula' is deprecated.
     Warning: 'term.list.formula' is deprecated.
     Warning: 'term.list.formula' is deprecated.
     Warning: 'term.list.formula' is deprecated.
     Warning: 'term.list.formula' is deprecated.
     Warning: 'ergm.update.formula' is deprecated.
     Warning: 'ergm.update.formula' is deprecated.
     Warning: 'term.list.formula' is deprecated.
     Warning: 'term.list.formula' is deprecated.
     Warning: 'term.list.formula' is deprecated.
     Warning: 'term.list.formula' is deprecated.
     Warning: 'ergm.update.formula' is deprecated.
     Warning: 'ergm.update.formula' is deprecated.
     Warning: 'term.list.formula' is deprecated.
     Warning: 'term.list.formula' is deprecated.
     Warning: 'term.list.formula' is deprecated.
     Warning: 'term.list.formula' is deprecated.
     Warning: 'ergm.update.formula' is deprecated.
     Warning: 'ergm.update.formula' is deprecated.
     Warning: 'term.list.formula' is deprecated.
     Warning: 'term.list.formula' is deprecated.
     Warning: 'term.list.formula' is deprecated.
     Warning: 'term.list.formula' is deprecated.
     Warning: 'ergm.update.formula' is deprecated.
     Warning: 'ergm.update.formula' is deprecated.
     Warning: 'term.list.formula' is deprecated.
     Warning: 'term.list.formula' is deprecated.
     Warning: 'term.list.formula' is deprecated.
     Warning: 'term.list.formula' is deprecated.
     Warning: 'ergm.update.formula' is deprecated.
     Warning: 'ergm.update.formula' is deprecated.
     Warning: 'term.list.formula' is deprecated.
     Warning: 'term.list.formula' is deprecated.
     Warning: 'term.list.formula' is deprecated.
     Warning: 'term.list.formula' is deprecated.
     Warning: 'ergm.update.formula' is deprecated.
     Warning: 'ergm.update.formula' is deprecated.
     Warning: 'term.list.formula' is deprecated.
     Warning: 'term.list.formula' is deprecated.
     Warning: 'term.list.formula' is deprecated.
     Warning: 'term.list.formula' is deprecated.
     Warning: 'ergm.update.formula' is deprecated.
     Warning: 'ergm.update.formula' is deprecated.
     Warning: 'term.list.formula' is deprecated.
     Warning: 'term.list.formula' is deprecated.
     Warning: 'term.list.formula' is deprecated.
     Warning: 'term.list.formula' is deprecated.
     Warning: 'ergm.update.formula' is deprecated.
     Warning: 'ergm.update.formula' is deprecated.
     Warning: 'term.list.formula' is deprecated.
     Warning: 'term.list.formula' is deprecated.
     Warning: 'ergm.update.formula' is deprecated.
     Warning: 'term.list.formula' is deprecated.
     Warning: 'ergm.update.formula' is deprecated.
     Warning: 'ergm.update.formula' is deprecated.
     Warning: 'term.list.formula' is deprecated.
     Warning: 'term.list.formula' is deprecated.
     Warning: 'append.rhs.formula' is deprecated.
     Warning: 'term.list.formula' is deprecated.
     Warning: 'term.list.formula' is deprecated.
     Warning: 'term.list.formula' is deprecated.
     Warning: 'term.list.formula' is deprecated.
     Warning: 'ergm.update.formula' is deprecated.
     Warning: 'term.list.formula' is deprecated.
     Warning: 'term.list.formula' is deprecated.
     Warning: 'term.list.formula' is deprecated.
     Warning: 'ergm.update.formula' is deprecated.
     Warning: 'term.list.formula' is deprecated.
     Warning: 'ergm.update.formula' is deprecated.
     Warning: 'term.list.formula' is deprecated.
     Warning: 'term.list.formula' is deprecated.
     Warning: 'term.list.formula' is deprecated.
     Warning: 'term.list.formula' is deprecated.
     Warning: 'term.list.formula' is deprecated.
     Warning: 'term.list.formula' is deprecated.
     Warning: 'term.list.formula' is deprecated.
     Warning: 'term.list.formula' is deprecated.
     Warning: 'term.list.formula' is deprecated.
     Warning: 'term.list.formula' is deprecated.
     Warning: 'term.list.formula' is deprecated.
     Warning: 'term.list.formula' is deprecated.
     Warning: 'term.list.formula' is deprecated.
     Warning: 'ergm.update.formula' is deprecated.
     Warning: 'term.list.formula' is deprecated.
     Warning: 'term.list.formula' is deprecated.
     Warning: 'append.rhs.formula' is deprecated.
     Warning: 'append.rhs.formula' is deprecated.
     Warning: 'ergm.update.formula' is deprecated.
     Warning: 'ergm.update.formula' is deprecated.
     Warning: 'term.list.formula' is deprecated.
     Warning: 'append.rhs.formula' is deprecated.
     Warning: 'term.list.formula' is deprecated.
     Warning: 'ergm.update.formula' is deprecated.
     Warning: 'term.list.formula' is deprecated.
     Warning: 'term.list.formula' is deprecated.
     Warning: 'term.list.formula' is deprecated.
     Warning: 'term.list.formula' is deprecated.
     Warning: 'ergm.update.formula' is deprecated.
     Warning: 'ergm.update.formula' is deprecated.
     Warning: 'term.list.formula' is deprecated.
     Warning: 'term.list.formula' is deprecated.
     Warning: 'term.list.formula' is deprecated.
     Warning: 'term.list.formula' is deprecated.
     Warning: 'ergm.update.formula' is deprecated.
     Warning: 'ergm.update.formula' is deprecated.
     Warning: 'term.list.formula' is deprecated.
     Warning: 'term.list.formula' is deprecated.
     Warning: 'term.list.formula' is deprecated.
     Warning: 'term.list.formula' is deprecated.
     Warning: 'ergm.update.formula' is deprecated.
     Warning: 'ergm.update.formula' is deprecated.
     Warning: 'term.list.formula' is deprecated.
     Warning: 'term.list.formula' is deprecated.
     Warning: 'term.list.formula' is deprecated.
     Warning: 'term.list.formula' is deprecated.
     Warning: 'ergm.update.formula' is deprecated.
     Warning: 'ergm.update.formula' is deprecated.
     Warning: 'term.list.formula' is deprecated.
     Warning: 'term.list.formula' is deprecated.
     Warning: 'term.list.formula' is deprecated.
     Warning: 'term.list.formula' is deprecated.
     Warning: 'ergm.update.formula' is deprecated.
     Warning: 'ergm.update.formula' is deprecated.
     Warning: 'term.list.formula' is deprecated.
     Warning: 'term.list.formula' is deprecated.
     Warning: 'term.list.formula' is deprecated.
     Warning: 'term.list.formula' is deprecated.
     Warning: 'ergm.update.formula' is deprecated.
     Warning: 'ergm.update.formula' is deprecated.
     Warning: 'term.list.formula' is deprecated.
     Warning: 'term.list.formula' is deprecated.
     Warning: 'term.list.formula' is deprecated.
     Warning: 'term.list.formula' is deprecated.
     Warning: 'ergm.update.formula' is deprecated.
     Warning: 'ergm.update.formula' is deprecated.
     Warning: 'term.list.formula' is deprecated.
     Warning: 'term.list.formula' is deprecated.
     Warning: 'term.list.formula' is deprecated.
     Warning: 'term.list.formula' is deprecated.
     Warning: 'ergm.update.formula' is deprecated.
     Warning: 'ergm.update.formula' is deprecated.
     Warning: 'term.list.formula' is deprecated.
     Warning: 'term.list.formula' is deprecated.
     Warning: 'term.list.formula' is deprecated.
     Warning: 'term.list.formula' is deprecated.
     Warning: 'ergm.update.formula' is deprecated.
     Warning: 'ergm.update.formula' is deprecated.
     Warning: 'term.list.formula' is deprecated.
     Warning: 'term.list.formula' is deprecated.
     Warning: 'term.list.formula' is deprecated.
     Warning: 'term.list.formula' is deprecated.
     Warning: 'ergm.update.formula' is deprecated.
     Warning: 'ergm.update.formula' is deprecated.
     Warning: 'term.list.formula' is deprecated.
     Warning: 'term.list.formula' is deprecated.
     Warning: 'term.list.formula' is deprecated.
     Warning: 'term.list.formula' is deprecated.
     Warning: 'ergm.update.formula' is deprecated.
     Warning: 'ergm.update.formula' is deprecated.
     Warning: 'term.list.formula' is deprecated.
     Warning: 'term.list.formula' is deprecated.
     Warning: 'term.list.formula' is deprecated.
     Warning: 'term.list.formula' is deprecated.
     Warning: 'ergm.update.formula' is deprecated.
     Warning: 'ergm.update.formula' is deprecated.
     Warning: 'term.list.formula' is deprecated.
     Warning: 'term.list.formula' is deprecated.
     Warning: 'term.list.formula' is deprecated.
     Warning: 'term.list.formula' is deprecated.
     Warning: 'ergm.update.formula' is deprecated.
     Warning: 'ergm.update.formula' is deprecated.
     Warning: 'term.list.formula' is deprecated.
     Warning: 'term.list.formula' is deprecated.
     Warning: 'term.list.formula' is deprecated.
     Warning: 'term.list.formula' is deprecated.
     Warning: 'ergm.update.formula' is deprecated.
     Warning: 'ergm.update.formula' is deprecated.
     Warning: 'term.list.formula' is deprecated.
     Warning: 'term.list.formula' is deprecated.
     Warning: 'term.list.formula' is deprecated.
     Warning: 'term.list.formula' is deprecated.
     Warning: 'ergm.update.formula' is deprecated.
     Warning: 'ergm.update.formula' is deprecated.
     Warning: 'term.list.formula' is deprecated.
     Warning: 'term.list.formula' is deprecated.
     Warning: 'term.list.formula' is deprecated.
     Warning: 'term.list.formula' is deprecated.
     Warning: 'ergm.update.formula' is deprecated.
     Warning: 'ergm.update.formula' is deprecated.
     Warning: 'term.list.formula' is deprecated.
     Warning: 'term.list.formula' is deprecated.
     Warning: 'term.list.formula' is deprecated.
     Warning: 'term.list.formula' is deprecated.
     Warning: 'ergm.update.formula' is deprecated.
     Warning: 'ergm.update.formula' is deprecated.
     Warning: 'term.list.formula' is deprecated.
     Warning: 'term.list.formula' is deprecated.
     Warning: 'term.list.formula' is deprecated.
     Warning: 'term.list.formula' is deprecated.
     Warning: 'ergm.update.formula' is deprecated.
     Warning: 'ergm.update.formula' is deprecated.
     Warning: 'term.list.formula' is deprecated.
     Warning: 'term.list.formula' is deprecated.
     Warning: 'term.list.formula' is deprecated.
     Warning: 'term.list.formula' is deprecated.
     Warning: 'ergm.update.formula' is deprecated.
     Warning: 'ergm.update.formula' is deprecated.
     Warning: 'term.list.formula' is deprecated.
     Warning: 'term.list.formula' is deprecated.
     Warning: 'term.list.formula' is deprecated.
     Warning: 'term.list.formula' is deprecated.
     Warning: 'ergm.update.formula' is deprecated.
     Warning: 'ergm.update.formula' is deprecated.
     Warning: 'term.list.formula' is deprecated.
     Warning: 'term.list.formula' is deprecated.
    Deprecated functions may be defunct as soon as of the next release of
    R.
    See ?Deprecated.
    Examples with CPU or elapsed time > 5s
     user system elapsed
    simulate.ergm 4.814 0.007 5.606
Flavor: r-release-linux-x86_64

Version: 3.8.0
Check: package dependencies
Result: NOTE
    Package suggested but not available for checking: ‘Rmpi’
Flavors: r-release-osx-x86_64, r-oldrel-osx-x86_64

Version: 3.8.0
Check: re-building of vignette outputs
Result: NOTE
    Error in re-building vignettes:
     ...
    Optimizing with step length 1.
    The log-likelihood improved by 0.01689.
    Step length converged once. Increasing MCMC sample size.
    Iteration 2 of at most 20:
    Optimizing with step length 1.
    The log-likelihood improved by 0.003609.
    Step length converged twice. Stopping.
    Evaluating log-likelihood at the estimate. Using 20 bridges: 1 2 3 4 5 6 7 8 9 10 11 12 13 14 15 16 17 18 19 20 .
    This model was fit using MCMC. To examine model diagnostics and check for degeneracy, use the mcmc.diagnostics() function.
    Error in texi2dvi(file = file, pdf = TRUE, clean = clean, quiet = quiet, :
     Running 'texi2dvi' on 'ergm.tex' failed.
    LaTeX errors:
    ! LaTeX Error: File `comment.sty' not found.
    
    Type X to quit or <RETURN> to proceed,
    or enter new name. (Default extension: sty)
    
    ! Emergency stop.
    <read *>
    
    l.6 \usepackage
     {color}^^M
    ! ==> Fatal error occurred, no output PDF file produced!
    Calls: buildVignettes -> texi2pdf -> texi2dvi
    Execution halted
Flavor: r-oldrel-osx-x86_64