CRAN Package Check Results for Package ergm

Last updated on 2016-06-27 14:47:33.

Flavor Version Tinstall Tcheck Ttotal Status Flags
r-devel-linux-x86_64-debian-gcc 3.6.0 18.67 362.53 381.20 OK
r-devel-linux-x86_64-fedora-clang 3.6.0 726.04 OK
r-devel-linux-x86_64-fedora-gcc 3.6.0 713.51 OK
r-devel-osx-x86_64-clang 3.6.0 534.79 OK
r-devel-windows-ix86+x86_64 3.6.0 62.00 158.00 220.00 OK --no-examples --no-tests --no-vignettes
r-patched-linux-x86_64 3.6.0 19.40 369.35 388.75 OK
r-patched-solaris-sparc 3.6.0 4452.10 OK
r-patched-solaris-x86 3.6.0 970.50 OK
r-release-linux-x86_64 3.6.0 18.28 365.52 383.80 OK
r-release-osx-x86_64-mavericks 3.6.0 NOTE
r-release-windows-ix86+x86_64 3.6.0 59.00 107.00 166.00 OK --no-examples --no-tests --no-vignettes
r-oldrel-windows-ix86+x86_64 3.6.0 90.00 155.00 245.00 OK --no-examples --no-tests --no-vignettes

Check Details

Version: 3.6.0
Check: package dependencies
Result: NOTE
    Package suggested but not available for checking: ‘Rmpi’
Flavor: r-release-osx-x86_64-mavericks