CRAN Package Check Results for Package ergm

Last updated on 2019-09-22 05:46:10 CEST.

Flavor Version Tinstall Tcheck Ttotal Status Flags
r-devel-linux-x86_64-debian-clang 3.10.4 54.13 572.38 626.51 OK
r-devel-linux-x86_64-debian-gcc 3.10.4 47.25 448.62 495.87 OK
r-devel-linux-x86_64-fedora-clang 3.10.4 758.44 NOTE
r-devel-linux-x86_64-fedora-gcc 3.10.4 754.24 OK
r-devel-windows-ix86+x86_64 3.10.4 154.00 162.00 316.00 OK --no-examples --no-tests --no-vignettes
r-patched-linux-x86_64 3.10.4 50.88 555.28 606.16 OK
r-patched-solaris-x86 3.10.4 1126.20 OK
r-release-linux-x86_64 3.10.4 49.84 564.99 614.83 OK
r-release-windows-ix86+x86_64 3.10.4 126.00 169.00 295.00 OK --no-examples --no-tests --no-vignettes
r-release-osx-x86_64 3.10.4 NOTE
r-oldrel-windows-ix86+x86_64 3.10.4 109.00 232.00 341.00 OK --no-examples --no-tests --no-vignettes
r-oldrel-osx-x86_64 3.10.4 ERROR

Check Details

Version: 3.10.4
Check: installed package size
Result: NOTE
     installed size is 5.6Mb
     sub-directories of 1Mb or more:
     doc 1.6Mb
     libs 2.1Mb
Flavors: r-devel-linux-x86_64-fedora-clang, r-release-osx-x86_64

Version: 3.10.4
Check: package dependencies
Result: NOTE
    Package suggested but not available for checking: ‘Rmpi’
Flavor: r-release-osx-x86_64

Version: 3.10.4
Check: package dependencies
Result: ERROR
    Package required and available but unsuitable version: ‘MASS’
    
    Package suggested but not available for checking: ‘Rmpi’
    
    See section ‘The DESCRIPTION file’ in the ‘Writing R Extensions’
    manual.
Flavor: r-oldrel-osx-x86_64