CRAN Package Check Results for Package ergm

Last updated on 2015-03-30 11:48:04.

Flavor Version Tinstall Tcheck Ttotal Status Flags
r-devel-linux-x86_64-debian-clang 3.2.4 11.37 736.51 747.88 NOTE
r-devel-linux-x86_64-debian-gcc 3.2.4 17.95 689.10 707.06 NOTE
r-devel-linux-x86_64-fedora-clang 3.2.4 1338.72 NOTE
r-devel-linux-x86_64-fedora-gcc 3.2.4 1231.23 NOTE
r-devel-osx-x86_64-clang 3.2.4 1000.63 NOTE
r-prerel-windows-ix86+x86_64 3.2.4 61.00 629.00 690.00 NOTE --no-vignettes
r-prerel-linux-x86_64 3.2.4 16.37 689.77 706.14 NOTE
r-prerel-solaris-sparc 3.2.4 7770.70 NOTE
r-prerel-solaris-x86 3.2.4 1759.50 NOTE
r-release-linux-x86_64 3.2.4 17.80 713.92 731.72 NOTE
r-release-osx-x86_64-mavericks 3.2.4 OK
r-release-osx-x86_64-snowleopard 3.2.4 OK
r-release-windows-ix86+x86_64 3.2.4 68.00 890.00 958.00 NOTE --no-vignettes
r-oldrel-windows-ix86+x86_64 3.2.4 68.00 680.00 748.00 OK --no-vignettes

Check Details

Version: 3.2.4
Check: dependencies in R code
Result: NOTE
    'library' or 'require' calls in package code:
     ‘latentnet’ ‘lattice’ ‘latticeExtra’ ‘sna’
     Please use :: or requireNamespace() instead.
     See section 'Suggested packages' in the 'Writing R Extensions' manual.
Flavors: r-devel-linux-x86_64-debian-clang, r-devel-linux-x86_64-debian-gcc, r-devel-linux-x86_64-fedora-clang, r-devel-linux-x86_64-fedora-gcc, r-devel-osx-x86_64-clang, r-prerel-linux-x86_64, r-prerel-solaris-sparc, r-prerel-solaris-x86, r-release-linux-x86_64

Version: 3.2.4
Check: S3 generic/method consistency
Result: NOTE
    Found the following apparent S3 methods exported but not registered:
     MHproposal.MHproposal MHproposal.NULL MHproposal.character
     MHproposal.ergm MHproposal.formula anova.ergm anova.ergmlist
     as.edgelist.compressed as.edgelist.matrix as.edgelist.network
     as.network.numeric as.network.uncompressed coef.ergm
     coef.length.model coef.sublength.model enformulate.curved.ergm
     enformulate.curved.formula ergm.stopCluster.MPIcluster
     ergm.stopCluster.default fix.curved.ergm fix.curved.formula
     gof.default gof.ergm gof.formula is.durational.NULL
     is.durational.character is.durational.ergm.model
     is.durational.formula is.dyad.independent.NULL
     is.dyad.independent.conlist is.dyad.independent.ergm
     is.dyad.independent.ergm.model is.dyad.independent.formula
     logLik.ergm logLikNull.ergm mcmc.diagnostics.default
     mcmc.diagnostics.ergm model.matrix.pen.glm mvmodel.default
     mvmodel.ergm mvmodel.formula plot.ergm plot.gofobject
     plot.mcmc.list.ergm plot.network.ergm print.ergm print.gofobject
     print.network.list print.summary.ergm san.default san.ergm
     san.formula simulate.ergm simulate.formula sociality.default
     sociality.ergm sociality.formula sociality.network summary.ergm
     summary.formula summary.gofobject summary.network.list
     summary.statistics summary.statistics.default
     summary.statistics.default summary.statistics.ergm
     summary.statistics.ergm summary.statistics.formula
     summary.statistics.formula summary.statistics.matrix
     summary.statistics.matrix summary.statistics.network
     summary.statistics.network summary.statistics.network.list
     summary.statistics.network.list summary.statsmatrix.ergm vcov.ergm
    See section ‘Registering S3 methods’ in the ‘Writing R Extensions’
    manual.
Flavors: r-devel-linux-x86_64-debian-clang, r-devel-linux-x86_64-debian-gcc, r-devel-linux-x86_64-fedora-clang, r-devel-linux-x86_64-fedora-gcc, r-devel-osx-x86_64-clang, r-prerel-linux-x86_64

Version: 3.2.4
Flags: --no-vignettes
Check: dependencies in R code
Result: NOTE
    'library' or 'require' calls in package code:
     'latentnet' 'lattice' 'latticeExtra' 'sna'
     Please use :: or requireNamespace() instead.
     See section 'Suggested packages' in the 'Writing R Extensions' manual.
Flavors: r-prerel-windows-ix86+x86_64, r-release-windows-ix86+x86_64