CRAN Package Check Results for Package ergm

Last updated on 2015-01-26 10:47:05.

Flavor Version Tinstall Tcheck Ttotal Status Flags
r-devel-linux-x86_64-debian-clang 3.2.4 11.71 739.88 751.59 NOTE
r-devel-linux-x86_64-debian-gcc 3.2.4 17.58 695.14 712.72 NOTE
r-devel-linux-x86_64-fedora-clang 3.2.4 1392.23 NOTE
r-devel-linux-x86_64-fedora-gcc 3.2.4 1314.53 NOTE
r-devel-osx-x86_64-clang 3.2.4 1020.65 NOTE
r-devel-windows-ix86+x86_64 3.2.4 98.00 795.00 893.00 NOTE --no-vignettes
r-patched-linux-x86_64 3.2.4 17.82 714.43 732.25 OK
r-patched-solaris-sparc 3.2.4 7542.10 OK
r-patched-solaris-x86 3.2.4 1864.80 OK
r-release-linux-ix86 3.2.4 20.66 1013.32 1033.98 OK
r-release-linux-x86_64 3.2.4 18.42 709.84 728.26 OK
r-release-osx-x86_64-mavericks 3.2.4 OK
r-release-osx-x86_64-snowleopard 3.2.4 OK
r-release-windows-ix86+x86_64 3.2.4 66.00 697.00 763.00 OK --no-vignettes
r-oldrel-windows-ix86+x86_64 3.2.4 87.00 715.00 802.00 OK --no-vignettes

Check Details

Version: 3.2.4
Check: dependencies in R code
Result: NOTE
    'library' or 'require' calls in package code:
     ‘latentnet’ ‘lattice’ ‘latticeExtra’ ‘sna’
     Please use :: or requireNamespace() instead.
     See section 'Suggested packages' in the 'Writing R Extensions' manual.
Flavors: r-devel-linux-x86_64-debian-clang, r-devel-linux-x86_64-debian-gcc, r-devel-linux-x86_64-fedora-clang, r-devel-linux-x86_64-fedora-gcc, r-devel-osx-x86_64-clang

Version: 3.2.4
Check: S3 generic/method consistency
Result: NOTE
    Found the following apparent S3 methods exported but not registered:
     MHproposal.MHproposal MHproposal.NULL MHproposal.character
     MHproposal.ergm MHproposal.formula as.edgelist.compressed
     as.edgelist.matrix as.edgelist.network enformulate.curved.ergm
     enformulate.curved.formula ergm.stopCluster.MPIcluster
     ergm.stopCluster.default fix.curved.ergm fix.curved.formula
     gof.default gof.ergm gof.formula is.durational.NULL
     is.durational.character is.durational.ergm.model
     is.durational.formula is.dyad.independent.NULL
     is.dyad.independent.conlist is.dyad.independent.ergm
     is.dyad.independent.ergm.model is.dyad.independent.formula
     logLikNull.ergm mcmc.diagnostics.default mcmc.diagnostics.ergm
     mvmodel.default mvmodel.ergm mvmodel.formula san.default san.ergm
     san.formula sociality.default sociality.ergm sociality.formula
     sociality.network summary.statistics.default summary.statistics.ergm
     summary.statistics.formula summary.statistics.matrix
     summary.statistics.network summary.statistics.network.list print.ergm
     print.gofobject print.network.list print.summary.ergm summary.ergm
     summary.formula summary.gofobject summary.network.list
     summary.statistics summary.statistics.default summary.statistics.ergm
     summary.statistics.formula summary.statistics.matrix
     summary.statistics.network summary.statistics.network.list
     summary.statsmatrix.ergm plot.ergm plot.gofobject plot.mcmc.list.ergm
     plot.network.ergm anova.ergm anova.ergmlist coef.ergm
     coef.length.model coef.sublength.model logLik.ergm
     model.matrix.pen.glm simulate.ergm simulate.formula vcov.ergm
     as.network.numeric as.network.uncompressed
    See section ‘Registering S3 methods’ in the ‘Writing R Extensions’
    manual.
Flavors: r-devel-linux-x86_64-fedora-clang, r-devel-linux-x86_64-fedora-gcc, r-devel-osx-x86_64-clang

Version: 3.2.4
Flags: --no-vignettes
Check: dependencies in R code
Result: NOTE
    'library' or 'require' calls in package code:
     'latentnet' 'lattice' 'latticeExtra' 'sna'
     Please use :: or requireNamespace() instead.
     See section 'Suggested packages' in the 'Writing R Extensions' manual.
Flavor: r-devel-windows-ix86+x86_64