CRAN Package Check Results for Package ergm

Last updated on 2016-07-30 23:47:26.

Flavor Version Tinstall Tcheck Ttotal Status Flags
r-devel-linux-x86_64-debian-clang 3.6.0 17.50 466.34 483.84 OK
r-devel-linux-x86_64-debian-gcc 3.6.0 18.93 458.34 477.28 OK
r-devel-linux-x86_64-fedora-clang 3.6.0 732.22 OK
r-devel-linux-x86_64-fedora-gcc 3.6.0 700.45 OK
r-devel-osx-x86_64-clang 3.6.0 541.22 OK
r-devel-windows-ix86+x86_64 3.6.0 59.00 121.00 180.00 OK --no-examples --no-tests --no-vignettes
r-patched-linux-x86_64 3.6.0 18.29 459.70 477.99 OK
r-patched-solaris-sparc 3.6.0 4452.10 OK
r-patched-solaris-x86 3.6.0 970.80 OK
r-release-linux-x86_64 3.6.0 21.68 507.37 529.04 OK
r-release-osx-x86_64-mavericks 3.6.0 NOTE
r-release-windows-ix86+x86_64 3.6.0 89.00 152.00 241.00 OK --no-examples --no-tests --no-vignettes
r-oldrel-windows-ix86+x86_64 3.6.0 96.00 162.00 258.00 OK --no-examples --no-tests --no-vignettes

Check Details

Version: 3.6.0
Check: package dependencies
Result: NOTE
    Package suggested but not available for checking: ‘Rmpi’
Flavor: r-release-osx-x86_64-mavericks