CRAN Package Check Results for Package ergm

Last updated on 2016-05-03 23:46:48.

Flavor Version Tinstall Tcheck Ttotal Status Flags
r-devel-linux-x86_64-debian-gcc 3.6.0 18.43 364.72 383.15 OK
r-devel-linux-x86_64-fedora-clang 3.6.0 731.55 OK
r-devel-linux-x86_64-fedora-gcc 3.6.0 701.77 OK
r-devel-osx-x86_64-clang 3.6.0 737.46 OK
r-devel-windows-ix86+x86_64 3.6.0 67.00 118.00 185.00 OK --no-examples --no-tests --no-vignettes
r-patched-linux-x86_64 3.6.0 18.36 362.94 381.30 OK
r-patched-solaris-sparc 3.6.0 4169.00 OK
r-patched-solaris-x86 3.6.0 967.00 OK
r-release-linux-x86_64 3.6.0 19.19 564.48 583.67 OK
r-release-osx-x86_64-mavericks 3.6.0 NOTE
r-release-windows-ix86+x86_64 3.6.0 74.00 158.00 232.00 OK --no-examples --no-tests --no-vignettes
r-oldrel-windows-ix86+x86_64 3.6.0 98.00 147.00 245.00 OK --no-examples --no-tests --no-vignettes

Check Details

Version: 3.6.0
Check: package dependencies
Result: NOTE
    Package suggested but not available for checking: ‘Rmpi’
Flavor: r-release-osx-x86_64-mavericks