CRAN Package Check Results for Package ergm.userterms

Last updated on 2017-09-22 20:47:11.

Flavor Version Tinstall Tcheck Ttotal Status Flags
r-devel-linux-x86_64-debian-clang 3.1.1 3.37 37.18 40.55 NOTE
r-devel-linux-x86_64-debian-gcc 3.1.1 3.50 37.28 40.77 NOTE
r-devel-linux-x86_64-fedora-clang 3.1.1 89.44 NOTE
r-devel-linux-x86_64-fedora-gcc 3.1.1 91.38 NOTE
r-devel-windows-ix86+x86_64 3.1.1 11.00 80.00 91.00 OK
r-patched-linux-x86_64 3.1.1 3.65 37.69 41.33 NOTE
r-patched-solaris-x86 3.1.1 119.50 OK
r-release-linux-x86_64 3.1.1 3.61 37.22 40.83 NOTE
r-release-windows-ix86+x86_64 3.1.1 10.00 88.00 98.00 OK
r-release-osx-x86_64 3.1.1 OK
r-oldrel-windows-ix86+x86_64 3.1.1 10.00 73.00 83.00 OK
r-oldrel-osx-x86_64 3.1.1 OK

Check Details

Version: 3.1.1
Check: compiled code
Result: NOTE
    File ‘ergm.userterms/libs/ergm.userterms.so’:
     Found no calls to: ‘R_registerRoutines’, ‘R_useDynamicSymbols’
    
    It is good practice to register native routines and to disable symbol
    search.
    
    See ‘Writing portable packages’ in the ‘Writing R Extensions’ manual.
Flavors: r-devel-linux-x86_64-debian-clang, r-devel-linux-x86_64-debian-gcc, r-devel-linux-x86_64-fedora-clang, r-devel-linux-x86_64-fedora-gcc, r-patched-linux-x86_64, r-release-linux-x86_64