CRAN Package Check Results for Package ergm.userterms

Last updated on 2017-07-23 14:46:57.

Flavor Version Tinstall Tcheck Ttotal Status Flags
r-devel-linux-x86_64-debian-clang 3.1.1 3.47 43.34 46.81 NOTE
r-devel-linux-x86_64-debian-gcc 3.1.1 3.34 42.03 45.37 NOTE
r-devel-linux-x86_64-fedora-clang 3.1.1 89.38 NOTE
r-devel-linux-x86_64-fedora-gcc 3.1.1 88.01 NOTE
r-devel-windows-ix86+x86_64 3.1.1 16.00 125.00 141.00 OK
r-patched-linux-x86_64 3.1.1 3.53 42.72 46.25 NOTE
r-patched-solaris-x86 3.1.1 120.90 OK
r-release-linux-x86_64 3.1.1 3.54 43.19 46.73 NOTE
r-release-windows-ix86+x86_64 3.1.1 13.00 118.00 131.00 OK
r-release-osx-x86_64 3.1.1 OK
r-oldrel-windows-ix86+x86_64 3.1.1 22.00 99.00 121.00 OK
r-oldrel-osx-x86_64 3.1.1 OK

Check Details

Version: 3.1.1
Check: compiled code
Result: NOTE
    File ‘ergm.userterms/libs/ergm.userterms.so’:
     Found no calls to: ‘R_registerRoutines’, ‘R_useDynamicSymbols’
    
    It is good practice to register native routines and to disable symbol
    search.
    
    See ‘Writing portable packages’ in the ‘Writing R Extensions’ manual.
Flavors: r-devel-linux-x86_64-debian-clang, r-devel-linux-x86_64-debian-gcc, r-devel-linux-x86_64-fedora-clang, r-devel-linux-x86_64-fedora-gcc, r-patched-linux-x86_64, r-release-linux-x86_64