CRAN Package Check Results for Package ergm.userterms

Last updated on 2017-03-31 01:48:58.

Flavor Version Tinstall Tcheck Ttotal Status Flags
r-devel-linux-x86_64-debian-clang 3.1.1 3.43 37.50 40.93 NOTE
r-devel-linux-x86_64-debian-gcc 3.1.1 3.45 35.76 39.21 NOTE
r-devel-linux-x86_64-fedora-clang 3.1.1 90.32 NOTE --no-stop-on-test-error
r-devel-linux-x86_64-fedora-gcc 3.1.1 88.64 NOTE --no-stop-on-test-error
r-devel-macos-x86_64-clang 3.1.1 66.86 NOTE --no-stop-on-test-error
r-devel-windows-ix86+x86_64 3.1.1 13.00 91.00 104.00 OK
r-patched-linux-x86_64 3.1.1 3.65 36.89 40.54 NOTE
r-patched-solaris-sparc 3.1.1 500.20 OK
r-patched-solaris-x86 3.1.1 118.20 OK
r-release-linux-x86_64 3.1.1 3.08 31.11 34.20 OK
r-release-osx-x86_64-mavericks 3.1.1 OK
r-release-windows-ix86+x86_64 3.1.1 15.00 106.00 121.00 OK
r-oldrel-windows-ix86+x86_64 3.1.1 16.00 124.00 140.00 OK

Check Details

Version: 3.1.1
Check: compiled code
Result: NOTE
    File ‘ergm.userterms/libs/ergm.userterms.so’:
     Found no calls to: ‘R_registerRoutines’, ‘R_useDynamicSymbols’
    
    It is good practice to register native routines and to disable symbol
    search.
    
    See ‘Writing portable packages’ in the ‘Writing R Extensions’ manual.
Flavors: r-devel-linux-x86_64-debian-clang, r-devel-linux-x86_64-debian-gcc, r-patched-linux-x86_64

Version: 3.1.1
Flags: --no-stop-on-test-error
Check: compiled code
Result: NOTE
    File ‘ergm.userterms/libs/ergm.userterms.so’:
     Found no calls to: ‘R_registerRoutines’, ‘R_useDynamicSymbols’
    
    It is good practice to register native routines and to disable symbol
    search.
    
    See ‘Writing portable packages’ in the ‘Writing R Extensions’ manual.
Flavors: r-devel-linux-x86_64-fedora-clang, r-devel-linux-x86_64-fedora-gcc, r-devel-macos-x86_64-clang