CRAN Package Check Results for Package ergm.userterms

Last updated on 2017-02-23 07:47:32.

Flavor Version Tinstall Tcheck Ttotal Status Flags
r-devel-linux-x86_64-debian-clang 3.1.1 3.42 38.34 41.76 NOTE
r-devel-linux-x86_64-debian-gcc 3.1.1 3.39 37.42 40.81 NOTE
r-devel-linux-x86_64-fedora-clang 3.1.1 92.22 NOTE --no-stop-on-test-error
r-devel-linux-x86_64-fedora-gcc 3.1.1 87.35 NOTE --no-stop-on-test-error
r-devel-macos-x86_64-clang 3.1.1 69.77 NOTE --no-stop-on-test-error
r-devel-windows-ix86+x86_64 3.1.1 17.00 179.00 196.00 WARN
r-patched-linux-x86_64 3.1.1 3.19 32.10 35.29 OK
r-patched-solaris-sparc 3.1.1 414.30 OK
r-patched-solaris-x86 3.1.1 99.40 OK
r-release-linux-x86_64 3.1.1 3.08 32.47 35.55 OK
r-release-osx-x86_64-mavericks 3.1.1 OK
r-release-windows-ix86+x86_64 3.1.1 16.00 104.00 120.00 OK
r-oldrel-windows-ix86+x86_64 3.1.1 17.00 115.00 132.00 OK

Check Details

Version: 3.1.1
Check: compiled code
Result: NOTE
    File ‘ergm.userterms/libs/ergm.userterms.so’:
     Found no calls to: ‘R_registerRoutines’, ‘R_useDynamicSymbols’
    
    It is good practice to register native routines and to disable symbol
    search.
    
    See ‘Writing portable packages’ in the ‘Writing R Extensions’ manual.
Flavors: r-devel-linux-x86_64-debian-clang, r-devel-linux-x86_64-debian-gcc

Version: 3.1.1
Flags: --no-stop-on-test-error
Check: compiled code
Result: NOTE
    File ‘ergm.userterms/libs/ergm.userterms.so’:
     Found no calls to: ‘R_registerRoutines’, ‘R_useDynamicSymbols’
    
    It is good practice to register native routines and to disable symbol
    search.
    
    See ‘Writing portable packages’ in the ‘Writing R Extensions’ manual.
Flavors: r-devel-linux-x86_64-fedora-clang, r-devel-linux-x86_64-fedora-gcc, r-devel-macos-x86_64-clang

Version: 3.1.1
Check: Rd cross-references
Result: WARN
    Warning in gzfile(file, "rb") :
     cannot open compressed file 'd:/RCompile/CRANpkg/lib/3.4/statnet.common/Meta/Rd.rds', probable reason 'Permission denied'
Flavor: r-devel-windows-ix86+x86_64