CRAN Package Check Results for Package ergm.userterms

Last updated on 2018-04-21 16:46:35 CEST.

Flavor Version Tinstall Tcheck Ttotal Status Flags
r-devel-linux-x86_64-debian-clang 3.1.1 5.35 56.64 61.99 NOTE
r-devel-linux-x86_64-debian-gcc 3.1.1 4.33 44.87 49.20 NOTE
r-devel-linux-x86_64-fedora-clang 3.1.1 74.28 NOTE
r-devel-linux-x86_64-fedora-gcc 3.1.1 72.70 NOTE
r-devel-windows-ix86+x86_64 3.1.1 20.00 131.00 151.00 OK
r-devel-osx-x86_64 3.1.1 OK
r-patched-linux-x86_64 3.1.1 4.59 54.96 59.55 NOTE
r-patched-solaris-x86 3.1.1 112.10 OK
r-release-linux-x86_64 3.1.1 5.55 57.68 63.23 NOTE
r-release-windows-ix86+x86_64 3.1.1 13.00 117.00 130.00 OK
r-release-osx-x86_64 3.1.1 OK
r-oldrel-windows-ix86+x86_64 3.1.1 16.00 73.00 89.00 OK

Check Details

Version: 3.1.1
Check: compiled code
Result: NOTE
    File ‘ergm.userterms/libs/ergm.userterms.so’:
     Found no calls to: ‘R_registerRoutines’, ‘R_useDynamicSymbols’
    
    It is good practice to register native routines and to disable symbol
    search.
    
    See ‘Writing portable packages’ in the ‘Writing R Extensions’ manual.
Flavors: r-devel-linux-x86_64-debian-clang, r-devel-linux-x86_64-debian-gcc, r-devel-linux-x86_64-fedora-clang, r-devel-linux-x86_64-fedora-gcc, r-patched-linux-x86_64, r-release-linux-x86_64