CRAN Package Check Results for Package ergm.userterms

Last updated on 2018-02-23 14:49:21 CET.

Flavor Version Tinstall Tcheck Ttotal Status Flags
r-devel-linux-x86_64-debian-clang 3.1.1 4.78 55.16 59.94 NOTE
r-devel-linux-x86_64-debian-gcc 3.1.1 4.49 44.33 48.82 NOTE
r-devel-linux-x86_64-fedora-clang 3.1.1 75.46 NOTE
r-devel-linux-x86_64-fedora-gcc 3.1.1 75.74 NOTE
r-devel-windows-ix86+x86_64 3.1.1 16.00 117.00 133.00 OK
r-patched-linux-x86_64 3.1.1 5.29 58.11 63.40 NOTE
r-patched-solaris-x86 3.1.1 118.10 OK
r-release-linux-x86_64 3.1.1 5.33 57.63 62.96 NOTE
r-release-windows-ix86+x86_64 3.1.1 22.00 116.00 138.00 OK
r-release-osx-x86_64 3.1.1 OK
r-oldrel-windows-ix86+x86_64 3.1.1 11.00 110.00 121.00 OK
r-oldrel-osx-x86_64 3.1.1 OK

Check Details

Version: 3.1.1
Check: compiled code
Result: NOTE
    File ‘ergm.userterms/libs/ergm.userterms.so’:
     Found no calls to: ‘R_registerRoutines’, ‘R_useDynamicSymbols’
    
    It is good practice to register native routines and to disable symbol
    search.
    
    See ‘Writing portable packages’ in the ‘Writing R Extensions’ manual.
Flavors: r-devel-linux-x86_64-debian-clang, r-devel-linux-x86_64-debian-gcc, r-devel-linux-x86_64-fedora-clang, r-devel-linux-x86_64-fedora-gcc, r-patched-linux-x86_64, r-release-linux-x86_64