CRAN Package Check Results for Package ergm.userterms

Last updated on 2017-05-27 20:46:14.

Flavor Version Tinstall Tcheck Ttotal Status Flags
r-devel-linux-x86_64-debian-clang 3.1.1 3.56 39.50 43.06 NOTE
r-devel-linux-x86_64-debian-gcc 3.1.1 3.72 37.92 41.64 NOTE
r-devel-linux-x86_64-fedora-clang 3.1.1 89.14 NOTE
r-devel-linux-x86_64-fedora-gcc 3.1.1 85.63 NOTE
r-devel-windows-ix86+x86_64 3.1.1 11.00 86.00 97.00 OK
r-patched-linux-x86_64 3.1.1 4.66 43.20 47.85 NOTE
r-patched-solaris-sparc 3.1.1 500.20 OK
r-patched-solaris-x86 3.1.1 116.80 OK
r-release-linux-x86_64 3.1.1 3.65 37.23 40.87 NOTE
r-release-windows-ix86+x86_64 3.1.1 12.00 79.00 91.00 OK
r-release-osx-x86_64 3.1.1 OK
r-oldrel-windows-ix86+x86_64 3.1.1 19.00 72.00 91.00 OK
r-oldrel-osx-x86_64 3.1.1 OK

Check Details

Version: 3.1.1
Check: compiled code
Result: NOTE
    File ‘ergm.userterms/libs/ergm.userterms.so’:
     Found no calls to: ‘R_registerRoutines’, ‘R_useDynamicSymbols’
    
    It is good practice to register native routines and to disable symbol
    search.
    
    See ‘Writing portable packages’ in the ‘Writing R Extensions’ manual.
Flavors: r-devel-linux-x86_64-debian-clang, r-devel-linux-x86_64-debian-gcc, r-devel-linux-x86_64-fedora-clang, r-devel-linux-x86_64-fedora-gcc, r-patched-linux-x86_64, r-release-linux-x86_64