CRAN Package Check Results for Package ergm.userterms

Last updated on 2017-11-24 20:50:35 CET.

Flavor Version Tinstall Tcheck Ttotal Status Flags
r-devel-linux-x86_64-debian-clang 3.1.1 4.25 81.21 85.46 NOTE
r-devel-linux-x86_64-debian-gcc 3.1.1 3.97 77.39 81.36 NOTE
r-devel-linux-x86_64-fedora-clang 3.1.1 74.10 NOTE
r-devel-linux-x86_64-fedora-gcc 3.1.1 73.60 NOTE
r-devel-windows-ix86+x86_64 3.1.1 11.00 111.00 122.00 OK
r-patched-linux-x86_64 3.1.1 4.85 93.00 97.85 NOTE
r-patched-solaris-x86 3.1.1 119.40 OK
r-release-linux-x86_64 3.1.1 5.10 89.33 94.43 NOTE
r-release-windows-ix86+x86_64 3.1.1 12.00 81.00 93.00 OK
r-release-osx-x86_64 3.1.1 OK
r-oldrel-windows-ix86+x86_64 3.1.1 11.00 77.00 88.00 OK
r-oldrel-osx-x86_64 3.1.1 OK

Check Details

Version: 3.1.1
Check: compiled code
Result: NOTE
    File ‘ergm.userterms/libs/ergm.userterms.so’:
     Found no calls to: ‘R_registerRoutines’, ‘R_useDynamicSymbols’
    
    It is good practice to register native routines and to disable symbol
    search.
    
    See ‘Writing portable packages’ in the ‘Writing R Extensions’ manual.
Flavors: r-devel-linux-x86_64-debian-clang, r-devel-linux-x86_64-debian-gcc, r-devel-linux-x86_64-fedora-clang, r-devel-linux-x86_64-fedora-gcc, r-patched-linux-x86_64, r-release-linux-x86_64