CRAN Package Check Results for Package ergm.userterms

Last updated on 2014-04-24 23:48:02.

Flavor Version Tinstall Tcheck Ttotal Status Flags
r-devel-linux-x86_64-debian-clang 3.1.1 4.45 44.17 48.62 OK
r-devel-linux-x86_64-debian-gcc 3.1.1 4.32 43.71 48.03 OK
r-devel-linux-x86_64-fedora-clang 3.1.1 114.79 OK
r-devel-linux-x86_64-fedora-gcc 3.1.1 109.74 OK
r-devel-osx-x86_64-clang 3.1.1 86.04 OK
r-devel-osx-x86_64-gcc 3.1.1 ERROR
r-devel-windows-ix86+x86_64 3.1.1 16.00 77.00 93.00 OK
r-patched-linux-x86_64 3.1.1 4.51 43.81 48.32 OK
r-patched-solaris-sparc 3.1.1 573.80 OK
r-patched-solaris-x86 3.1.1 141.60 OK
r-release-linux-ix86 3.1.1 16.00 72.00 88.00 OK
r-release-linux-x86_64 3.1.1 4.53 43.82 48.35 OK
r-release-osx-x86_64-mavericks 3.1.1 WARN
r-release-osx-x86_64-snowleopard 3.1.1 OK
r-release-windows-ix86+x86_64 3.1.1 15.00 83.00 98.00 OK
r-oldrel-windows-ix86+x86_64 3.1.1 16.00 87.00 103.00 OK

Check Details

Version: 3.1.1
Check: package dependencies
Result: ERROR
    Package required but not available: ‘ergm’
    
    See the information on DESCRIPTION files in the chapter ‘Creating R
    packages’ of the ‘Writing R Extensions’ manual.
Flavor: r-devel-osx-x86_64-gcc

Version: 3.1.1
Check: PDF version of manual
Result: WARNING
    LaTeX errors when creating PDF version.
    This typically indicates Rd problems.
    LaTeX errors found:
    ! LaTeX Error: File `upquote.sty' not found.
    
    Type X to quit or <RETURN> to proceed,
    or enter new name. (Default extension: sty)
    
    73567ab0/Rd2.tex:8: ==> Fatal error occurred, no output PDF file produced!
Flavor: r-release-osx-x86_64-mavericks