CRAN Package Check Results for Package erp.easy

Last updated on 2022-08-11 09:53:16 CEST.

Flavor Version Tinstall Tcheck Ttotal Status Flags
r-devel-linux-x86_64-debian-clang 1.1.0 3.53 34.01 37.54 OK
r-devel-linux-x86_64-debian-gcc 1.1.0 3.29 25.88 29.17 OK
r-devel-linux-x86_64-fedora-clang 1.1.0 58.71 NOTE
r-devel-linux-x86_64-fedora-gcc 1.1.0 56.42 NOTE
r-devel-windows-x86_64 1.1.0 20.00 57.00 77.00 OK
r-patched-linux-x86_64 1.1.0 4.40 32.50 36.90 OK
r-release-linux-x86_64 1.1.0 OK
r-release-macos-arm64 1.1.0 17.00 NOTE
r-release-macos-x86_64 1.1.0 25.00 NOTE
r-release-windows-x86_64 1.1.0 16.00 58.00 74.00 OK
r-oldrel-macos-arm64 1.1.0 23.00 NOTE
r-oldrel-macos-x86_64 1.1.0 37.00 NOTE
r-oldrel-windows-ix86+x86_64 1.1.0 7.00 49.00 56.00 OK

Check Details

Version: 1.1.0
Check: dependencies in R code
Result: NOTE
    Namespace in Imports field not imported from: ‘signal’
     All declared Imports should be used.
Flavors: r-devel-linux-x86_64-fedora-clang, r-devel-linux-x86_64-fedora-gcc, r-release-macos-arm64, r-release-macos-x86_64, r-oldrel-macos-arm64, r-oldrel-macos-x86_64