CRAN Package Check Results for Package erp.easy

Last updated on 2024-03-05 06:54:38 CET.

Flavor Version Tinstall Tcheck Ttotal Status Flags
r-devel-linux-x86_64-debian-clang 1.1.0 3.21 33.88 37.09 OK
r-devel-linux-x86_64-debian-gcc 1.1.0 3.21 26.10 29.31 OK
r-devel-linux-x86_64-fedora-clang 1.1.0 47.02 NOTE
r-devel-linux-x86_64-fedora-gcc 1.1.0 45.55 NOTE
r-devel-windows-x86_64 1.1.0 4.00 48.00 52.00 OK
r-patched-linux-x86_64 1.1.0 3.24 33.04 36.28 OK
r-release-linux-x86_64 1.1.0 4.19 33.69 37.88 OK
r-release-macos-arm64 1.1.0 21.00 OK
r-release-macos-x86_64 1.1.0 29.00 OK
r-release-windows-x86_64 1.1.0 5.00 50.00 55.00 OK
r-oldrel-macos-arm64 1.1.0 20.00 OK
r-oldrel-windows-x86_64 1.1.0 6.00 51.00 57.00 OK

Check Details

Version: 1.1.0
Check: dependencies in R code
Result: NOTE Namespace in Imports field not imported from: ‘signal’ All declared Imports should be used. Flavors: r-devel-linux-x86_64-fedora-clang, r-devel-linux-x86_64-fedora-gcc