CRAN Package Check Results for Package errum

Last updated on 2022-12-08 20:49:13 CET.

Flavor Version Tinstall Tcheck Ttotal Status Flags
r-devel-linux-x86_64-debian-clang 0.0.3 36.91 32.48 69.39 NOTE
r-devel-linux-x86_64-debian-gcc 0.0.3 31.44 25.21 56.65 NOTE
r-devel-linux-x86_64-fedora-clang 0.0.3 111.47 NOTE
r-devel-linux-x86_64-fedora-gcc 0.0.3 104.26 NOTE
r-devel-windows-x86_64 0.0.3 35.00 81.00 116.00 NOTE
r-patched-linux-x86_64 0.0.3 32.10 30.76 62.86 NOTE
r-release-linux-x86_64 0.0.3 32.89 30.71 63.60 NOTE
r-release-macos-arm64 0.0.3 28.00 NOTE
r-release-macos-x86_64 0.0.3 37.00 NOTE
r-release-windows-x86_64 0.0.3 37.00 82.00 119.00 NOTE
r-oldrel-macos-arm64 0.0.3 34.00 NOTE
r-oldrel-macos-x86_64 0.0.3 51.00 NOTE
r-oldrel-windows-ix86+x86_64 0.0.3 90.00 88.00 178.00 NOTE

Check Details

Version: 0.0.3
Check: LazyData
Result: NOTE
     'LazyData' is specified without a 'data' directory
Flavors: r-devel-linux-x86_64-debian-clang, r-devel-linux-x86_64-debian-gcc, r-devel-linux-x86_64-fedora-clang, r-devel-linux-x86_64-fedora-gcc, r-devel-windows-x86_64, r-patched-linux-x86_64, r-release-linux-x86_64, r-release-macos-arm64, r-release-macos-x86_64, r-release-windows-x86_64, r-oldrel-macos-arm64, r-oldrel-macos-x86_64, r-oldrel-windows-ix86+x86_64