CRAN Package Check Results for Package esaBcv

Last updated on 2024-03-04 05:54:51 CET.

Flavor Version Tinstall Tcheck Ttotal Status Flags
r-devel-linux-x86_64-debian-clang 1.2.1.1 2.63 29.04 31.67 NOTE
r-devel-linux-x86_64-debian-gcc 1.2.1.1 2.11 22.67 24.78 NOTE
r-devel-linux-x86_64-fedora-clang 1.2.1.1 38.83 NOTE
r-devel-linux-x86_64-fedora-gcc 1.2.1.1 39.58 NOTE
r-devel-windows-x86_64 1.2.1.1 4.00 45.00 49.00 NOTE
r-patched-linux-x86_64 1.2.1.1 3.39 28.78 32.17 OK
r-release-linux-x86_64 1.2.1.1 2.96 28.30 31.26 OK
r-release-macos-arm64 1.2.1.1 22.00 OK
r-release-macos-x86_64 1.2.1.1 24.00 OK
r-release-windows-x86_64 1.2.1.1 3.00 43.00 46.00 OK
r-oldrel-macos-arm64 1.2.1.1 26.00 OK
r-oldrel-windows-x86_64 1.2.1.1 5.00 50.00 55.00 OK

Check Details

Version: 1.2.1.1
Check: Rd metadata
Result: NOTE Invalid package aliases in Rd file 'esaBcv_package.Rd': ‘esaBcv_package-package’ Flavors: r-devel-linux-x86_64-debian-clang, r-devel-linux-x86_64-debian-gcc, r-devel-linux-x86_64-fedora-clang, r-devel-linux-x86_64-fedora-gcc, r-devel-windows-x86_64