CRAN Package Check Results for Package esc

Last updated on 2024-02-29 22:58:43 CET.

Flavor Version Tinstall Tcheck Ttotal Status Flags
r-devel-linux-x86_64-debian-clang 0.5.1 3.64 31.08 34.72 OK
r-devel-linux-x86_64-debian-gcc 0.5.1 2.60 23.89 26.49 OK
r-devel-linux-x86_64-fedora-clang 0.5.1 43.21 NOTE
r-devel-linux-x86_64-fedora-gcc 0.5.1 42.91 OK
r-devel-windows-x86_64 0.5.1 4.00 49.00 53.00 OK
r-patched-linux-x86_64 0.5.1 4.72 30.65 35.37 OK
r-release-linux-x86_64 0.5.1 2.71 30.29 33.00 OK
r-release-macos-arm64 0.5.1 19.00 OK
r-release-macos-x86_64 0.5.1 23.00 OK
r-release-windows-x86_64 0.5.1 4.00 51.00 55.00 OK
r-oldrel-macos-arm64 0.5.1 17.00 OK
r-oldrel-windows-x86_64 0.5.1 9.00 54.00 63.00 OK

Check Details

Version: 0.5.1
Check: Rd cross-references
Result: NOTE Undeclared package ‘metafor’ in Rd xrefs Flavor: r-devel-linux-x86_64-fedora-clang