CRAN Package Check Results for Package eshrink

Last updated on 2021-12-02 19:53:09 CET.

Flavor Version Tinstall Tcheck Ttotal Status Flags
r-devel-linux-x86_64-debian-clang 0.1.2 7.92 64.51 72.43 NOTE
r-devel-linux-x86_64-debian-gcc 0.1.2 6.65 50.58 57.23 NOTE
r-devel-linux-x86_64-fedora-clang 0.1.2 97.65 NOTE
r-devel-linux-x86_64-fedora-gcc 0.1.2 87.79 NOTE
r-devel-windows-x86_64-new-UL 0.1.2 15.00 105.00 120.00 NOTE
r-devel-windows-x86_64-new-TK 0.1.2 NOTE
r-devel-windows-x86_64-old 0.1.2 12.00 62.00 74.00 NOTE
r-patched-linux-x86_64 0.1.2 6.83 62.11 68.94 NOTE
r-patched-solaris-x86 0.1.2 127.10 NOTE
r-release-linux-x86_64 0.1.2 7.14 62.11 69.25 NOTE
r-release-macos-arm64 0.1.2 NOTE
r-release-macos-x86_64 0.1.2 NOTE
r-release-windows-ix86+x86_64 0.1.2 18.00 86.00 104.00 NOTE
r-oldrel-macos-x86_64 0.1.2 OK
r-oldrel-windows-ix86+x86_64 0.1.2 18.00 84.00 102.00 OK

Check Details

Version: 0.1.2
Check: LazyData
Result: NOTE
     'LazyData' is specified without a 'data' directory
Flavors: r-devel-linux-x86_64-debian-clang, r-devel-linux-x86_64-debian-gcc, r-devel-linux-x86_64-fedora-clang, r-devel-linux-x86_64-fedora-gcc, r-devel-windows-x86_64-new-UL, r-devel-windows-x86_64-new-TK, r-devel-windows-x86_64-old, r-patched-linux-x86_64, r-patched-solaris-x86, r-release-linux-x86_64, r-release-macos-arm64, r-release-macos-x86_64, r-release-windows-ix86+x86_64