Last updated on 2023-06-09 03:56:56 CEST.
Flavor | Version | Tinstall | Tcheck | Ttotal | Status | Flags |
---|---|---|---|---|---|---|
r-devel-linux-x86_64-debian-clang | 1.0.0 | 87.48 | 154.89 | 242.37 | NOTE | |
r-devel-linux-x86_64-debian-gcc | 1.0.0 | 74.56 | 122.02 | 196.58 | NOTE | |
r-devel-linux-x86_64-fedora-clang | 1.0.0 | 332.58 | NOTE | |||
r-devel-linux-x86_64-fedora-gcc | 1.0.0 | 338.41 | NOTE | |||
r-devel-windows-x86_64 | 1.0.0 | 68.00 | 145.00 | 213.00 | NOTE | |
r-patched-linux-x86_64 | 1.0.0 | 85.91 | 151.47 | 237.38 | NOTE | |
r-release-linux-x86_64 | 1.0.0 | 84.08 | 154.92 | 239.00 | NOTE | |
r-release-macos-arm64 | 1.0.0 | 93.00 | NOTE | |||
r-release-macos-x86_64 | 1.0.0 | 159.00 | NOTE | |||
r-release-windows-x86_64 | 1.0.0 | 90.00 | 188.00 | 278.00 | NOTE | |
r-oldrel-macos-arm64 | 1.0.0 | 98.00 | NOTE | |||
r-oldrel-macos-x86_64 | 1.0.0 | 108.00 | NOTE | |||
r-oldrel-windows-x86_64 | 1.0.0 | 87.00 | 177.00 | 264.00 | OK |
Version: 1.0.0
Check: C++ specification
Result: NOTE
Specified C++11: please drop specification unless essential
Flavors: r-devel-linux-x86_64-debian-clang, r-devel-linux-x86_64-debian-gcc, r-devel-linux-x86_64-fedora-clang, r-devel-linux-x86_64-fedora-gcc, r-devel-windows-x86_64, r-patched-linux-x86_64, r-release-linux-x86_64, r-release-macos-arm64, r-release-macos-x86_64, r-release-windows-x86_64
Version: 1.0.0
Check: installed package size
Result: NOTE
installed size is 27.5Mb
sub-directories of 1Mb or more:
libs 27.2Mb
Flavors: r-release-macos-arm64, r-release-macos-x86_64, r-oldrel-macos-arm64, r-oldrel-macos-x86_64