CRAN Package Check Results for Package esvis

Last updated on 2020-08-11 12:49:58 CEST.

Flavor Version Tinstall Tcheck Ttotal Status Flags
r-devel-linux-x86_64-debian-clang 0.3.1 12.56 324.38 336.94 OK
r-devel-linux-x86_64-debian-gcc 0.3.1 0.40 1.83 2.23 ERROR
r-devel-linux-x86_64-fedora-clang 0.3.1 377.01 OK
r-devel-linux-x86_64-fedora-gcc 0.3.1 375.80 OK
r-devel-windows-ix86+x86_64 0.3.1 33.00 407.00 440.00 OK
r-patched-linux-x86_64 0.3.1 9.25 314.24 323.49 OK
r-patched-solaris-x86 0.3.1 562.00 OK
r-release-linux-x86_64 0.3.1 0.36 2.32 2.68 ERROR
r-release-macos-x86_64 0.3.1 OK
r-release-windows-ix86+x86_64 0.3.1 42.00 413.00 455.00 OK
r-oldrel-macos-x86_64 0.3.1 OK
r-oldrel-windows-ix86+x86_64 0.3.1 24.00 304.00 328.00 OK

Check Details

Version: 0.3.1
Check: package dependencies
Result: ERROR
    Package required but not available: ‘tidyr’
    
    See section ‘The DESCRIPTION file’ in the ‘Writing R Extensions’
    manual.
Flavors: r-devel-linux-x86_64-debian-gcc, r-release-linux-x86_64