CRAN Package Check Results for Package etable

Last updated on 2014-11-26 23:48:40.

Flavor Version Tinstall Tcheck Ttotal Status Flags
r-devel-linux-x86_64-debian-clang 1.2.0 1.16 59.67 60.83 NOTE
r-devel-linux-x86_64-debian-gcc 1.2.0 1.19 59.28 60.48 NOTE
r-devel-linux-x86_64-fedora-clang 1.2.0 119.59 NOTE
r-devel-linux-x86_64-fedora-gcc 1.2.0 119.24 NOTE
r-devel-osx-x86_64-clang 1.2.0 102.28 NOTE
r-devel-windows-ix86+x86_64 1.2.0 6.00 84.00 90.00 NOTE
r-patched-linux-x86_64 1.2.0 1.16 58.53 59.69 NOTE
r-patched-solaris-sparc 1.2.0 507.20 NOTE
r-patched-solaris-x86 1.2.0 114.50 NOTE
r-release-linux-ix86 1.2.0 1.58 56.01 57.59 NOTE
r-release-linux-x86_64 1.2.0 1.18 59.23 60.42 NOTE
r-release-osx-x86_64-mavericks 1.2.0 NOTE
r-release-osx-x86_64-snowleopard 1.2.0 OK
r-release-windows-ix86+x86_64 1.2.0 7.00 89.00 96.00 NOTE
r-oldrel-windows-ix86+x86_64 1.2.0 6.00 74.00 80.00 NOTE

Check Details

Version: 1.2.0
Check: dependencies in R code
Result: NOTE
    Packages in Depends field not imported from:
     ‘Hmisc’ ‘xtable’
     These packages need to be imported from (in the NAMESPACE file)
     for when this namespace is loaded but not attached.
    See the information on DESCRIPTION files in the chapter ‘Creating R
    packages’ of the ‘Writing R Extensions’ manual.
Flavors: r-devel-linux-x86_64-debian-clang, r-devel-linux-x86_64-debian-gcc, r-devel-linux-x86_64-fedora-clang, r-devel-linux-x86_64-fedora-gcc, r-devel-osx-x86_64-clang, r-devel-windows-ix86+x86_64, r-patched-linux-x86_64, r-patched-solaris-sparc, r-patched-solaris-x86, r-release-linux-ix86, r-release-linux-x86_64, r-release-osx-x86_64-mavericks, r-release-windows-ix86+x86_64, r-oldrel-windows-ix86+x86_64

Version: 1.2.0
Check: R code for possible problems
Result: NOTE
    iqr_cell: no visible global function definition for ‘wtd.quantile’
    mean_sd_cell: no visible global function definition for ‘wtd.mean’
    mean_sd_cell: no visible global function definition for ‘wtd.var’
    mode_cell: no visible global function definition for ‘wtd.table’
    quantile_cell: no visible global function definition for ‘wtd.quantile’
    stat_cell: no visible global function definition for ‘wtd.quantile’
    stat_cell: no visible global function definition for ‘wtd.mean’
    stat_cell: no visible global function definition for ‘wtd.var’
    stat_cell: no visible global function definition for ‘wtd.table’
Flavors: r-devel-linux-x86_64-debian-clang, r-devel-linux-x86_64-debian-gcc, r-devel-linux-x86_64-fedora-clang, r-devel-linux-x86_64-fedora-gcc, r-devel-osx-x86_64-clang, r-devel-windows-ix86+x86_64, r-patched-linux-x86_64, r-patched-solaris-sparc, r-patched-solaris-x86, r-release-linux-ix86, r-release-linux-x86_64, r-release-windows-ix86+x86_64