CRAN Package Check Results for Package etable

Last updated on 2016-07-30 23:47:26.

Flavor Version Tinstall Tcheck Ttotal Status Flags
r-devel-linux-x86_64-debian-clang 1.2.0 3.39 46.58 49.97 NOTE
r-devel-linux-x86_64-debian-gcc 1.2.0 3.34 45.94 49.28 NOTE
r-devel-linux-x86_64-fedora-clang 1.2.0 99.40 NOTE
r-devel-linux-x86_64-fedora-gcc 1.2.0 92.39 NOTE
r-devel-osx-x86_64-clang 1.2.0 80.15 NOTE
r-devel-windows-ix86+x86_64 1.2.0 11.00 88.00 99.00 NOTE
r-patched-linux-x86_64 1.2.0 3.24 44.88 48.11 NOTE
r-patched-solaris-sparc 1.2.0 592.60 NOTE
r-patched-solaris-x86 1.2.0 128.50 NOTE
r-release-linux-x86_64 1.2.0 4.22 50.66 54.88 NOTE
r-release-osx-x86_64-mavericks 1.2.0 NOTE
r-release-windows-ix86+x86_64 1.2.0 14.00 109.00 123.00 NOTE
r-oldrel-windows-ix86+x86_64 1.2.0 15.00 158.00 173.00 NOTE

Check Details

Version: 1.2.0
Check: dependencies in R code
Result: NOTE
    Packages in Depends field not imported from:
     ‘Hmisc’ ‘xtable’
     These packages need to be imported from (in the NAMESPACE file)
     for when this namespace is loaded but not attached.
Flavors: r-devel-linux-x86_64-debian-clang, r-devel-linux-x86_64-debian-gcc, r-devel-linux-x86_64-fedora-clang, r-devel-linux-x86_64-fedora-gcc, r-devel-osx-x86_64-clang, r-devel-windows-ix86+x86_64, r-patched-linux-x86_64, r-patched-solaris-sparc, r-patched-solaris-x86, r-release-linux-x86_64, r-release-osx-x86_64-mavericks, r-release-windows-ix86+x86_64, r-oldrel-windows-ix86+x86_64

Version: 1.2.0
Check: R code for possible problems
Result: NOTE
    corr_p_cell: no visible global function definition for ‘cov.wt’
    iqr_cell: no visible global function definition for ‘quantile’
    iqr_cell: no visible global function definition for ‘wtd.quantile’
    mean_sd_cell: no visible global function definition for ‘wtd.mean’
    mean_sd_cell: no visible global function definition for ‘wtd.var’
    mode_cell: no visible global function definition for ‘wtd.table’
    quantile_cell: no visible global function definition for ‘wtd.quantile’
    quantile_cell: no visible global function definition for ‘quantile’
    stat_cell: no visible global function definition for ‘quantile’
    stat_cell: no visible global function definition for ‘wtd.quantile’
    stat_cell: no visible global function definition for ‘wtd.mean’
    stat_cell: no visible global function definition for ‘wtd.var’
    stat_cell: no visible global function definition for ‘mad’
    stat_cell: no visible global function definition for ‘wtd.table’
    Undefined global functions or variables:
     cov.wt mad quantile wtd.mean wtd.quantile wtd.table wtd.var
    Consider adding
     importFrom("stats", "cov.wt", "mad", "quantile")
    to your NAMESPACE file.
Flavors: r-devel-linux-x86_64-debian-clang, r-devel-linux-x86_64-debian-gcc, r-devel-linux-x86_64-fedora-clang, r-devel-linux-x86_64-fedora-gcc, r-devel-osx-x86_64-clang, r-devel-windows-ix86+x86_64, r-patched-linux-x86_64, r-patched-solaris-sparc, r-patched-solaris-x86, r-release-linux-x86_64, r-release-osx-x86_64-mavericks, r-release-windows-ix86+x86_64

Version: 1.2.0
Check: R code for possible problems
Result: NOTE
    iqr_cell: no visible global function definition for 'wtd.quantile'
    mean_sd_cell: no visible global function definition for 'wtd.mean'
    mean_sd_cell: no visible global function definition for 'wtd.var'
    mode_cell: no visible global function definition for 'wtd.table'
    quantile_cell: no visible global function definition for 'wtd.quantile'
    stat_cell: no visible global function definition for 'wtd.quantile'
    stat_cell: no visible global function definition for 'wtd.mean'
    stat_cell: no visible global function definition for 'wtd.var'
    stat_cell: no visible global function definition for 'wtd.table'
Flavor: r-oldrel-windows-ix86+x86_64