CRAN Package Check Results for Package etable

Last updated on 2016-09-25 20:47:15.

Flavor Version Tinstall Tcheck Ttotal Status Flags
r-devel-linux-x86_64-debian-clang 1.2.0 2.99 43.81 46.80 NOTE
r-devel-linux-x86_64-debian-gcc 1.2.0 2.93 42.18 45.11 NOTE
r-devel-linux-x86_64-fedora-clang 1.2.0 95.64 NOTE
r-devel-linux-x86_64-fedora-gcc 1.2.0 89.96 NOTE
r-devel-macos-x86_64-clang 1.2.0 75.36 NOTE
r-devel-windows-ix86+x86_64 1.2.0 9.00 105.00 114.00 NOTE
r-patched-linux-x86_64 1.2.0 2.92 43.81 46.74 NOTE
r-patched-solaris-sparc 1.2.0 592.60 NOTE
r-patched-solaris-x86 1.2.0 126.60 NOTE
r-release-linux-x86_64 1.2.0 3.35 43.27 46.62 NOTE
r-release-osx-x86_64-mavericks 1.2.0 NOTE
r-release-windows-ix86+x86_64 1.2.0 9.00 79.00 88.00 NOTE
r-oldrel-windows-ix86+x86_64 1.2.0 15.00 154.00 169.00 NOTE

Check Details

Version: 1.2.0
Check: dependencies in R code
Result: NOTE
    Packages in Depends field not imported from:
     ‘Hmisc’ ‘xtable’
     These packages need to be imported from (in the NAMESPACE file)
     for when this namespace is loaded but not attached.
Flavors: r-devel-linux-x86_64-debian-clang, r-devel-linux-x86_64-debian-gcc, r-devel-linux-x86_64-fedora-clang, r-devel-linux-x86_64-fedora-gcc, r-devel-macos-x86_64-clang, r-devel-windows-ix86+x86_64, r-patched-linux-x86_64, r-patched-solaris-sparc, r-patched-solaris-x86, r-release-linux-x86_64, r-release-osx-x86_64-mavericks, r-release-windows-ix86+x86_64, r-oldrel-windows-ix86+x86_64

Version: 1.2.0
Check: R code for possible problems
Result: NOTE
    corr_p_cell: no visible global function definition for ‘cov.wt’
    iqr_cell: no visible global function definition for ‘quantile’
    iqr_cell: no visible global function definition for ‘wtd.quantile’
    mean_sd_cell: no visible global function definition for ‘wtd.mean’
    mean_sd_cell: no visible global function definition for ‘wtd.var’
    mode_cell: no visible global function definition for ‘wtd.table’
    quantile_cell: no visible global function definition for ‘wtd.quantile’
    quantile_cell: no visible global function definition for ‘quantile’
    stat_cell: no visible global function definition for ‘quantile’
    stat_cell: no visible global function definition for ‘wtd.quantile’
    stat_cell: no visible global function definition for ‘wtd.mean’
    stat_cell: no visible global function definition for ‘wtd.var’
    stat_cell: no visible global function definition for ‘mad’
    stat_cell: no visible global function definition for ‘wtd.table’
    Undefined global functions or variables:
     cov.wt mad quantile wtd.mean wtd.quantile wtd.table wtd.var
    Consider adding
     importFrom("stats", "cov.wt", "mad", "quantile")
    to your NAMESPACE file.
Flavors: r-devel-linux-x86_64-debian-clang, r-devel-linux-x86_64-debian-gcc, r-devel-linux-x86_64-fedora-clang, r-devel-linux-x86_64-fedora-gcc, r-devel-macos-x86_64-clang, r-devel-windows-ix86+x86_64, r-patched-linux-x86_64, r-patched-solaris-sparc, r-patched-solaris-x86, r-release-linux-x86_64, r-release-osx-x86_64-mavericks, r-release-windows-ix86+x86_64

Version: 1.2.0
Check: R code for possible problems
Result: NOTE
    iqr_cell: no visible global function definition for 'wtd.quantile'
    mean_sd_cell: no visible global function definition for 'wtd.mean'
    mean_sd_cell: no visible global function definition for 'wtd.var'
    mode_cell: no visible global function definition for 'wtd.table'
    quantile_cell: no visible global function definition for 'wtd.quantile'
    stat_cell: no visible global function definition for 'wtd.quantile'
    stat_cell: no visible global function definition for 'wtd.mean'
    stat_cell: no visible global function definition for 'wtd.var'
    stat_cell: no visible global function definition for 'wtd.table'
Flavor: r-oldrel-windows-ix86+x86_64