CRAN Package Check Results for Package etasFLP

Last updated on 2019-08-21 02:49:05 CEST.

Flavor Version Tinstall Tcheck Ttotal Status Flags
r-devel-linux-x86_64-debian-clang 1.4.0 8.10 51.07 59.17 OK
r-devel-linux-x86_64-debian-gcc 1.4.0 7.21 40.85 48.06 OK
r-devel-linux-x86_64-fedora-clang 1.4.0 75.71 NOTE
r-devel-linux-x86_64-fedora-gcc 1.4.0 74.11 NOTE
r-devel-windows-ix86+x86_64 1.4.0 33.00 119.00 152.00 OK
r-patched-linux-x86_64 1.4.0 9.41 50.96 60.37 OK
r-patched-solaris-x86 1.4.0 105.90 OK
r-release-linux-x86_64 1.4.0 8.90 51.30 60.20 OK
r-release-windows-ix86+x86_64 1.4.0 19.00 85.00 104.00 OK
r-release-osx-x86_64 1.4.0 WARN
r-oldrel-windows-ix86+x86_64 1.4.0 22.00 123.00 145.00 OK
r-oldrel-osx-x86_64 1.4.0 OK

Check Details

Version: 1.4.0
Check: compiled code
Result: NOTE
    File ‘etasFLP/libs/etasFLP.so’:
     Found no calls to: ‘R_registerRoutines’, ‘R_useDynamicSymbols’
    
    It is good practice to register native routines and to disable symbol
    search.
    
    See ‘Writing portable packages’ in the ‘Writing R Extensions’ manual.
Flavors: r-devel-linux-x86_64-fedora-clang, r-devel-linux-x86_64-fedora-gcc

Version: 1.4.0
Check: whether package can be installed
Result: WARN
    Found the following significant warnings:
     Warning: 'rgl_init' failed, running with rgl.useNULL = TRUE
Flavor: r-release-osx-x86_64