CRAN Package Check Results for Package etasFLP

Last updated on 2019-02-23 01:52:52 CET.

Flavor Version Tinstall Tcheck Ttotal Status Flags
r-devel-linux-x86_64-debian-clang 1.4.0 7.90 53.90 61.80 OK
r-devel-linux-x86_64-debian-gcc 1.4.0 5.91 41.21 47.12 OK
r-devel-linux-x86_64-fedora-clang 1.4.0 73.67 NOTE
r-devel-linux-x86_64-fedora-gcc 1.4.0 71.94 NOTE
r-devel-windows-ix86+x86_64 1.4.0 23.00 92.00 115.00 OK
r-patched-linux-x86_64 1.4.0 6.12 48.82 54.94 OK
r-patched-solaris-x86 1.4.0 97.50 OK
r-release-linux-x86_64 1.4.0 OK
r-release-windows-ix86+x86_64 1.4.0 16.00 138.00 154.00 OK
r-release-osx-x86_64 1.4.0 OK
r-oldrel-windows-ix86+x86_64 1.4.0 12.00 84.00 96.00 OK
r-oldrel-osx-x86_64 1.4.0 OK

Check Details

Version: 1.4.0
Check: compiled code
Result: NOTE
    File ‘etasFLP/libs/etasFLP.so’:
     Found no calls to: ‘R_registerRoutines’, ‘R_useDynamicSymbols’
    
    It is good practice to register native routines and to disable symbol
    search.
    
    See ‘Writing portable packages’ in the ‘Writing R Extensions’ manual.
Flavors: r-devel-linux-x86_64-fedora-clang, r-devel-linux-x86_64-fedora-gcc