CRAN Package Check Results for Package etasFLP

Last updated on 2019-04-19 12:47:34 CEST.

Flavor Version Tinstall Tcheck Ttotal Status Flags
r-devel-linux-x86_64-debian-clang 1.4.0 8.37 51.85 60.22 OK
r-devel-linux-x86_64-debian-gcc 1.4.0 7.63 40.75 48.38 OK
r-devel-linux-x86_64-fedora-clang 1.4.0 72.83 NOTE
r-devel-linux-x86_64-fedora-gcc 1.4.0 68.64 NOTE
r-devel-windows-ix86+x86_64 1.4.0 34.00 136.00 170.00 OK
r-patched-linux-x86_64 1.4.0 8.44 51.54 59.98 OK
r-patched-solaris-x86 1.4.0 104.30 OK
r-release-linux-x86_64 1.4.0 6.26 48.65 54.91 OK
r-release-windows-ix86+x86_64 1.4.0 15.00 106.00 121.00 OK
r-release-osx-x86_64 1.4.0 OK
r-oldrel-windows-ix86+x86_64 1.4.0 21.00 104.00 125.00 OK
r-oldrel-osx-x86_64 1.4.0 OK

Check Details

Version: 1.4.0
Check: compiled code
Result: NOTE
    File ‘etasFLP/libs/etasFLP.so’:
     Found no calls to: ‘R_registerRoutines’, ‘R_useDynamicSymbols’
    
    It is good practice to register native routines and to disable symbol
    search.
    
    See ‘Writing portable packages’ in the ‘Writing R Extensions’ manual.
Flavors: r-devel-linux-x86_64-fedora-clang, r-devel-linux-x86_64-fedora-gcc