CRAN Package Check Results for Package ether

Last updated on 2022-05-24 00:51:39 CEST.

Flavor Version Tinstall Tcheck Ttotal Status Flags
r-devel-linux-x86_64-debian-clang 0.1.6 6.85 82.96 89.81 NOTE
r-devel-linux-x86_64-debian-gcc 0.1.6 5.84 60.33 66.17 NOTE
r-devel-linux-x86_64-fedora-clang 0.1.6 106.30 NOTE
r-devel-linux-x86_64-fedora-gcc 0.1.6 101.73 NOTE
r-devel-windows-x86_64 0.1.6 23.00 101.00 124.00 NOTE
r-patched-linux-x86_64 0.1.6 8.90 77.47 86.37 NOTE
r-release-linux-x86_64 0.1.6 NOTE
r-release-macos-arm64 0.1.6 29.00 NOTE
r-release-macos-x86_64 0.1.6 53.00 NOTE
r-release-windows-x86_64 0.1.6 26.00 102.00 128.00 NOTE
r-oldrel-macos-arm64 0.1.6 32.00 NOTE
r-oldrel-macos-x86_64 0.1.6 47.00 NOTE
r-oldrel-windows-ix86+x86_64 0.1.6 18.00 90.00 108.00 NOTE

Check Details

Version: 0.1.6
Check: LazyData
Result: NOTE
     'LazyData' is specified without a 'data' directory
Flavors: r-devel-linux-x86_64-debian-clang, r-devel-linux-x86_64-debian-gcc, r-devel-linux-x86_64-fedora-clang, r-devel-linux-x86_64-fedora-gcc, r-devel-windows-x86_64, r-patched-linux-x86_64, r-release-linux-x86_64, r-release-macos-arm64, r-release-macos-x86_64, r-release-windows-x86_64, r-oldrel-macos-arm64, r-oldrel-macos-x86_64, r-oldrel-windows-ix86+x86_64