CRAN Package Check Results for Package etm

Last updated on 2015-03-05 19:47:52.

Flavor Version Tinstall Tcheck Ttotal Status Flags
r-devel-linux-x86_64-debian-clang 0.6-2 2.67 30.35 33.02 NOTE
r-devel-linux-x86_64-debian-gcc 0.6-2 3.68 29.45 33.13 NOTE
r-devel-linux-x86_64-fedora-clang 0.6-2 65.08 NOTE
r-devel-linux-x86_64-fedora-gcc 0.6-2 63.41 NOTE
r-devel-osx-x86_64-clang 0.6-2 75.44 NOTE
r-devel-windows-ix86+x86_64 0.6-2 14.00 83.00 97.00 NOTE
r-patched-linux-x86_64 0.6-2 3.93 33.06 36.99 OK
r-patched-solaris-sparc 0.6-2 439.20 OK
r-patched-solaris-x86 0.6-2 99.10 OK
r-release-linux-ix86 0.6-2 5.33 52.97 58.30 OK
r-release-linux-x86_64 0.6-2 3.80 32.98 36.77 OK
r-release-osx-x86_64-mavericks 0.6-2 OK
r-release-osx-x86_64-snowleopard 0.6-2 OK
r-release-windows-ix86+x86_64 0.6-2 14.00 89.00 103.00 OK
r-oldrel-windows-ix86+x86_64 0.6-2 16.00 97.00 113.00 OK

Check Details

Version: 0.6-2
Check: DESCRIPTION meta-information
Result: NOTE
    Malformed Description field: should contain one or more complete sentences.
Flavors: r-devel-linux-x86_64-debian-clang, r-devel-linux-x86_64-debian-gcc, r-devel-linux-x86_64-fedora-clang, r-devel-linux-x86_64-fedora-gcc, r-devel-osx-x86_64-clang, r-devel-windows-ix86+x86_64