CRAN Package Check Results for Package etm

Last updated on 2015-05-23 09:48:22.

Flavor Version Tinstall Tcheck Ttotal Status Flags
r-devel-linux-x86_64-debian-clang 0.6-2 2.75 30.20 32.95 NOTE
r-devel-linux-x86_64-debian-gcc 0.6-2 3.82 29.12 32.93 NOTE
r-devel-linux-x86_64-fedora-clang 0.6-2 65.77 NOTE
r-devel-linux-x86_64-fedora-gcc 0.6-2 63.81 NOTE
r-devel-osx-x86_64-clang 0.6-2 74.24 NOTE
r-devel-windows-ix86+x86_64 0.6-2 14.00 83.00 97.00 NOTE
r-patched-linux-x86_64 0.6-2 3.66 28.96 32.63 NOTE
r-patched-solaris-sparc 0.6-2 431.50 NOTE
r-patched-solaris-x86 0.6-2 88.80 NOTE
r-release-linux-x86_64 0.6-2 3.68 29.30 32.98 NOTE
r-release-osx-x86_64-mavericks 0.6-2 NOTE
r-release-osx-x86_64-snowleopard 0.6-2 NOTE
r-release-windows-ix86+x86_64 0.6-2 14.00 84.00 98.00 NOTE
r-oldrel-windows-ix86+x86_64 0.6-2 15.00 85.00 100.00 OK

Check Details

Version: 0.6-2
Check: DESCRIPTION meta-information
Result: NOTE
    Malformed Description field: should contain one or more complete sentences.
Flavors: r-devel-linux-x86_64-debian-clang, r-devel-linux-x86_64-debian-gcc, r-devel-linux-x86_64-fedora-clang, r-devel-linux-x86_64-fedora-gcc, r-devel-osx-x86_64-clang, r-devel-windows-ix86+x86_64, r-patched-linux-x86_64, r-patched-solaris-sparc, r-patched-solaris-x86, r-release-linux-x86_64, r-release-osx-x86_64-mavericks, r-release-osx-x86_64-snowleopard, r-release-windows-ix86+x86_64

Version: 0.6-2
Check: package dependencies
Result: NOTE
    Package suggested but not available for checking: ‘ggplot2’
Flavor: r-release-osx-x86_64-snowleopard

Version: 0.6-2
Check: Rd cross-references
Result: NOTE
    Package unavailable to check Rd xrefs: ‘ggplot2’
Flavor: r-release-osx-x86_64-snowleopard