CRAN Package Check Results for Package etm

Last updated on 2015-04-26 12:46:28.

Flavor Version Tinstall Tcheck Ttotal Status Flags
r-devel-linux-x86_64-debian-clang 0.6-2 2.83 30.88 33.71 NOTE
r-devel-linux-x86_64-debian-gcc 0.6-2 3.82 30.20 34.02 NOTE
r-devel-linux-x86_64-fedora-clang 0.6-2 66.73 NOTE
r-devel-linux-x86_64-fedora-gcc 0.6-2 64.56 NOTE
r-devel-osx-x86_64-clang 0.6-2 73.79 NOTE
r-devel-windows-ix86+x86_64 0.6-2 14.00 86.00 100.00 NOTE
r-patched-linux-x86_64 0.6-2 3.70 29.35 33.06 NOTE
r-patched-solaris-sparc 0.6-2 435.70 NOTE
r-patched-solaris-x86 0.6-2 91.20 NOTE
r-release-linux-x86_64 0.6-2 3.75 29.78 33.53 NOTE
r-release-osx-x86_64-mavericks 0.6-2 NOTE
r-release-osx-x86_64-snowleopard 0.6-2 NOTE
r-release-windows-ix86+x86_64 0.6-2 15.00 83.00 98.00 NOTE
r-oldrel-windows-ix86+x86_64 0.6-2 13.00 81.00 94.00 OK

Check Details

Version: 0.6-2
Check: DESCRIPTION meta-information
Result: NOTE
    Malformed Description field: should contain one or more complete sentences.
Flavors: r-devel-linux-x86_64-fedora-clang, r-devel-linux-x86_64-fedora-gcc, r-devel-osx-x86_64-clang, r-devel-windows-ix86+x86_64, r-patched-solaris-sparc, r-patched-solaris-x86, r-release-osx-x86_64-mavericks, r-release-windows-ix86+x86_64