CRAN Package Check Results for Package etm

Last updated on 2015-08-02 11:47:19.

Flavor Version Tinstall Tcheck Ttotal Status Flags
r-devel-linux-x86_64-debian-clang 0.6-2 2.75 31.70 34.46 NOTE
r-devel-linux-x86_64-debian-gcc 0.6-2 3.65 32.07 35.72 NOTE
r-devel-linux-x86_64-fedora-clang 0.6-2 71.17 NOTE
r-devel-linux-x86_64-fedora-gcc 0.6-2 64.86 NOTE
r-devel-osx-x86_64-clang 0.6-2 70.44 NOTE
r-devel-windows-ix86+x86_64 0.6-2 18.00 98.00 116.00 NOTE
r-patched-linux-x86_64 0.6-2 3.73 30.31 34.04 NOTE
r-patched-solaris-sparc 0.6-2 445.60 NOTE
r-patched-solaris-x86 0.6-2 93.80 NOTE
r-release-linux-x86_64 0.6-2 3.94 30.74 34.67 NOTE
r-release-osx-x86_64-mavericks 0.6-2 NOTE
r-release-windows-ix86+x86_64 0.6-2 18.00 94.00 112.00 NOTE
r-oldrel-windows-ix86+x86_64 0.6-2 22.00 97.00 119.00 OK

Check Details

Version: 0.6-2
Check: DESCRIPTION meta-information
Result: NOTE
    Malformed Description field: should contain one or more complete sentences.
Flavors: r-devel-linux-x86_64-debian-clang, r-devel-linux-x86_64-debian-gcc, r-devel-linux-x86_64-fedora-clang, r-devel-linux-x86_64-fedora-gcc, r-devel-osx-x86_64-clang, r-devel-windows-ix86+x86_64, r-patched-linux-x86_64, r-patched-solaris-sparc, r-patched-solaris-x86, r-release-linux-x86_64, r-release-osx-x86_64-mavericks, r-release-windows-ix86+x86_64

Version: 0.6-2
Check: R code for possible problems
Result: NOTE
    avec.cov: no visible global function definition for ‘qnorm’
    closPseudo: no visible global function definition for ‘terms’
    etmCIF: no visible global function definition for ‘model.extract’
    lines.etm: no visible global function definition for ‘lines’
    phiPseudo: no visible global function definition for ‘terms’
    plot.clos.etm: no visible global function definition for ‘par’
    plot.clos.etm: no visible global function definition for ‘split.screen’
    plot.clos.etm: no visible global function definition for ‘screen’
    plot.clos.etm: no visible global function definition for ‘plot’
    plot.clos.etm: no visible global function definition for ‘axis’
    plot.clos.etm: no visible global function definition for ‘box’
    plot.clos.etm: no visible global function definition for ‘lines’
    plot.clos.etm: no visible global function definition for ‘close.screen’
    plot.etm: no visible global function definition for ‘plot’
    plot.etm: no visible global function definition for ‘lines’
    plot.etmCIF: no visible global function definition for ‘plot’
    plot.etmCIF: no visible global function definition for ‘lines’
    plot.etmCIF: no visible global function definition for ‘segments’
    print.summary.etm: no visible global function definition for ‘quantile’
    print.summary.etmCIF: no visible global function definition for
     ‘quantile’
    Undefined global functions or variables:
     axis box close.screen lines model.extract par plot qnorm quantile
     screen segments split.screen terms
    Consider adding
     importFrom("graphics", "axis", "box", "close.screen", "lines", "par",
     "plot", "screen", "segments", "split.screen")
     importFrom("stats", "model.extract", "qnorm", "quantile", "terms")
    to your NAMESPACE.
Flavors: r-devel-linux-x86_64-debian-clang, r-devel-linux-x86_64-debian-gcc, r-devel-linux-x86_64-fedora-clang, r-devel-linux-x86_64-fedora-gcc, r-devel-windows-ix86+x86_64