CRAN Package Check Results for Package etm

Last updated on 2017-03-23 06:47:59.

Flavor Version Tinstall Tcheck Ttotal Status Flags
r-devel-linux-x86_64-debian-clang 0.6-2 5.01 53.33 58.34 NOTE
r-devel-linux-x86_64-debian-gcc 0.6-2 5.66 53.92 59.58 NOTE
r-devel-linux-x86_64-fedora-clang 0.6-2 129.25 NOTE --no-stop-on-test-error
r-devel-linux-x86_64-fedora-gcc 0.6-2 129.17 NOTE --no-stop-on-test-error
r-devel-macos-x86_64-clang 0.6-2 109.61 NOTE --no-stop-on-test-error
r-devel-windows-ix86+x86_64 0.6-2 18.00 143.00 161.00 NOTE
r-patched-linux-x86_64 0.6-2 5.40 47.97 53.37 NOTE
r-patched-solaris-sparc 0.6-2 767.50 NOTE
r-patched-solaris-x86 0.6-2 185.50 NOTE
r-release-linux-x86_64 0.6-2 5.65 48.65 54.30 NOTE
r-release-osx-x86_64-mavericks 0.6-2 NOTE
r-release-windows-ix86+x86_64 0.6-2 21.00 164.00 185.00 NOTE
r-oldrel-windows-ix86+x86_64 0.6-2 23.00 187.00 210.00 NOTE

Memtest notes: clang-ASAN

Check Details

Version: 0.6-2
Check: DESCRIPTION meta-information
Result: NOTE
    Malformed Description field: should contain one or more complete sentences.
Flavors: r-devel-linux-x86_64-debian-clang, r-devel-linux-x86_64-debian-gcc, r-devel-windows-ix86+x86_64, r-patched-linux-x86_64, r-patched-solaris-sparc, r-patched-solaris-x86, r-release-linux-x86_64, r-release-osx-x86_64-mavericks, r-release-windows-ix86+x86_64, r-oldrel-windows-ix86+x86_64

Version: 0.6-2
Check: R code for possible problems
Result: NOTE
    avec.cov: no visible global function definition for ‘qnorm’
    closPseudo: no visible global function definition for ‘terms’
    etmCIF: no visible global function definition for ‘model.extract’
    lines.etm: no visible global function definition for ‘lines’
    phiPseudo: no visible global function definition for ‘terms’
    plot.clos.etm: no visible global function definition for ‘par’
    plot.clos.etm: no visible global function definition for ‘split.screen’
    plot.clos.etm: no visible global function definition for ‘screen’
    plot.clos.etm: no visible global function definition for ‘plot’
    plot.clos.etm: no visible global function definition for ‘axis’
    plot.clos.etm: no visible global function definition for ‘box’
    plot.clos.etm: no visible global function definition for ‘lines’
    plot.clos.etm: no visible global function definition for ‘close.screen’
    plot.etm: no visible global function definition for ‘plot’
    plot.etm: no visible global function definition for ‘lines’
    plot.etmCIF: no visible global function definition for ‘plot’
    plot.etmCIF: no visible global function definition for ‘lines’
    plot.etmCIF: no visible global function definition for ‘segments’
    print.summary.etm: no visible global function definition for ‘quantile’
    print.summary.etmCIF: no visible global function definition for
     ‘quantile’
    Undefined global functions or variables:
     axis box close.screen lines model.extract par plot qnorm quantile
     screen segments split.screen terms
    Consider adding
     importFrom("graphics", "axis", "box", "close.screen", "lines", "par",
     "plot", "screen", "segments", "split.screen")
     importFrom("stats", "model.extract", "qnorm", "quantile", "terms")
    to your NAMESPACE file.
Flavors: r-devel-linux-x86_64-debian-clang, r-devel-linux-x86_64-debian-gcc, r-devel-windows-ix86+x86_64, r-patched-linux-x86_64, r-patched-solaris-sparc, r-patched-solaris-x86, r-release-linux-x86_64, r-release-osx-x86_64-mavericks, r-release-windows-ix86+x86_64

Version: 0.6-2
Check: compiled code
Result: NOTE
    File ‘etm/libs/etm.so’:
     Found no calls to: ‘R_registerRoutines’, ‘R_useDynamicSymbols’
    
    It is good practice to register native routines and to disable symbol
    search.
    
    See ‘Writing portable packages’ in the ‘Writing R Extensions’ manual.
Flavors: r-devel-linux-x86_64-debian-clang, r-devel-linux-x86_64-debian-gcc

Version: 0.6-2
Flags: --no-stop-on-test-error
Check: DESCRIPTION meta-information
Result: NOTE
    Malformed Description field: should contain one or more complete sentences.
Flavors: r-devel-linux-x86_64-fedora-clang, r-devel-linux-x86_64-fedora-gcc, r-devel-macos-x86_64-clang

Version: 0.6-2
Flags: --no-stop-on-test-error
Check: R code for possible problems
Result: NOTE
    avec.cov: no visible global function definition for ‘qnorm’
    closPseudo: no visible global function definition for ‘terms’
    etmCIF: no visible global function definition for ‘model.extract’
    lines.etm: no visible global function definition for ‘lines’
    phiPseudo: no visible global function definition for ‘terms’
    plot.clos.etm: no visible global function definition for ‘par’
    plot.clos.etm: no visible global function definition for ‘split.screen’
    plot.clos.etm: no visible global function definition for ‘screen’
    plot.clos.etm: no visible global function definition for ‘plot’
    plot.clos.etm: no visible global function definition for ‘axis’
    plot.clos.etm: no visible global function definition for ‘box’
    plot.clos.etm: no visible global function definition for ‘lines’
    plot.clos.etm: no visible global function definition for ‘close.screen’
    plot.etm: no visible global function definition for ‘plot’
    plot.etm: no visible global function definition for ‘lines’
    plot.etmCIF: no visible global function definition for ‘plot’
    plot.etmCIF: no visible global function definition for ‘lines’
    plot.etmCIF: no visible global function definition for ‘segments’
    print.summary.etm: no visible global function definition for ‘quantile’
    print.summary.etmCIF: no visible global function definition for
     ‘quantile’
    Undefined global functions or variables:
     axis box close.screen lines model.extract par plot qnorm quantile
     screen segments split.screen terms
    Consider adding
     importFrom("graphics", "axis", "box", "close.screen", "lines", "par",
     "plot", "screen", "segments", "split.screen")
     importFrom("stats", "model.extract", "qnorm", "quantile", "terms")
    to your NAMESPACE file.
Flavors: r-devel-linux-x86_64-fedora-clang, r-devel-linux-x86_64-fedora-gcc, r-devel-macos-x86_64-clang

Version: 0.6-2
Flags: --no-stop-on-test-error
Check: compiled code
Result: NOTE
    File ‘etm/libs/etm.so’:
     Found no calls to: ‘R_registerRoutines’, ‘R_useDynamicSymbols’
    
    It is good practice to register native routines and to disable symbol
    search.
    
    See ‘Writing portable packages’ in the ‘Writing R Extensions’ manual.
Flavors: r-devel-linux-x86_64-fedora-clang, r-devel-linux-x86_64-fedora-gcc, r-devel-macos-x86_64-clang