CRAN Package Check Results for Package etm

Last updated on 2014-04-24 15:50:37.

Flavor Version Tinstall Tcheck Ttotal Status Flags
r-devel-linux-x86_64-debian-clang 0.6-1 2.60 32.48 35.08 OK
r-devel-linux-x86_64-debian-gcc 0.6-1 3.71 32.68 36.39 OK
r-devel-linux-x86_64-fedora-clang 0.6-1 70.05 OK
r-devel-linux-x86_64-fedora-gcc 0.6-1 70.73 OK
r-devel-osx-x86_64-clang 0.6-1 69.13 OK
r-devel-osx-x86_64-gcc 0.6-1 OK
r-devel-windows-ix86+x86_64 0.6-1 14.00 83.00 97.00 OK
r-patched-linux-x86_64 0.6-1 3.67 32.49 36.16 OK
r-patched-solaris-sparc 0.6-1 394.90 OK
r-patched-solaris-x86 0.6-1 97.30 OK
r-release-linux-ix86 0.6-1 7.00 57.00 64.00 OK
r-release-linux-x86_64 0.6-1 3.71 32.31 36.02 OK
r-release-osx-x86_64-mavericks 0.6-1 WARN
r-release-osx-x86_64-snowleopard 0.6-1 OK
r-release-windows-ix86+x86_64 0.6-1 13.00 87.00 100.00 OK
r-oldrel-windows-ix86+x86_64 0.6-1 15.00 89.00 104.00 OK

Check Details

Version: 0.6-1
Check: PDF version of manual
Result: WARNING
    LaTeX errors when creating PDF version.
    This typically indicates Rd problems.
    LaTeX errors found:
    ! LaTeX Error: File `upquote.sty' not found.
    
    Type X to quit or <RETURN> to proceed,
    or enter new name. (Default extension: sty)
    
    476a204e/Rd2.tex:8: ==> Fatal error occurred, no output PDF file produced!
Flavor: r-release-osx-x86_64-mavericks