CRAN Package Check Results for Package etrader

Last updated on 2021-04-11 23:46:58 CEST.

Flavor Version Tinstall Tcheck Ttotal Status Flags
r-devel-linux-x86_64-debian-clang 0.1.3 2.89 25.35 28.24 NOTE
r-devel-linux-x86_64-debian-gcc 0.1.3 2.17 19.92 22.09 NOTE
r-devel-linux-x86_64-fedora-clang 0.1.3 42.88 NOTE
r-devel-linux-x86_64-fedora-gcc 0.1.3 30.41 NOTE
r-devel-windows-ix86+x86_64 0.1.3 6.00 57.00 63.00 NOTE
r-devel-windows-x86_64-gcc10-UCRT 0.1.3 NOTE
r-patched-linux-x86_64 0.1.3 2.31 24.52 26.83 OK
r-patched-solaris-x86 0.1.3 50.50 OK
r-release-linux-x86_64 0.1.3 2.81 24.29 27.10 OK
r-release-macos-x86_64 0.1.3 OK
r-release-windows-ix86+x86_64 0.1.3 6.00 42.00 48.00 OK
r-oldrel-macos-x86_64 0.1.3 OK
r-oldrel-windows-ix86+x86_64 0.1.3 4.00 29.00 33.00 OK

Check Details

Version: 0.1.3
Check: LazyData
Result: NOTE
     'LazyData' is specified without a 'data' directory
Flavors: r-devel-linux-x86_64-debian-clang, r-devel-linux-x86_64-debian-gcc, r-devel-linux-x86_64-fedora-clang, r-devel-linux-x86_64-fedora-gcc, r-devel-windows-ix86+x86_64, r-devel-windows-x86_64-gcc10-UCRT