CRAN Package Check Results for Package evaluate

Last updated on 2015-05-25 23:47:22.

Flavor Version Tinstall Tcheck Ttotal Status Flags
r-devel-linux-x86_64-debian-clang 0.7 0.61 11.62 12.23 OK
r-devel-linux-x86_64-debian-gcc 0.7 0.64 11.13 11.76 OK
r-devel-linux-x86_64-fedora-clang 0.7 23.33 OK
r-devel-linux-x86_64-fedora-gcc 0.7 21.98 OK
r-devel-osx-x86_64-clang 0.7 25.81 OK
r-devel-windows-ix86+x86_64 0.7 3.00 21.00 24.00 OK
r-patched-linux-x86_64 0.7 0.62 11.12 11.74 OK
r-patched-solaris-sparc 0.7 145.50 OK
r-patched-solaris-x86 0.7 33.70 OK
r-release-linux-x86_64 0.7 0.82 11.52 12.34 OK
r-release-osx-x86_64-mavericks 0.7 OK
r-release-osx-x86_64-snowleopard 0.7 NOTE
r-release-windows-ix86+x86_64 0.7 3.00 21.00 24.00 OK
r-oldrel-windows-ix86+x86_64 0.7 3.00 24.00 27.00 OK

Check Details

Version: 0.7
Check: package dependencies
Result: NOTE
    Package suggested but not available for checking: ‘ggplot2’
Flavor: r-release-osx-x86_64-snowleopard