CRAN Package Check Results for Package evaluate

Last updated on 2015-03-30 03:49:10.

Flavor Version Tinstall Tcheck Ttotal Status Flags
r-devel-linux-x86_64-debian-clang 0.5.5 0.60 12.55 13.15 NOTE
r-devel-linux-x86_64-debian-gcc 0.5.5 0.60 11.14 11.74 NOTE
r-devel-linux-x86_64-fedora-clang 0.5.5 23.80 NOTE
r-devel-linux-x86_64-fedora-gcc 0.5.5 22.40 NOTE
r-devel-osx-x86_64-clang 0.5.5 28.81 NOTE
r-prerel-windows-ix86+x86_64 0.5.5 3.00 20.00 23.00 NOTE
r-prerel-linux-x86_64 0.5.5 0.59 11.73 12.32 NOTE
r-prerel-solaris-sparc 0.5.5 149.00 NOTE
r-prerel-solaris-x86 0.5.5 31.20 NOTE
r-release-linux-x86_64 0.5.5 0.63 12.75 13.38 OK
r-release-osx-x86_64-mavericks 0.5.5 OK
r-release-osx-x86_64-snowleopard 0.5.5 OK
r-release-windows-ix86+x86_64 0.5.5 3.00 22.00 25.00 OK
r-oldrel-windows-ix86+x86_64 0.5.5 4.00 24.00 28.00 OK

Check Details

Version: 0.5.5
Check: DESCRIPTION meta-information
Result: NOTE
    Malformed Title field: should not end in a period.
Flavors: r-devel-linux-x86_64-debian-clang, r-devel-linux-x86_64-debian-gcc, r-devel-linux-x86_64-fedora-clang, r-devel-linux-x86_64-fedora-gcc, r-devel-osx-x86_64-clang, r-prerel-windows-ix86+x86_64, r-prerel-linux-x86_64, r-prerel-solaris-sparc, r-prerel-solaris-x86