CRAN Package Check Results for Package evaluate

Last updated on 2014-04-25 09:52:13.

Flavor Version Tinstall Tcheck Ttotal Status Flags
r-devel-linux-x86_64-debian-clang 0.5.3 0.64 12.55 13.19 ERROR
r-devel-linux-x86_64-debian-gcc 0.5.3 0.62 12.01 12.64 ERROR
r-devel-linux-x86_64-fedora-clang 0.5.3 12.79 ERROR
r-devel-linux-x86_64-fedora-gcc 0.5.3 19.98 ERROR
r-devel-osx-x86_64-clang 0.5.3 14.06 ERROR
r-devel-osx-x86_64-gcc 0.5.3 ERROR
r-devel-windows-ix86+x86_64 0.5.3 2.00 18.00 20.00 ERROR
r-patched-linux-x86_64 0.5.3 0.62 12.00 12.62 ERROR
r-patched-solaris-sparc 0.5.3 127.10 ERROR
r-patched-solaris-x86 0.5.3 27.70 ERROR
r-release-linux-ix86 0.5.3 1.00 27.00 28.00 OK
r-release-linux-x86_64 0.5.3 0.66 13.24 13.90 OK
r-release-osx-x86_64-mavericks 0.5.3 WARN
r-release-osx-x86_64-snowleopard 0.5.3 OK
r-release-windows-ix86+x86_64 0.5.3 2.00 18.00 20.00 ERROR
r-oldrel-windows-ix86+x86_64 0.5.3 4.00 19.00 23.00 ERROR

Check Details

Version: 0.5.3
Check: tests
Result: ERROR
    Running the tests in ‘tests/test-all.R’ failed.
    Last 13 lines of output:
    
    
     1. Failure(@test-evaluate.r#12): data sets loaded ------------------------------
     length(ev) not equal to 3
     Mean relative difference: 0.3333333
    
     Error: Test failures
     In addition: Warning messages:
     1: In getPackageName(where) :
     Created a package name, '2014-04-24 16:32:09', when none found
     2: In getPackageName(where) :
     Created a package name, '2014-04-24 16:32:09', when none found
     Execution halted
Flavor: r-devel-linux-x86_64-debian-clang

Version: 0.5.3
Check: tests
Result: ERROR
    Running the tests in ‘tests/test-all.R’ failed.
    Last 13 lines of output:
    
    
     1. Failure(@test-evaluate.r#12): data sets loaded ------------------------------
     length(ev) not equal to 3
     Mean relative difference: 0.3333333
    
     Error: Test failures
     In addition: Warning messages:
     1: In getPackageName(where) :
     Created a package name, '2014-04-25 00:22:58', when none found
     2: In getPackageName(where) :
     Created a package name, '2014-04-25 00:22:58', when none found
     Execution halted
Flavor: r-devel-linux-x86_64-debian-gcc

Version: 0.5.3
Check: tests
Result: ERROR
    Running the tests in ‘tests/test-all.R’ failed.
    Last 13 lines of output:
    
    
     1. Failure(@test-evaluate.r#12): data sets loaded ------------------------------
     length(ev) not equal to 3
     Mean relative difference: 0.3333333
    
     Error: Test failures
     In addition: Warning messages:
     1: In getPackageName(where) :
     Created a package name, '2014-04-24 10:05:51', when none found
     2: In getPackageName(where) :
     Created a package name, '2014-04-24 10:05:51', when none found
     Execution halted
Flavor: r-devel-linux-x86_64-fedora-clang

Version: 0.5.3
Check: tests
Result: ERROR
    Running the tests in ‘tests/test-all.R’ failed.
    Last 13 lines of output:
    
    
     1. Failure(@test-evaluate.r#12): data sets loaded ------------------------------
     length(ev) not equal to 3
     Mean relative difference: 0.3333333
    
     Error: Test failures
     In addition: Warning messages:
     1: In getPackageName(where) :
     Created a package name, '2014-04-24 12:55:57', when none found
     2: In getPackageName(where) :
     Created a package name, '2014-04-24 12:55:57', when none found
     Execution halted
Flavor: r-devel-linux-x86_64-fedora-gcc

Version: 0.5.3
Check: tests
Result: ERROR
    Running the tests in ‘tests/test-all.R’ failed.
    Last 13 lines of output:
    
    
     1. Failure(@test-evaluate.r#12): data sets loaded ------------------------------
     length(ev) not equal to 3
     Mean relative difference: 0.3333333
    
     Error: Test failures
     In addition: Warning messages:
     1: In getPackageName(where) :
     Created a package name, '2014-04-24 09:58:35', when none found
     2: In getPackageName(where) :
     Created a package name, '2014-04-24 09:58:35', when none found
     Execution halted
Flavor: r-devel-osx-x86_64-clang

Version: 0.5.3
Check: package dependencies
Result: NOTE
    Package suggested but not available for checking: ‘ggplot2’
Flavor: r-devel-osx-x86_64-gcc

Version: 0.5.3
Check: tests
Result: ERROR
    Running the tests in ‘tests/test-all.R’ failed.
    Last 13 lines of output:
     2 string mismatches
    
     Error: Test failures
     In addition: Warning messages:
     1: In getPackageName(where) :
     Created a package name, '2014-04-24 12:00:31', when none found
     2: In getPackageName(where) :
     Created a package name, '2014-04-24 12:00:31', when none found
     3: In library(package, lib.loc = lib.loc, character.only = TRUE, logical.return = TRUE, :
     there is no package called 'ggplot2'
     4: In library(package, lib.loc = lib.loc, character.only = TRUE, logical.return = TRUE, :
     there is no package called 'ggplot2'
     Execution halted
Flavor: r-devel-osx-x86_64-gcc

Version: 0.5.3
Check: tests
Result: ERROR
    Running the tests in 'tests/test-all.R' failed.
    Last 13 lines of output:
    
    
     1. Failure(@test-evaluate.r#12): data sets loaded ------------------------------
     length(ev) not equal to 3
     Mean relative difference: 0.3333333
    
     Error: Test failures
     In addition: Warning messages:
     1: In getPackageName(where) :
     Created a package name, '2014-04-24 20:24:42', when none found
     2: In getPackageName(where) :
     Created a package name, '2014-04-24 20:24:42', when none found
     Execution halted
Flavor: r-devel-windows-ix86+x86_64

Version: 0.5.3
Check: tests
Result: ERROR
    Running the tests in ‘tests/test-all.R’ failed.
    Last 13 lines of output:
    
    
     1. Failure(@test-evaluate.r#12): data sets loaded ------------------------------
     length(ev) not equal to 3
     Mean relative difference: 0.3333333
    
     Error: Test failures
     In addition: Warning messages:
     1: In getPackageName(where) :
     Created a package name, '2014-04-24 08:23:00', when none found
     2: In getPackageName(where) :
     Created a package name, '2014-04-24 08:23:00', when none found
     Execution halted
Flavor: r-patched-linux-x86_64

Version: 0.5.3
Check: tests
Result: ERROR
    Running the tests in ‘tests/test-all.R’ failed.
    Last 13 lines of output:
    
    
     1. Failure(@test-evaluate.r#12): data sets loaded ------------------------------
     length(ev) not equal to 3
     Mean relative difference: 0.3333333
    
     Error: Test failures
     In addition: Warning messages:
     1: In getPackageName(where) :
     Created a package name, '2014-04-24 09:55:28', when none found
     2: In getPackageName(where) :
     Created a package name, '2014-04-24 09:55:28', when none found
     Execution halted
Flavor: r-patched-solaris-sparc

Version: 0.5.3
Check: tests
Result: ERROR
    Running the tests in ‘tests/test-all.R’ failed.
    Last 13 lines of output:
    
    
     1. Failure(@test-evaluate.r#12): data sets loaded ------------------------------
     length(ev) not equal to 3
     Mean relative difference: 0.3333333
    
     Error: Test failures
     In addition: Warning messages:
     1: In getPackageName(where) :
     Created a package name, '2014-04-24 10:06:28', when none found
     2: In getPackageName(where) :
     Created a package name, '2014-04-24 10:06:28', when none found
     Execution halted
Flavor: r-patched-solaris-x86

Version: 0.5.3
Check: PDF version of manual
Result: WARNING
    LaTeX errors when creating PDF version.
    This typically indicates Rd problems.
    LaTeX errors found:
    ! LaTeX Error: File `upquote.sty' not found.
    
    Type X to quit or <RETURN> to proceed,
    or enter new name. (Default extension: sty)
    
    b3ef079/Rd2.tex:8: ==> Fatal error occurred, no output PDF file produced!
Flavor: r-release-osx-x86_64-mavericks

Version: 0.5.3
Check: tests
Result: ERROR
    Running the tests in 'tests/test-all.R' failed.
    Last 13 lines of output:
    
    
     1. Failure(@test-evaluate.r#12): data sets loaded ------------------------------
     length(ev) not equal to 3
     Mean relative difference: 0.3333333
    
     Error: Test failures
     In addition: Warning messages:
     1: In getPackageName(where) :
     Created a package name, '2014-04-25 02:42:23', when none found
     2: In getPackageName(where) :
     Created a package name, '2014-04-25 02:42:23', when none found
     Execution halted
Flavor: r-release-windows-ix86+x86_64

Version: 0.5.3
Check: tests
Result: ERROR
    Running the tests in 'tests/test-all.R' failed.
    Last 13 lines of output:
    
    
     1. Failure(@test-evaluate.r#12): data sets loaded ------------------------------
     length(ev) not equal to 3
     Mean relative difference: 0.3333333
    
     Error: Test failures
     In addition: Warning messages:
     1: In getPackageName(where) :
     Created a package name, '2014-04-24 09:24:39', when none found
     2: In getPackageName(where) :
     Created a package name, '2014-04-24 09:24:39', when none found
     Execution halted
Flavor: r-oldrel-windows-ix86+x86_64