CRAN Package Check Results for Package evaluate

Last updated on 2015-08-03 16:48:12.

Flavor Version Tinstall Tcheck Ttotal Status Flags
r-devel-linux-x86_64-debian-clang 0.7 0.82 11.21 12.03 NOTE
r-devel-linux-x86_64-debian-gcc 0.7 0.58 11.60 12.18 NOTE
r-devel-linux-x86_64-fedora-clang 0.7 24.73 NOTE
r-devel-linux-x86_64-fedora-gcc 0.7 21.97 NOTE
r-devel-osx-x86_64-clang 0.7 22.59 OK
r-devel-windows-ix86+x86_64 0.7 2.00 22.00 24.00 NOTE
r-patched-linux-x86_64 0.7 0.79 11.32 12.10 OK
r-patched-solaris-sparc 0.7 156.70 OK
r-patched-solaris-x86 0.7 34.90 OK
r-release-linux-x86_64 0.7 0.62 11.16 11.78 OK
r-release-osx-x86_64-mavericks 0.7 OK
r-release-windows-ix86+x86_64 0.7 4.00 21.00 25.00 OK
r-oldrel-windows-ix86+x86_64 0.7 5.00 27.00 32.00 OK

Check Details

Version: 0.7
Check: R code for possible problems
Result: NOTE
    evaluate: no visible global function definition for ‘dev.new’
    evaluate: no visible global function definition for ‘dev.control’
    evaluate: no visible global function definition for ‘dev.cur’
    evaluate: no visible global function definition for ‘dev.off’
    evaluate_call: no visible global function definition for ‘dev.cur’
    evaluate_call : handle_output: no visible global function definition
     for ‘dev.cur’
    plot_snapshot: no visible global function definition for ‘dev.list’
    plot_snapshot: no visible global function definition for ‘par’
    plot_snapshot: no visible global function definition for ‘recordPlot’
    render: no visible global function definition for ‘show’
    try_capture_stack : capture_calls: no visible global function
     definition for ‘head’
    Undefined global functions or variables:
     dev.control dev.cur dev.list dev.new dev.off head par recordPlot show
    Consider adding
     importFrom("grDevices", "dev.control", "dev.cur", "dev.list",
     "dev.new", "dev.off", "recordPlot")
     importFrom("graphics", "par")
     importFrom("methods", "show")
     importFrom("utils", "head")
    to your NAMESPACE.
Flavors: r-devel-linux-x86_64-debian-clang, r-devel-linux-x86_64-debian-gcc, r-devel-linux-x86_64-fedora-clang, r-devel-linux-x86_64-fedora-gcc, r-devel-windows-ix86+x86_64