CRAN Package Check Results for Package evd

Last updated on 2015-04-18 03:50:14.

Flavor Version Tinstall Tcheck Ttotal Status Flags
r-devel-linux-x86_64-debian-clang 2.3-0 3.15 49.59 52.74 NOTE
r-devel-linux-x86_64-debian-gcc 2.3-0 3.97 48.96 52.93 NOTE
r-devel-linux-x86_64-fedora-clang 2.3-0 100.19 NOTE
r-devel-linux-x86_64-fedora-gcc 2.3-0 97.22 NOTE
r-devel-osx-x86_64-clang 2.3-0 78.84 NOTE
r-prerel-windows-ix86+x86_64 2.3-0 25.00 69.00 94.00 NOTE
r-prerel-linux-x86_64 2.3-0 3.95 50.10 54.05 NOTE
r-prerel-solaris-sparc 2.3-0 554.40 NOTE
r-prerel-solaris-x86 2.3-0 104.70 NOTE
r-release-linux-x86_64 2.3-0 3.88 52.87 56.75 NOTE
r-release-osx-x86_64-mavericks 2.3-0 NOTE
r-release-windows-ix86+x86_64 2.3-0 23.00 78.00 101.00 NOTE
r-oldrel-windows-ix86+x86_64 2.3-0 17.00 77.00 94.00 OK

Check Details

Version: 2.3-0
Check: dependencies in R code
Result: NOTE
    'library' or 'require' call to ‘akima’ in package code.
     Please use :: or requireNamespace() instead.
     See section 'Suggested packages' in the 'Writing R Extensions' manual.
Flavors: r-devel-linux-x86_64-debian-clang, r-devel-linux-x86_64-debian-gcc, r-devel-linux-x86_64-fedora-clang, r-devel-linux-x86_64-fedora-gcc, r-devel-osx-x86_64-clang, r-prerel-windows-ix86+x86_64, r-prerel-linux-x86_64, r-prerel-solaris-sparc, r-prerel-solaris-x86, r-release-linux-x86_64, r-release-windows-ix86+x86_64

Version: 2.3-0
Check: R code for possible problems
Result: NOTE
    plot.profile2d.evd: no visible global function definition for ‘interp’
Flavors: r-devel-linux-x86_64-debian-clang, r-devel-linux-x86_64-debian-gcc, r-devel-linux-x86_64-fedora-clang, r-devel-linux-x86_64-fedora-gcc, r-devel-osx-x86_64-clang, r-prerel-windows-ix86+x86_64, r-prerel-linux-x86_64, r-prerel-solaris-sparc, r-prerel-solaris-x86, r-release-linux-x86_64, r-release-osx-x86_64-mavericks, r-release-windows-ix86+x86_64

Version: 2.3-0
Check: re-building of vignette outputs
Result: NOTE
    Error in re-building vignettes:
     ...
    Warning: running command '"D:\compiler\texmf\miktex\bin\texi2dvi.exe" --quiet --pdf "Multivariate_Extremes.tex" --max-iterations=20 -I "D:/RCompile/recent/R/share/texmf/tex/latex" -I "D:/RCompile/recent/R/share/texmf/bibtex/bst"' had status 1
    Error in find_vignette_product(name, by = "texi2pdf", engine = engine) :
     Failed to locate the 'texi2pdf' output file (by engine 'utils::Sweave') for vignette with name 'Multivariate_Extremes'. The following files exist in directory '.': 'Multivariate_Extremes-003.pdf', 'Multivariate_Extremes-008.pdf', 'Multivariate_Extremes-012.pdf', 'Multivariate_Extremes-015.pdf', 'Multivariate_Extremes-018.pdf', 'Multivariate_Extremes-023.pdf', 'Multivariate_Extremes-025.pdf', 'Multivariate_Extremes-029.pdf', 'Multivariate_Extremes.Rnw', 'Multivariate_Extremes.tex', 'Rplots.pdf'
    Calls: buildVignettes -> find_vignette_product
    Execution halted
Flavor: r-prerel-windows-ix86+x86_64