CRAN Package Check Results for Package evd

Last updated on 2017-02-23 05:48:57.

Flavor Version Tinstall Tcheck Ttotal Status Flags
r-devel-linux-x86_64-debian-clang 2.3-2 3.60 54.38 57.98 NOTE
r-devel-linux-x86_64-debian-gcc 2.3-2 3.85 52.00 55.84 NOTE
r-devel-linux-x86_64-fedora-clang 2.3-2 107.70 NOTE --no-stop-on-test-error
r-devel-linux-x86_64-fedora-gcc 2.3-2 102.11 NOTE --no-stop-on-test-error
r-devel-macos-x86_64-clang 2.3-2 81.15 NOTE --no-stop-on-test-error
r-devel-windows-ix86+x86_64 2.3-2 19.00 164.00 183.00 OK
r-patched-linux-x86_64 2.3-2 3.68 47.11 50.80 OK
r-patched-solaris-sparc 2.3-2 523.80 OK
r-patched-solaris-x86 2.3-2 94.40 OK
r-release-linux-x86_64 2.3-2 4.48 47.29 51.76 OK
r-release-osx-x86_64-mavericks 2.3-2 OK
r-release-windows-ix86+x86_64 2.3-2 26.00 145.00 171.00 OK
r-oldrel-windows-ix86+x86_64 2.3-2 24.00 113.00 137.00 OK

Check Details

Version: 2.3-2
Check: compiled code
Result: NOTE
    File ‘evd/libs/evd.so’:
     Found no calls to: ‘R_registerRoutines’, ‘R_useDynamicSymbols’
    
    It is good practice to register native routines and to disable symbol
    search.
    
    See ‘Writing portable packages’ in the ‘Writing R Extensions’ manual.
Flavors: r-devel-linux-x86_64-debian-clang, r-devel-linux-x86_64-debian-gcc

Version: 2.3-2
Flags: --no-stop-on-test-error
Check: compiled code
Result: NOTE
    File ‘evd/libs/evd.so’:
     Found no calls to: ‘R_registerRoutines’, ‘R_useDynamicSymbols’
    
    It is good practice to register native routines and to disable symbol
    search.
    
    See ‘Writing portable packages’ in the ‘Writing R Extensions’ manual.
Flavors: r-devel-linux-x86_64-fedora-clang, r-devel-linux-x86_64-fedora-gcc, r-devel-macos-x86_64-clang