CRAN Package Check Results for Package evd

Last updated on 2017-12-13 01:54:38 CET.

Flavor Version Tinstall Tcheck Ttotal Status Flags
r-devel-linux-x86_64-debian-clang 2.3-2 3.82 87.23 91.05 NOTE
r-devel-linux-x86_64-debian-gcc 2.3-2 4.53 65.95 70.48 NOTE
r-devel-linux-x86_64-fedora-clang 2.3-2 101.38 NOTE
r-devel-windows-ix86+x86_64 2.3-2 23.00 93.00 116.00 OK
r-patched-linux-x86_64 2.3-2 4.74 86.37 91.11 NOTE
r-patched-solaris-x86 2.3-2 110.00 OK
r-release-linux-x86_64 2.3-2 5.02 88.19 93.21 NOTE
r-release-windows-ix86+x86_64 2.3-2 15.00 125.00 140.00 OK
r-release-osx-x86_64 2.3-2 OK
r-oldrel-windows-ix86+x86_64 2.3-2 21.00 106.00 127.00 OK
r-oldrel-osx-x86_64 2.3-2 OK

Check Details

Version: 2.3-2
Check: compiled code
Result: NOTE
    File ‘evd/libs/evd.so’:
     Found no calls to: ‘R_registerRoutines’, ‘R_useDynamicSymbols’
    
    It is good practice to register native routines and to disable symbol
    search.
    
    See ‘Writing portable packages’ in the ‘Writing R Extensions’ manual.
Flavors: r-devel-linux-x86_64-debian-clang, r-devel-linux-x86_64-debian-gcc, r-devel-linux-x86_64-fedora-clang, r-patched-linux-x86_64, r-release-linux-x86_64