CRAN Package Check Results for Package evd

Last updated on 2015-01-28 17:55:16.

Flavor Version Tinstall Tcheck Ttotal Status Flags
r-devel-linux-x86_64-debian-clang 2.3-0 2.92 50.54 53.46 NOTE
r-devel-linux-x86_64-debian-gcc 2.3-0 3.93 52.12 56.04 NOTE
r-devel-linux-x86_64-fedora-clang 2.3-0 102.73 NOTE
r-devel-linux-x86_64-fedora-gcc 2.3-0 99.72 NOTE
r-devel-osx-x86_64-clang 2.3-0 83.66 NOTE
r-devel-windows-ix86+x86_64 2.3-0 25.00 74.00 99.00 NOTE
r-patched-linux-x86_64 2.3-0 4.02 50.95 54.97 NOTE
r-patched-solaris-sparc 2.3-0 555.50 NOTE
r-patched-solaris-x86 2.3-0 113.00 NOTE
r-release-linux-ix86 2.3-0 4.84 56.93 61.77 NOTE
r-release-linux-x86_64 2.3-0 4.02 53.70 57.72 NOTE
r-release-osx-x86_64-mavericks 2.3-0 NOTE
r-release-windows-ix86+x86_64 2.3-0 16.00 113.00 129.00 NOTE
r-oldrel-windows-ix86+x86_64 2.3-0 17.00 77.00 94.00 OK

Check Details

Version: 2.3-0
Check: dependencies in R code
Result: NOTE
    'library' or 'require' call to ‘akima’ in package code.
     Please use :: or requireNamespace() instead.
     See section 'Suggested packages' in the 'Writing R Extensions' manual.
Flavors: r-devel-linux-x86_64-debian-clang, r-devel-linux-x86_64-debian-gcc, r-devel-linux-x86_64-fedora-clang, r-devel-linux-x86_64-fedora-gcc, r-devel-osx-x86_64-clang, r-devel-windows-ix86+x86_64

Version: 2.3-0
Check: R code for possible problems
Result: NOTE
    plot.profile2d.evd: no visible global function definition for ‘interp’
Flavors: r-devel-linux-x86_64-debian-clang, r-devel-linux-x86_64-debian-gcc, r-devel-linux-x86_64-fedora-clang, r-devel-linux-x86_64-fedora-gcc, r-devel-osx-x86_64-clang, r-devel-windows-ix86+x86_64, r-patched-linux-x86_64, r-patched-solaris-sparc, r-patched-solaris-x86, r-release-linux-ix86, r-release-linux-x86_64, r-release-osx-x86_64-mavericks, r-release-windows-ix86+x86_64