CRAN Package Check Results for Package evd

Last updated on 2015-05-27 06:46:44.

Flavor Version Tinstall Tcheck Ttotal Status Flags
r-devel-linux-x86_64-debian-clang 2.3-0 2.97 48.89 51.86 NOTE
r-devel-linux-x86_64-debian-gcc 2.3-0 3.95 48.94 52.90 NOTE
r-devel-linux-x86_64-fedora-clang 2.3-0 100.53 NOTE
r-devel-linux-x86_64-fedora-gcc 2.3-0 96.26 NOTE
r-devel-osx-x86_64-clang 2.3-0 79.08 NOTE
r-devel-windows-ix86+x86_64 2.3-0 17.00 70.00 87.00 NOTE
r-patched-linux-x86_64 2.3-0 4.00 48.73 52.73 NOTE
r-patched-solaris-sparc 2.3-0 572.10 NOTE
r-patched-solaris-x86 2.3-0 104.60 NOTE
r-release-linux-x86_64 2.3-0 3.99 48.82 52.82 NOTE
r-release-osx-x86_64-mavericks 2.3-0 NOTE
r-release-osx-x86_64-snowleopard 2.3-0 NOTE
r-release-windows-ix86+x86_64 2.3-0 13.00 88.00 101.00 NOTE
r-oldrel-windows-ix86+x86_64 2.3-0 23.00 78.00 101.00 NOTE

Check Details

Version: 2.3-0
Check: dependencies in R code
Result: NOTE
    'library' or 'require' call to ‘akima’ in package code.
     Please use :: or requireNamespace() instead.
     See section 'Suggested packages' in the 'Writing R Extensions' manual.
Flavors: r-devel-linux-x86_64-debian-clang, r-devel-linux-x86_64-debian-gcc, r-devel-linux-x86_64-fedora-clang, r-devel-linux-x86_64-fedora-gcc, r-devel-osx-x86_64-clang, r-devel-windows-ix86+x86_64, r-patched-linux-x86_64, r-patched-solaris-sparc, r-patched-solaris-x86, r-release-linux-x86_64, r-release-osx-x86_64-mavericks, r-release-osx-x86_64-snowleopard, r-release-windows-ix86+x86_64, r-oldrel-windows-ix86+x86_64

Version: 2.3-0
Check: R code for possible problems
Result: NOTE
    plot.profile2d.evd: no visible global function definition for ‘interp’
Flavors: r-devel-linux-x86_64-debian-clang, r-devel-linux-x86_64-debian-gcc, r-devel-linux-x86_64-fedora-clang, r-devel-linux-x86_64-fedora-gcc, r-devel-osx-x86_64-clang, r-devel-windows-ix86+x86_64, r-patched-linux-x86_64, r-patched-solaris-sparc, r-patched-solaris-x86, r-release-linux-x86_64, r-release-osx-x86_64-mavericks, r-release-osx-x86_64-snowleopard, r-release-windows-ix86+x86_64, r-oldrel-windows-ix86+x86_64