CRAN Package Check Results for Package evd

Last updated on 2017-06-25 22:47:51.

Flavor Version Tinstall Tcheck Ttotal Status Flags
r-devel-linux-x86_64-debian-clang 2.3-2 3.70 54.10 57.81 NOTE
r-devel-linux-x86_64-debian-gcc 2.3-2 4.16 52.43 56.59 NOTE
r-devel-linux-x86_64-fedora-clang 2.3-2 106.67 NOTE
r-devel-linux-x86_64-fedora-gcc 2.3-2 105.36 NOTE
r-devel-windows-ix86+x86_64 2.3-2 26.00 124.00 150.00 OK
r-patched-linux-x86_64 2.3-2 3.88 52.37 56.25 NOTE
r-patched-solaris-sparc 2.3-2 597.50 OK
r-patched-solaris-x86 2.3-2 110.00 OK
r-release-linux-x86_64 2.3-2 4.07 52.32 56.39 NOTE
r-release-windows-ix86+x86_64 2.3-2 19.00 125.00 144.00 OK
r-release-osx-x86_64 2.3-2 OK
r-oldrel-windows-ix86+x86_64 2.3-2 19.00 102.00 121.00 OK
r-oldrel-osx-x86_64 2.3-2 OK

Check Details

Version: 2.3-2
Check: compiled code
Result: NOTE
    File ‘evd/libs/evd.so’:
     Found no calls to: ‘R_registerRoutines’, ‘R_useDynamicSymbols’
    
    It is good practice to register native routines and to disable symbol
    search.
    
    See ‘Writing portable packages’ in the ‘Writing R Extensions’ manual.
Flavors: r-devel-linux-x86_64-debian-clang, r-devel-linux-x86_64-debian-gcc, r-devel-linux-x86_64-fedora-clang, r-devel-linux-x86_64-fedora-gcc, r-patched-linux-x86_64, r-release-linux-x86_64