CRAN Package Check Results for Package evd

Last updated on 2017-08-18 17:47:41.

Flavor Version Tinstall Tcheck Ttotal Status Flags
r-devel-linux-x86_64-debian-clang 2.3-2 3.49 53.74 57.23 NOTE
r-devel-linux-x86_64-debian-gcc 2.3-2 4.09 54.12 58.22 NOTE
r-devel-linux-x86_64-fedora-clang 2.3-2 105.76 NOTE
r-devel-linux-x86_64-fedora-gcc 2.3-2 103.57 NOTE
r-devel-windows-ix86+x86_64 2.3-2 21.00 127.00 148.00 OK
r-patched-linux-x86_64 2.3-2 5.64 52.35 57.99 NOTE
r-patched-solaris-x86 2.3-2 110.30 OK
r-release-linux-x86_64 2.3-2 4.14 52.46 56.60 NOTE
r-release-windows-ix86+x86_64 2.3-2 21.00 132.00 153.00 OK
r-release-osx-x86_64 2.3-2 OK
r-oldrel-windows-ix86+x86_64 2.3-2 16.00 102.00 118.00 OK
r-oldrel-osx-x86_64 2.3-2 OK

Check Details

Version: 2.3-2
Check: compiled code
Result: NOTE
    File ‘evd/libs/evd.so’:
     Found no calls to: ‘R_registerRoutines’, ‘R_useDynamicSymbols’
    
    It is good practice to register native routines and to disable symbol
    search.
    
    See ‘Writing portable packages’ in the ‘Writing R Extensions’ manual.
Flavors: r-devel-linux-x86_64-debian-clang, r-devel-linux-x86_64-debian-gcc, r-devel-linux-x86_64-fedora-clang, r-devel-linux-x86_64-fedora-gcc, r-patched-linux-x86_64, r-release-linux-x86_64