CRAN Package Check Results for Package evd

Last updated on 2015-02-28 05:47:59.

Flavor Version Tinstall Tcheck Ttotal Status Flags
r-devel-linux-x86_64-debian-clang 2.3-0 2.83 49.40 52.23 NOTE
r-devel-linux-x86_64-debian-gcc 2.3-0 3.84 48.33 52.16 NOTE
r-devel-linux-x86_64-fedora-clang 2.3-0 98.47 NOTE
r-devel-linux-x86_64-fedora-gcc 2.3-0 94.71 NOTE
r-devel-osx-x86_64-clang 2.3-0 81.71 NOTE
r-devel-windows-ix86+x86_64 2.3-0 24.00 72.00 96.00 NOTE
r-patched-linux-x86_64 2.3-0 4.00 54.06 58.06 NOTE
r-patched-solaris-sparc 2.3-0 590.90 NOTE
r-release-linux-ix86 2.3-0 5.44 86.40 91.84 NOTE
r-release-linux-x86_64 2.3-0 4.00 52.48 56.48 NOTE
r-release-osx-x86_64-mavericks 2.3-0 NOTE
r-release-windows-ix86+x86_64 2.3-0 16.00 113.00 129.00 NOTE
r-oldrel-windows-ix86+x86_64 2.3-0 17.00 77.00 94.00 OK

Check Details

Version: 2.3-0
Check: dependencies in R code
Result: NOTE
    'library' or 'require' call to ‘akima’ in package code.
     Please use :: or requireNamespace() instead.
     See section 'Suggested packages' in the 'Writing R Extensions' manual.
Flavors: r-devel-linux-x86_64-debian-clang, r-devel-linux-x86_64-debian-gcc, r-devel-linux-x86_64-fedora-clang, r-devel-linux-x86_64-fedora-gcc, r-devel-osx-x86_64-clang, r-devel-windows-ix86+x86_64, r-patched-linux-x86_64, r-patched-solaris-sparc

Version: 2.3-0
Check: R code for possible problems
Result: NOTE
    plot.profile2d.evd: no visible global function definition for ‘interp’
Flavors: r-devel-linux-x86_64-debian-clang, r-devel-linux-x86_64-debian-gcc, r-devel-linux-x86_64-fedora-clang, r-devel-linux-x86_64-fedora-gcc, r-devel-osx-x86_64-clang, r-devel-windows-ix86+x86_64, r-patched-linux-x86_64, r-patched-solaris-sparc, r-release-linux-ix86, r-release-linux-x86_64, r-release-osx-x86_64-mavericks, r-release-windows-ix86+x86_64