CRAN Package Check Results for Package evd

Last updated on 2017-03-29 23:53:03.

Flavor Version Tinstall Tcheck Ttotal Status Flags
r-devel-linux-x86_64-debian-clang 2.3-2 3.71 52.68 56.39 NOTE
r-devel-linux-x86_64-debian-gcc 2.3-2 4.13 51.68 55.81 NOTE
r-devel-linux-x86_64-fedora-clang 2.3-2 106.41 NOTE --no-stop-on-test-error
r-devel-linux-x86_64-fedora-gcc 2.3-2 103.02 NOTE --no-stop-on-test-error
r-devel-macos-x86_64-clang 2.3-2 73.65 NOTE --no-stop-on-test-error
r-devel-windows-ix86+x86_64 2.3-2 19.00 93.00 112.00 OK
r-patched-linux-x86_64 2.3-2 4.26 52.23 56.49 NOTE
r-patched-solaris-sparc 2.3-2 597.50 OK
r-patched-solaris-x86 2.3-2 108.90 OK
r-release-linux-x86_64 2.3-2 3.84 46.53 50.36 OK
r-release-osx-x86_64-mavericks 2.3-2 OK
r-release-windows-ix86+x86_64 2.3-2 34.00 84.00 118.00 OK
r-oldrel-windows-ix86+x86_64 2.3-2 34.00 115.00 149.00 OK

Check Details

Version: 2.3-2
Check: compiled code
Result: NOTE
    File ‘evd/libs/evd.so’:
     Found no calls to: ‘R_registerRoutines’, ‘R_useDynamicSymbols’
    
    It is good practice to register native routines and to disable symbol
    search.
    
    See ‘Writing portable packages’ in the ‘Writing R Extensions’ manual.
Flavors: r-devel-linux-x86_64-debian-clang, r-devel-linux-x86_64-debian-gcc, r-patched-linux-x86_64

Version: 2.3-2
Flags: --no-stop-on-test-error
Check: compiled code
Result: NOTE
    File ‘evd/libs/evd.so’:
     Found no calls to: ‘R_registerRoutines’, ‘R_useDynamicSymbols’
    
    It is good practice to register native routines and to disable symbol
    search.
    
    See ‘Writing portable packages’ in the ‘Writing R Extensions’ manual.
Flavors: r-devel-linux-x86_64-fedora-clang, r-devel-linux-x86_64-fedora-gcc, r-devel-macos-x86_64-clang