CRAN Package Check Results for Package evd

Last updated on 2014-11-28 09:50:35.

Flavor Version Tinstall Tcheck Ttotal Status Flags
r-devel-linux-x86_64-debian-clang 2.3-0 2.92 52.70 55.62 NOTE
r-devel-linux-x86_64-debian-gcc 2.3-0 3.96 50.34 54.31 NOTE
r-devel-linux-x86_64-fedora-clang 2.3-0 103.63 NOTE
r-devel-linux-x86_64-fedora-gcc 2.3-0 108.46 NOTE
r-devel-osx-x86_64-clang 2.3-0 81.76 NOTE
r-devel-windows-ix86+x86_64 2.3-0 22.00 68.00 90.00 NOTE
r-patched-linux-x86_64 2.3-0 4.05 52.56 56.61 NOTE
r-patched-solaris-sparc 2.3-0 554.90 NOTE
r-patched-solaris-x86 2.3-0 113.50 NOTE
r-release-linux-ix86 2.3-0 4.84 58.29 63.13 NOTE
r-release-linux-x86_64 2.3-0 4.10 52.78 56.88 NOTE
r-release-osx-x86_64-mavericks 2.3-0 OK
r-release-windows-ix86+x86_64 2.3-0 16.00 113.00 129.00 NOTE
r-oldrel-windows-ix86+x86_64 2.3-0 17.00 77.00 94.00 OK

Check Details

Version: 2.3-0
Check: R code for possible problems
Result: NOTE
    plot.profile2d.evd: no visible global function definition for ‘interp’
Flavors: r-devel-linux-x86_64-debian-clang, r-devel-linux-x86_64-debian-gcc, r-devel-linux-x86_64-fedora-clang, r-devel-linux-x86_64-fedora-gcc, r-devel-osx-x86_64-clang, r-devel-windows-ix86+x86_64, r-patched-linux-x86_64, r-patched-solaris-sparc, r-patched-solaris-x86, r-release-linux-ix86, r-release-linux-x86_64, r-release-windows-ix86+x86_64