CRAN Package Check Results for Package evd

Last updated on 2014-08-27 19:48:29.

Flavor Version Tinstall Tcheck Ttotal Status Flags
r-devel-linux-x86_64-debian-clang 2.3-0 2.72 47.69 50.42 NOTE
r-devel-linux-x86_64-debian-gcc 2.3-0 4.03 44.94 48.97 NOTE
r-devel-linux-x86_64-fedora-clang 2.3-0 105.91 NOTE
r-devel-linux-x86_64-fedora-gcc 2.3-0 105.14 NOTE
r-devel-osx-x86_64-clang 2.3-0 79.57 NOTE
r-devel-windows-ix86+x86_64 2.3-0 15.00 71.00 86.00 NOTE
r-patched-linux-x86_64 2.3-0 4.07 46.37 50.44 OK
r-patched-solaris-sparc 2.3-0 571.90 OK
r-patched-solaris-x86 2.3-0 126.80 OK
r-release-linux-ix86 2.3-0 5.31 60.11 65.42 OK
r-release-linux-x86_64 2.3-0 4.16 46.19 50.36 OK
r-release-osx-x86_64-mavericks 2.3-0 OK
r-release-windows-ix86+x86_64 2.3-0 20.00 107.00 127.00 OK
r-oldrel-windows-ix86+x86_64 2.3-0 17.00 77.00 94.00 OK

Check Details

Version: 2.3-0
Check: R code for possible problems
Result: NOTE
    plot.profile2d.evd: no visible global function definition for ‘interp’
Flavors: r-devel-linux-x86_64-debian-clang, r-devel-linux-x86_64-debian-gcc, r-devel-linux-x86_64-fedora-clang, r-devel-linux-x86_64-fedora-gcc, r-devel-osx-x86_64-clang, r-devel-windows-ix86+x86_64