CRAN Package Check Results for Package evd

Last updated on 2015-06-30 18:47:12.

Flavor Version Tinstall Tcheck Ttotal Status Flags
r-devel-linux-x86_64-debian-clang 2.3-0 2.83 49.84 52.67 NOTE
r-devel-linux-x86_64-debian-gcc 2.3-0 3.85 52.02 55.87 NOTE
r-devel-linux-x86_64-fedora-clang 2.3-0 98.66 NOTE
r-devel-linux-x86_64-fedora-gcc 2.3-0 95.16 NOTE
r-devel-osx-x86_64-clang 2.3-0 81.32 NOTE
r-devel-windows-ix86+x86_64 2.3-0 22.00 72.00 94.00 NOTE
r-patched-linux-x86_64 2.3-0 3.98 48.52 52.50 NOTE
r-patched-solaris-sparc 2.3-0 572.10 NOTE
r-patched-solaris-x86 2.3-0 105.90 NOTE
r-release-linux-x86_64 2.3-0 4.04 48.86 52.89 NOTE
r-release-osx-x86_64-mavericks 2.3-0 NOTE
r-release-windows-ix86+x86_64 2.3-0 13.00 88.00 101.00 NOTE
r-oldrel-windows-ix86+x86_64 2.3-0 23.00 78.00 101.00 NOTE

Check Details

Version: 2.3-0
Check: dependencies in R code
Result: NOTE
    'library' or 'require' call to ‘akima’ in package code.
     Please use :: or requireNamespace() instead.
     See section 'Suggested packages' in the 'Writing R Extensions' manual.
Flavors: r-devel-linux-x86_64-debian-clang, r-devel-linux-x86_64-debian-gcc, r-devel-linux-x86_64-fedora-clang, r-devel-linux-x86_64-fedora-gcc, r-devel-osx-x86_64-clang, r-devel-windows-ix86+x86_64, r-patched-linux-x86_64, r-patched-solaris-sparc, r-patched-solaris-x86, r-release-linux-x86_64, r-release-osx-x86_64-mavericks, r-release-windows-ix86+x86_64, r-oldrel-windows-ix86+x86_64

Version: 2.3-0
Check: R code for possible problems
Result: NOTE
    abvalog: no visible global function definition for ‘polygon’
    abvalog: no visible global function definition for ‘lines’
    abvamix: no visible global function definition for ‘polygon’
    abvamix: no visible global function definition for ‘lines’
    abvaneglog: no visible global function definition for ‘polygon’
    abvaneglog: no visible global function definition for ‘lines’
    abvbilog: no visible global function definition for ‘polygon’
    abvbilog: no visible global function definition for ‘lines’
    abvct: no visible global function definition for ‘polygon’
    abvct: no visible global function definition for ‘lines’
    abvhr: no visible global function definition for ‘polygon’
    abvhr: no visible global function definition for ‘lines’
    abvlog: no visible global function definition for ‘polygon’
    abvlog: no visible global function definition for ‘lines’
    abvnegbilog: no visible global function definition for ‘polygon’
    abvnegbilog: no visible global function definition for ‘lines’
    abvneglog: no visible global function definition for ‘polygon’
    abvneglog: no visible global function definition for ‘lines’
    abvnonpar: no visible global function definition for ‘chull’
    abvnonpar: no visible global function definition for ‘polygon’
    abvnonpar: no visible global function definition for ‘lines’
    amvalog: no visible global function definition for ‘heat.colors’
    amvevd: no visible global function definition for ‘heat.colors’
    amvlog: no visible global function definition for ‘heat.colors’
    amvnonpar: no visible global function definition for ‘heat.colors’
    bvcpp.bvevd: no visible global function definition for ‘plot’
    bvcpp.bvevd: no visible global function definition for ‘abline’
    bvcpp.bvevd: no visible global function definition for ‘matplot’
    bvcpp.bvevd: no visible global function definition for ‘par’
    bvcpp.bvevd: no visible global function definition for ‘segments’
    bvdens.bvevd: no visible global function definition for ‘contour’
    bvdens.bvevd: no visible global function definition for ‘points’
    bvdens.bvpot: no visible global function definition for ‘contour’
    bvdens.bvpot: no visible global function definition for ‘abline’
    bvdens.bvpot: no visible global function definition for ‘points’
    bvqc.bvevd: no visible global function definition for ‘par’
    bvqc.bvevd: no visible global function definition for ‘plot’
    bvqc.bvevd: no visible global function definition for ‘points’
    bvqc.bvevd: no visible global function definition for ‘lines’
    bvqc.bvpot: no visible global function definition for ‘par’
    bvqc.bvpot: no visible global function definition for ‘plot’
    bvqc.bvpot: no visible global function definition for ‘abline’
    bvqc.bvpot: no visible global function definition for ‘lines’
    bvtcplot: no visible global function definition for ‘plot’
    bvtcplot: no visible global function definition for ‘abline’
    chiplot: no visible global function definition for ‘dev.interactive’
    chiplot: no visible global function definition for ‘par’
    chiplot: no visible global function definition for ‘matplot’
    chiplot: no visible global function definition for ‘segments’
    chiplot: no visible global function definition for ‘lines’
    clusters: no visible global function definition for ‘par’
    clusters: no visible global function definition for ‘polygon’
    clusters: no visible global function definition for ‘abline’
    clusters: no visible global function definition for ‘lines’
    clusters: no visible global function definition for ‘points’
    dens.gev: no visible global function definition for ‘plot’
    dens.gev: no visible global function definition for ‘rug’
    dens.gev: no visible global function definition for ‘lines’
    dens.pot: no visible global function definition for ‘plot’
    dens.pot: no visible global function definition for ‘rug’
    dens.pot: no visible global function definition for ‘lines’
    exiplot: no visible global function definition for ‘lines’
    exiplot: no visible global function definition for ‘plot’
    hbvalog: no visible global function definition for ‘lines’
    hbvamix: no visible global function definition for ‘lines’
    hbvaneglog: no visible global function definition for ‘lines’
    hbvbilog: no visible global function definition for ‘lines’
    hbvct: no visible global function definition for ‘lines’
    hbvhr: no visible global function definition for ‘lines’
    hbvlog: no visible global function definition for ‘lines’
    hbvnegbilog: no visible global function definition for ‘lines’
    hbvneglog: no visible global function definition for ‘lines’
    mrlplot: no visible global function definition for ‘matplot’
    plot.bvevd: no visible global function definition for ‘dev.interactive’
    plot.bvevd: no visible global function definition for ‘par’
    plot.bvevd: no visible global function definition for ‘plot’
    plot.bvpot: no visible global function definition for ‘dev.interactive’
    plot.bvpot: no visible global function definition for ‘par’
    plot.bvpot: no visible global function definition for ‘plot’
    plot.profile.evd: no visible global function definition for
     ‘dev.interactive’
    plot.profile.evd: no visible global function definition for ‘par’
    plot.profile.evd: no visible global function definition for ‘plot’
    plot.profile.evd: no visible global function definition for ‘abline’
    plot.profile2d.evd: no visible global function definition for
     ‘heat.colors’
    plot.profile2d.evd: no visible global function definition for ‘image’
    plot.profile2d.evd: no visible global function definition for ‘interp’
    plot.uvevd: no visible global function definition for ‘dev.interactive’
    plot.uvevd: no visible global function definition for ‘par’
    pp.gev: no visible global function definition for ‘plot’
    pp.gev: no visible global function definition for ‘abline’
    pp.gev: no visible global function definition for ‘matplot’
    pp.gev: no visible global function definition for ‘par’
    pp.gev: no visible global function definition for ‘segments’
    pp.pot: no visible global function definition for ‘plot’
    pp.pot: no visible global function definition for ‘abline’
    pp.pot: no visible global function definition for ‘matplot’
    pp.pot: no visible global function definition for ‘par’
    pp.pot: no visible global function definition for ‘segments’
    qcbvnonpar: no visible global function definition for ‘par’
    qcbvnonpar: no visible global function definition for ‘lines’
    qq.gev: no visible global function definition for ‘plot’
    qq.gev: no visible global function definition for ‘abline’
    qq.gev: no visible global function definition for ‘matplot’
    qq.gev: no visible global function definition for ‘par’
    qq.gev: no visible global function definition for ‘segments’
    qq.pot: no visible global function definition for ‘plot’
    qq.pot: no visible global function definition for ‘abline’
    qq.pot: no visible global function definition for ‘matplot’
    qq.pot: no visible global function definition for ‘par’
    qq.pot: no visible global function definition for ‘segments’
    rl.gev: no visible global function definition for ‘plot’
    rl.gev: no visible global function definition for ‘lines’
    rl.gev: no visible global function definition for ‘matplot’
    rl.gev: no visible global function definition for ‘par’
    rl.gev: no visible global function definition for ‘segments’
    rl.pot: no visible global function definition for ‘plot’
    rl.pot: no visible global function definition for ‘lines’
    rl.pot: no visible global function definition for ‘matplot’
    rl.pot: no visible global function definition for ‘par’
    rl.pot: no visible global function definition for ‘segments’
    tcplot: no visible global function definition for ‘dev.interactive’
    tcplot: no visible global function definition for ‘par’
    tcplot: no visible global function definition for ‘matplot’
    tcplot: no visible global function definition for ‘lines’
    tcplot: no visible global function definition for ‘segments’
    tvdepfn: no visible global function definition for ‘heat.colors’
    tvdepfn: no visible global function definition for ‘par’
    tvdepfn: no visible global function definition for ‘plot’
    tvdepfn: no visible global function definition for ‘text’
    tvdepfn: no visible global function definition for ‘image’
    tvdepfn: no visible global function definition for ‘polygon’
Flavors: r-devel-linux-x86_64-debian-clang, r-devel-linux-x86_64-debian-gcc, r-devel-linux-x86_64-fedora-clang

Version: 2.3-0
Check: R code for possible problems
Result: NOTE
    plot.profile2d.evd: no visible global function definition for ‘interp’
Flavors: r-devel-linux-x86_64-fedora-gcc, r-devel-osx-x86_64-clang, r-devel-windows-ix86+x86_64, r-patched-linux-x86_64, r-patched-solaris-sparc, r-patched-solaris-x86, r-release-linux-x86_64, r-release-osx-x86_64-mavericks, r-release-windows-ix86+x86_64, r-oldrel-windows-ix86+x86_64