CRAN Package Check Results for Package evd

Last updated on 2014-12-21 18:52:04.

Flavor Version Tinstall Tcheck Ttotal Status Flags
r-devel-linux-x86_64-debian-clang 2.3-0 2.85 50.62 53.48 NOTE
r-devel-linux-x86_64-debian-gcc 2.3-0 3.92 48.08 52.00 NOTE
r-devel-linux-x86_64-fedora-clang 2.3-0 105.49 NOTE
r-devel-linux-x86_64-fedora-gcc 2.3-0 97.98 NOTE
r-devel-osx-x86_64-clang 2.3-0 83.43 NOTE
r-devel-windows-ix86+x86_64 2.3-0 30.00 97.00 127.00 NOTE
r-patched-linux-x86_64 2.3-0 4.21 52.66 56.86 NOTE
r-patched-solaris-sparc 2.3-0 554.90 NOTE
r-patched-solaris-x86 2.3-0 112.60 NOTE
r-release-linux-ix86 2.3-0 4.83 56.90 61.73 NOTE
r-release-linux-x86_64 2.3-0 3.98 51.22 55.21 NOTE
r-release-osx-x86_64-mavericks 2.3-0 OK
r-release-windows-ix86+x86_64 2.3-0 16.00 113.00 129.00 NOTE
r-oldrel-windows-ix86+x86_64 2.3-0 17.00 77.00 94.00 OK

Check Details

Version: 2.3-0
Check: R code for possible problems
Result: NOTE
    plot.profile2d.evd: no visible global function definition for ‘interp’
Flavors: r-devel-linux-x86_64-debian-clang, r-devel-linux-x86_64-debian-gcc, r-devel-linux-x86_64-fedora-clang, r-devel-linux-x86_64-fedora-gcc, r-devel-osx-x86_64-clang, r-devel-windows-ix86+x86_64, r-patched-linux-x86_64, r-patched-solaris-sparc, r-patched-solaris-x86, r-release-linux-ix86, r-release-linux-x86_64, r-release-windows-ix86+x86_64