CRAN Package Check Results for Package evd

Last updated on 2015-03-29 11:51:14.

Flavor Version Tinstall Tcheck Ttotal Status Flags
r-devel-linux-x86_64-debian-clang 2.3-0 2.98 49.02 52.00 NOTE
r-devel-linux-x86_64-debian-gcc 2.3-0 4.36 48.50 52.86 NOTE
r-devel-linux-x86_64-fedora-clang 2.3-0 100.52 NOTE
r-devel-linux-x86_64-fedora-gcc 2.3-0 99.58 NOTE
r-devel-osx-x86_64-clang 2.3-0 87.07 NOTE
r-prerel-windows-ix86+x86_64 2.3-0 23.00 67.00 90.00 NOTE
r-prerel-linux-x86_64 2.3-0 5.87 48.61 54.48 NOTE
r-prerel-solaris-sparc 2.3-0 554.40 NOTE
r-prerel-solaris-x86 2.3-0 104.50 NOTE
r-release-linux-x86_64 2.3-0 3.89 51.76 55.66 NOTE
r-release-osx-x86_64-mavericks 2.3-0 NOTE
r-release-windows-ix86+x86_64 2.3-0 23.00 78.00 101.00 NOTE
r-oldrel-windows-ix86+x86_64 2.3-0 17.00 77.00 94.00 OK

Check Details

Version: 2.3-0
Check: dependencies in R code
Result: NOTE
    'library' or 'require' call to ‘akima’ in package code.
     Please use :: or requireNamespace() instead.
     See section 'Suggested packages' in the 'Writing R Extensions' manual.
Flavors: r-devel-linux-x86_64-debian-clang, r-devel-linux-x86_64-debian-gcc, r-devel-linux-x86_64-fedora-clang, r-devel-linux-x86_64-fedora-gcc, r-devel-osx-x86_64-clang, r-prerel-windows-ix86+x86_64, r-prerel-linux-x86_64, r-prerel-solaris-sparc, r-prerel-solaris-x86, r-release-linux-x86_64, r-release-windows-ix86+x86_64

Version: 2.3-0
Check: R code for possible problems
Result: NOTE
    plot.profile2d.evd: no visible global function definition for ‘interp’
Flavors: r-devel-linux-x86_64-debian-clang, r-devel-linux-x86_64-debian-gcc, r-devel-linux-x86_64-fedora-clang, r-devel-linux-x86_64-fedora-gcc, r-devel-osx-x86_64-clang, r-prerel-windows-ix86+x86_64, r-prerel-linux-x86_64, r-prerel-solaris-sparc, r-prerel-solaris-x86, r-release-linux-x86_64, r-release-osx-x86_64-mavericks, r-release-windows-ix86+x86_64