CRAN Package Check Results for Package evd

Last updated on 2014-10-21 21:46:48.

Flavor Version Tinstall Tcheck Ttotal Status Flags
r-devel-linux-x86_64-debian-clang 2.3-0 3.08 51.00 54.08 NOTE
r-devel-linux-x86_64-debian-gcc 2.3-0 3.89 50.34 54.23 NOTE
r-devel-linux-x86_64-fedora-clang 2.3-0 106.80 NOTE
r-devel-linux-x86_64-fedora-gcc 2.3-0 102.00 NOTE
r-devel-osx-x86_64-clang 2.3-0 82.94 NOTE
r-devel-windows-ix86+x86_64 2.3-0 16.00 68.00 84.00 NOTE
r-patched-linux-x86_64 2.3-0 3.93 52.82 56.75 NOTE
r-patched-solaris-sparc 2.3-0 554.90 NOTE
r-patched-solaris-x86 2.3-0 113.40 NOTE
r-release-linux-ix86 2.3-0 5.25 60.34 65.58 OK
r-release-linux-x86_64 2.3-0 4.01 52.65 56.66 OK
r-release-osx-x86_64-mavericks 2.3-0 OK
r-release-windows-ix86+x86_64 2.3-0 20.00 107.00 127.00 OK
r-oldrel-windows-ix86+x86_64 2.3-0 17.00 77.00 94.00 OK

Check Details

Version: 2.3-0
Check: R code for possible problems
Result: NOTE
    plot.profile2d.evd: no visible global function definition for ‘interp’
Flavors: r-devel-linux-x86_64-debian-clang, r-devel-linux-x86_64-debian-gcc, r-devel-linux-x86_64-fedora-clang, r-devel-linux-x86_64-fedora-gcc, r-devel-osx-x86_64-clang, r-devel-windows-ix86+x86_64, r-patched-linux-x86_64, r-patched-solaris-sparc, r-patched-solaris-x86