CRAN Package Check Results for Package evd

Last updated on 2017-05-24 22:47:07.

Flavor Version Tinstall Tcheck Ttotal Status Flags
r-devel-linux-x86_64-debian-clang 2.3-2 3.57 52.83 56.40 NOTE
r-devel-linux-x86_64-debian-gcc 2.3-2 4.26 52.66 56.93 NOTE
r-devel-linux-x86_64-fedora-clang 2.3-2 105.52 NOTE --no-stop-on-test-error
r-devel-linux-x86_64-fedora-gcc 2.3-2 104.38 NOTE --no-stop-on-test-error
r-devel-windows-ix86+x86_64 2.3-2 16.00 126.00 142.00 OK
r-patched-linux-x86_64 2.3-2 4.03 53.72 57.74 NOTE
r-patched-solaris-sparc 2.3-2 597.50 OK
r-patched-solaris-x86 2.3-2 107.50 OK
r-release-linux-x86_64 2.3-2 4.08 52.23 56.31 NOTE
r-release-windows-ix86+x86_64 2.3-2 16.00 124.00 140.00 OK
r-release-osx-x86_64 2.3-2 OK
r-oldrel-windows-ix86+x86_64 2.3-2 23.00 105.00 128.00 OK
r-oldrel-osx-x86_64 2.3-2 OK

Check Details

Version: 2.3-2
Check: compiled code
Result: NOTE
    File ‘evd/libs/evd.so’:
     Found no calls to: ‘R_registerRoutines’, ‘R_useDynamicSymbols’
    
    It is good practice to register native routines and to disable symbol
    search.
    
    See ‘Writing portable packages’ in the ‘Writing R Extensions’ manual.
Flavors: r-devel-linux-x86_64-debian-clang, r-devel-linux-x86_64-debian-gcc, r-patched-linux-x86_64, r-release-linux-x86_64

Version: 2.3-2
Flags: --no-stop-on-test-error
Check: compiled code
Result: NOTE
    File ‘evd/libs/evd.so’:
     Found no calls to: ‘R_registerRoutines’, ‘R_useDynamicSymbols’
    
    It is good practice to register native routines and to disable symbol
    search.
    
    See ‘Writing portable packages’ in the ‘Writing R Extensions’ manual.
Flavors: r-devel-linux-x86_64-fedora-clang, r-devel-linux-x86_64-fedora-gcc