CRAN Package Check Results for Package evd

Last updated on 2018-02-25 09:50:16 CET.

Flavor Version Tinstall Tcheck Ttotal Status Flags
r-devel-linux-x86_64-debian-clang 2.3-2 14.32 76.75 91.07 NOTE
r-devel-linux-x86_64-debian-gcc 2.3-2 10.94 58.29 69.23 NOTE
r-devel-linux-x86_64-fedora-clang 2.3-2 114.51 NOTE
r-devel-linux-x86_64-fedora-gcc 2.3-2 113.27 NOTE
r-devel-windows-ix86+x86_64 2.3-2 36.00 111.00 147.00 OK
r-patched-linux-x86_64 2.3-2 5.74 85.44 91.18 NOTE
r-patched-solaris-x86 2.3-2 112.80 OK
r-release-linux-x86_64 2.3-2 6.30 84.86 91.16 NOTE
r-release-windows-ix86+x86_64 2.3-2 16.00 120.00 136.00 OK
r-release-osx-x86_64 2.3-2 OK
r-oldrel-windows-ix86+x86_64 2.3-2 16.00 107.00 123.00 OK
r-oldrel-osx-x86_64 2.3-2 OK

Check Details

Version: 2.3-2
Check: compiled code
Result: NOTE
    File ‘evd/libs/evd.so’:
     Found no calls to: ‘R_registerRoutines’, ‘R_useDynamicSymbols’
    
    It is good practice to register native routines and to disable symbol
    search.
    
    See ‘Writing portable packages’ in the ‘Writing R Extensions’ manual.
Flavors: r-devel-linux-x86_64-debian-clang, r-devel-linux-x86_64-debian-gcc, r-devel-linux-x86_64-fedora-clang, r-devel-linux-x86_64-fedora-gcc, r-patched-linux-x86_64, r-release-linux-x86_64