CRAN Package Check Results for Package evdbayes

Last updated on 2015-09-01 10:50:51.

Flavor Version Tinstall Tcheck Ttotal Status Flags
r-devel-linux-x86_64-debian-clang 1.1-1 1.03 14.92 15.95 NOTE
r-devel-linux-x86_64-debian-gcc 1.1-1 1.28 15.52 16.80 NOTE
r-devel-linux-x86_64-fedora-clang 1.1-1 31.22 NOTE
r-devel-linux-x86_64-fedora-gcc 1.1-1 32.01 NOTE
r-devel-osx-x86_64-clang 1.1-1 23.28 OK
r-devel-windows-ix86+x86_64 1.1-1 7.00 49.00 56.00 NOTE
r-patched-linux-x86_64 1.1-1 1.42 15.35 16.77 OK
r-patched-solaris-sparc 1.1-1 182.40 OK
r-patched-solaris-x86 1.1-1 39.40 OK
r-release-linux-x86_64 1.1-1 1.35 15.52 16.86 OK
r-release-osx-x86_64-mavericks 1.1-1 OK
r-release-windows-ix86+x86_64 1.1-1 7.00 32.00 39.00 OK
r-oldrel-windows-ix86+x86_64 1.1-1 10.00 30.00 40.00 OK

Check Details

Version: 1.1-1
Check: R code for possible problems
Result: NOTE
    mposterior: no visible global function definition for ‘optim’
    rl.pred: no visible global function definition for ‘matplot’
    rl.pst: no visible binding for global variable ‘quantile’
    rl.pst: no visible global function definition for ‘matplot’
    Undefined global functions or variables:
     matplot optim quantile
    Consider adding
     importFrom("graphics", "matplot")
     importFrom("stats", "optim", "quantile")
    to your NAMESPACE.
Flavors: r-devel-linux-x86_64-debian-clang, r-devel-linux-x86_64-debian-gcc, r-devel-linux-x86_64-fedora-clang, r-devel-linux-x86_64-fedora-gcc, r-devel-windows-ix86+x86_64