CRAN Package Check Results for Package evdbayes

Last updated on 2017-03-23 03:47:46.

Flavor Version Tinstall Tcheck Ttotal Status Flags
r-devel-linux-x86_64-debian-clang 1.1-1 1.46 17.48 18.94 NOTE
r-devel-linux-x86_64-debian-gcc 1.1-1 1.44 17.31 18.75 NOTE
r-devel-linux-x86_64-fedora-clang 1.1-1 34.17 NOTE --no-stop-on-test-error
r-devel-linux-x86_64-fedora-gcc 1.1-1 33.26 NOTE --no-stop-on-test-error
r-devel-macos-x86_64-clang 1.1-1 24.94 NOTE --no-stop-on-test-error
r-devel-windows-ix86+x86_64 1.1-1 8.00 37.00 45.00 NOTE
r-patched-linux-x86_64 1.1-1 1.35 16.31 17.66 NOTE
r-patched-solaris-sparc 1.1-1 182.80 NOTE
r-patched-solaris-x86 1.1-1 39.90 NOTE
r-release-linux-x86_64 1.1-1 1.40 15.67 17.07 NOTE
r-release-osx-x86_64-mavericks 1.1-1 NOTE
r-release-windows-ix86+x86_64 1.1-1 7.00 36.00 43.00 NOTE
r-oldrel-windows-ix86+x86_64 1.1-1 7.00 35.00 42.00 OK

Check Details

Version: 1.1-1
Check: R code for possible problems
Result: NOTE
    mposterior: no visible global function definition for ‘optim’
    rl.pred: no visible global function definition for ‘matplot’
    rl.pst: no visible binding for global variable ‘quantile’
    rl.pst: no visible global function definition for ‘matplot’
    Undefined global functions or variables:
     matplot optim quantile
    Consider adding
     importFrom("graphics", "matplot")
     importFrom("stats", "optim", "quantile")
    to your NAMESPACE file.
Flavors: r-devel-linux-x86_64-debian-clang, r-devel-linux-x86_64-debian-gcc, r-devel-windows-ix86+x86_64, r-patched-linux-x86_64, r-patched-solaris-sparc, r-patched-solaris-x86, r-release-linux-x86_64, r-release-osx-x86_64-mavericks, r-release-windows-ix86+x86_64

Version: 1.1-1
Check: compiled code
Result: NOTE
    File ‘evdbayes/libs/evdbayes.so’:
     Found no calls to: ‘R_registerRoutines’, ‘R_useDynamicSymbols’
    
    It is good practice to register native routines and to disable symbol
    search.
    
    See ‘Writing portable packages’ in the ‘Writing R Extensions’ manual.
Flavors: r-devel-linux-x86_64-debian-clang, r-devel-linux-x86_64-debian-gcc

Version: 1.1-1
Flags: --no-stop-on-test-error
Check: R code for possible problems
Result: NOTE
    mposterior: no visible global function definition for ‘optim’
    rl.pred: no visible global function definition for ‘matplot’
    rl.pst: no visible binding for global variable ‘quantile’
    rl.pst: no visible global function definition for ‘matplot’
    Undefined global functions or variables:
     matplot optim quantile
    Consider adding
     importFrom("graphics", "matplot")
     importFrom("stats", "optim", "quantile")
    to your NAMESPACE file.
Flavors: r-devel-linux-x86_64-fedora-clang, r-devel-linux-x86_64-fedora-gcc, r-devel-macos-x86_64-clang

Version: 1.1-1
Flags: --no-stop-on-test-error
Check: compiled code
Result: NOTE
    File ‘evdbayes/libs/evdbayes.so’:
     Found no calls to: ‘R_registerRoutines’, ‘R_useDynamicSymbols’
    
    It is good practice to register native routines and to disable symbol
    search.
    
    See ‘Writing portable packages’ in the ‘Writing R Extensions’ manual.
Flavors: r-devel-linux-x86_64-fedora-clang, r-devel-linux-x86_64-fedora-gcc, r-devel-macos-x86_64-clang