CRAN Package Check Results for Package evdbayes

Last updated on 2016-12-06 12:48:00.

Flavor Version Tinstall Tcheck Ttotal Status Flags
r-devel-linux-x86_64-debian-clang 1.1-1 1.41 18.58 19.99 NOTE
r-devel-linux-x86_64-debian-gcc 1.1-1 1.48 18.42 19.90 NOTE
r-devel-linux-x86_64-fedora-clang 1.1-1 35.37 NOTE --no-stop-on-test-error
r-devel-linux-x86_64-fedora-gcc 1.1-1 33.62 NOTE --no-stop-on-test-error
r-devel-macos-x86_64-clang 1.1-1 25.01 NOTE
r-devel-windows-ix86+x86_64 1.1-1 16.00 47.00 63.00 NOTE
r-patched-linux-x86_64 1.1-1 1.46 16.39 17.85 NOTE
r-patched-solaris-sparc 1.1-1 163.90 NOTE
r-patched-solaris-x86 1.1-1 35.00 NOTE
r-release-linux-x86_64 1.1-1 1.39 16.59 17.98 NOTE
r-release-osx-x86_64-mavericks 1.1-1 NOTE
r-release-windows-ix86+x86_64 1.1-1 7.00 36.00 43.00 NOTE
r-oldrel-windows-ix86+x86_64 1.1-1 7.00 35.00 42.00 OK

Check Details

Version: 1.1-1
Check: R code for possible problems
Result: NOTE
    mposterior: no visible global function definition for ‘optim’
    rl.pred: no visible global function definition for ‘matplot’
    rl.pst: no visible binding for global variable ‘quantile’
    rl.pst: no visible global function definition for ‘matplot’
    Undefined global functions or variables:
     matplot optim quantile
    Consider adding
     importFrom("graphics", "matplot")
     importFrom("stats", "optim", "quantile")
    to your NAMESPACE file.
Flavors: r-devel-linux-x86_64-debian-clang, r-devel-linux-x86_64-debian-gcc, r-devel-macos-x86_64-clang, r-devel-windows-ix86+x86_64, r-patched-linux-x86_64, r-patched-solaris-sparc, r-patched-solaris-x86, r-release-linux-x86_64, r-release-osx-x86_64-mavericks, r-release-windows-ix86+x86_64

Version: 1.1-1
Flags: --no-stop-on-test-error
Check: R code for possible problems
Result: NOTE
    mposterior: no visible global function definition for ‘optim’
    rl.pred: no visible global function definition for ‘matplot’
    rl.pst: no visible binding for global variable ‘quantile’
    rl.pst: no visible global function definition for ‘matplot’
    Undefined global functions or variables:
     matplot optim quantile
    Consider adding
     importFrom("graphics", "matplot")
     importFrom("stats", "optim", "quantile")
    to your NAMESPACE file.
Flavors: r-devel-linux-x86_64-fedora-clang, r-devel-linux-x86_64-fedora-gcc