CRAN Package Check Results for Package evdbayes

Last updated on 2016-02-11 21:46:42.

Flavor Version Tinstall Tcheck Ttotal Status Flags
r-devel-linux-x86_64-debian-gcc 1.1-1 1.36 14.70 16.05 NOTE
r-devel-linux-x86_64-fedora-clang 1.1-1 29.26 NOTE
r-devel-linux-x86_64-fedora-gcc 1.1-1 29.87 NOTE
r-devel-osx-x86_64-clang 1.1-1 28.67 NOTE
r-devel-windows-ix86+x86_64 1.1-1 10.00 38.00 48.00 NOTE
r-patched-linux-x86_64 1.1-1 1.47 15.64 17.11 OK
r-patched-solaris-sparc 1.1-1 163.00 OK
r-patched-solaris-x86 1.1-1 35.40 OK
r-release-linux-x86_64 1.1-1 1.44 15.77 17.21 OK
r-release-osx-x86_64-mavericks 1.1-1 OK
r-release-windows-ix86+x86_64 1.1-1 7.00 28.00 35.00 OK
r-oldrel-windows-ix86+x86_64 1.1-1 10.00 30.00 40.00 OK

Check Details

Version: 1.1-1
Check: R code for possible problems
Result: NOTE
    mposterior: no visible global function definition for ‘optim’
    rl.pred: no visible global function definition for ‘matplot’
    rl.pst: no visible binding for global variable ‘quantile’
    rl.pst: no visible global function definition for ‘matplot’
    Undefined global functions or variables:
     matplot optim quantile
    Consider adding
     importFrom("graphics", "matplot")
     importFrom("stats", "optim", "quantile")
    to your NAMESPACE file.
Flavors: r-devel-linux-x86_64-debian-gcc, r-devel-linux-x86_64-fedora-clang, r-devel-linux-x86_64-fedora-gcc, r-devel-osx-x86_64-clang, r-devel-windows-ix86+x86_64