CRAN Package Check Results for Package evdbayes

Last updated on 2016-05-30 13:47:29.

Flavor Version Tinstall Tcheck Ttotal Status Flags
r-devel-linux-x86_64-debian-gcc 1.1-1 1.46 15.81 17.26 NOTE
r-devel-linux-x86_64-fedora-clang 1.1-1 31.91 NOTE
r-devel-linux-x86_64-fedora-gcc 1.1-1 28.66 NOTE
r-devel-osx-x86_64-clang 1.1-1 29.56 NOTE
r-devel-windows-ix86+x86_64 1.1-1 7.00 37.00 44.00 NOTE
r-patched-linux-x86_64 1.1-1 1.41 15.79 17.21 NOTE
r-patched-solaris-sparc 1.1-1 164.30 NOTE
r-patched-solaris-x86 1.1-1 35.70 NOTE
r-release-linux-x86_64 1.1-1 1.44 15.63 17.07 NOTE
r-release-osx-x86_64-mavericks 1.1-1 NOTE
r-release-windows-ix86+x86_64 1.1-1 7.00 44.00 51.00 NOTE
r-oldrel-windows-ix86+x86_64 1.1-1 7.00 28.00 35.00 OK

Check Details

Version: 1.1-1
Check: R code for possible problems
Result: NOTE
    mposterior: no visible global function definition for ‘optim’
    rl.pred: no visible global function definition for ‘matplot’
    rl.pst: no visible binding for global variable ‘quantile’
    rl.pst: no visible global function definition for ‘matplot’
    Undefined global functions or variables:
     matplot optim quantile
    Consider adding
     importFrom("graphics", "matplot")
     importFrom("stats", "optim", "quantile")
    to your NAMESPACE file.
Flavors: r-devel-linux-x86_64-debian-gcc, r-devel-linux-x86_64-fedora-clang, r-devel-linux-x86_64-fedora-gcc, r-devel-osx-x86_64-clang, r-devel-windows-ix86+x86_64, r-patched-linux-x86_64, r-patched-solaris-sparc, r-patched-solaris-x86, r-release-linux-x86_64, r-release-osx-x86_64-mavericks, r-release-windows-ix86+x86_64