CRAN Package Check Results for Package evdbayes

Last updated on 2016-06-30 15:47:53.

Flavor Version Tinstall Tcheck Ttotal Status Flags
r-devel-linux-x86_64-debian-gcc 1.1-1 1.62 17.38 19.00 NOTE
r-devel-linux-x86_64-fedora-clang 1.1-1 29.64 NOTE
r-devel-linux-x86_64-fedora-gcc 1.1-1 28.96 NOTE
r-devel-osx-x86_64-clang 1.1-1 22.42 NOTE
r-devel-windows-ix86+x86_64 1.1-1 6.00 36.00 42.00 NOTE
r-patched-linux-x86_64 1.1-1 1.66 18.90 20.57 NOTE
r-patched-solaris-sparc 1.1-1 163.90 NOTE
r-patched-solaris-x86 1.1-1 35.60 NOTE
r-release-linux-x86_64 1.1-1 1.63 17.11 18.74 NOTE
r-release-osx-x86_64-mavericks 1.1-1 NOTE
r-release-windows-ix86+x86_64 1.1-1 7.00 44.00 51.00 NOTE
r-oldrel-windows-ix86+x86_64 1.1-1 7.00 28.00 35.00 OK

Check Details

Version: 1.1-1
Check: R code for possible problems
Result: NOTE
    mposterior: no visible global function definition for ‘optim’
    rl.pred: no visible global function definition for ‘matplot’
    rl.pst: no visible binding for global variable ‘quantile’
    rl.pst: no visible global function definition for ‘matplot’
    Undefined global functions or variables:
     matplot optim quantile
    Consider adding
     importFrom("graphics", "matplot")
     importFrom("stats", "optim", "quantile")
    to your NAMESPACE file.
Flavors: r-devel-linux-x86_64-debian-gcc, r-devel-linux-x86_64-fedora-clang, r-devel-linux-x86_64-fedora-gcc, r-devel-osx-x86_64-clang, r-devel-windows-ix86+x86_64, r-patched-linux-x86_64, r-patched-solaris-sparc, r-patched-solaris-x86, r-release-linux-x86_64, r-release-osx-x86_64-mavericks, r-release-windows-ix86+x86_64