CRAN Package Check Results for Package evdbayes

Last updated on 2015-07-31 04:47:57.

Flavor Version Tinstall Tcheck Ttotal Status Flags
r-devel-linux-x86_64-debian-clang 1.1-1 1.17 15.49 16.66 NOTE
r-devel-linux-x86_64-debian-gcc 1.1-1 1.77 15.65 17.42 NOTE
r-devel-linux-x86_64-fedora-clang 1.1-1 33.38 NOTE
r-devel-linux-x86_64-fedora-gcc 1.1-1 30.26 NOTE
r-devel-osx-x86_64-clang 1.1-1 24.50 OK
r-devel-windows-ix86+x86_64 1.1-1 8.00 30.00 38.00 NOTE
r-patched-linux-x86_64 1.1-1 1.38 15.80 17.18 OK
r-patched-solaris-sparc 1.1-1 182.40 OK
r-patched-solaris-x86 1.1-1 38.60 OK
r-release-linux-x86_64 1.1-1 1.34 15.29 16.64 OK
r-release-osx-x86_64-mavericks 1.1-1 OK
r-release-windows-ix86+x86_64 1.1-1 7.00 30.00 37.00 OK
r-oldrel-windows-ix86+x86_64 1.1-1 10.00 30.00 40.00 OK

Check Details

Version: 1.1-1
Check: R code for possible problems
Result: NOTE
    mposterior: no visible global function definition for ‘optim’
    rl.pred: no visible global function definition for ‘matplot’
    rl.pst: no visible binding for global variable ‘quantile’
    rl.pst: no visible global function definition for ‘matplot’
    Undefined global functions or variables:
     matplot optim quantile
    Consider adding
     importFrom("graphics", "matplot")
     importFrom("stats", "optim", "quantile")
    to your NAMESPACE.
Flavors: r-devel-linux-x86_64-debian-clang, r-devel-linux-x86_64-debian-gcc, r-devel-linux-x86_64-fedora-clang, r-devel-linux-x86_64-fedora-gcc, r-devel-windows-ix86+x86_64