CRAN Package Check Results for Package events

Last updated on 2019-11-19 16:48:10 CET.

Flavor Version Tinstall Tcheck Ttotal Status Flags
r-devel-linux-x86_64-debian-clang 0.5 2.61 27.63 30.24 NOTE
r-devel-linux-x86_64-debian-gcc 0.5 2.22 22.23 24.45 NOTE
r-devel-linux-x86_64-fedora-clang 0.5 38.62 NOTE
r-devel-linux-x86_64-fedora-gcc 0.5 36.97 NOTE
r-devel-windows-ix86+x86_64 0.5 6.00 44.00 50.00 NOTE
r-devel-windows-ix86+x86_64-gcc8 0.5 10.00 41.00 51.00 NOTE
r-patched-linux-x86_64 0.5 2.42 26.23 28.65 NOTE
r-patched-solaris-x86 0.5 52.60 NOTE
r-release-linux-x86_64 0.5 1.98 25.89 27.87 NOTE
r-release-windows-ix86+x86_64 0.5 5.00 63.00 68.00 NOTE
r-release-osx-x86_64 0.5 NOTE
r-oldrel-windows-ix86+x86_64 0.5 3.00 44.00 47.00 NOTE
r-oldrel-osx-x86_64 0.5 NOTE

Check Details

Version: 0.5
Check: for hidden files and directories
Result: NOTE
    Found the following hidden files and directories:
     .gitignore
    These were most likely included in error. See section 'Package
    structure' in the 'Writing R Extensions' manual.
Flavors: r-devel-linux-x86_64-debian-clang, r-devel-linux-x86_64-debian-gcc, r-devel-linux-x86_64-fedora-clang, r-devel-linux-x86_64-fedora-gcc, r-devel-windows-ix86+x86_64, r-devel-windows-ix86+x86_64-gcc8, r-patched-linux-x86_64, r-patched-solaris-x86, r-release-linux-x86_64, r-release-windows-ix86+x86_64, r-release-osx-x86_64, r-oldrel-windows-ix86+x86_64, r-oldrel-osx-x86_64

Version: 0.5
Check: DESCRIPTION meta-information
Result: NOTE
    Malformed Description field: should contain one or more complete sentences.
Flavors: r-devel-linux-x86_64-debian-clang, r-devel-linux-x86_64-debian-gcc, r-devel-linux-x86_64-fedora-clang, r-devel-linux-x86_64-fedora-gcc, r-devel-windows-ix86+x86_64, r-devel-windows-ix86+x86_64-gcc8, r-patched-linux-x86_64, r-patched-solaris-x86, r-release-linux-x86_64, r-release-windows-ix86+x86_64, r-release-osx-x86_64, r-oldrel-windows-ix86+x86_64, r-oldrel-osx-x86_64

Version: 0.5
Check: top-level files
Result: NOTE
    Non-standard file/directory found at top level:
     'TODO.md'
Flavors: r-devel-linux-x86_64-debian-clang, r-devel-linux-x86_64-debian-gcc, r-devel-linux-x86_64-fedora-clang, r-devel-linux-x86_64-fedora-gcc, r-patched-linux-x86_64, r-release-linux-x86_64

Version: 0.5
Check: R code for possible problems
Result: NOTE
    make_dyads : ff: no visible global function definition for 'aggregate'
    make_scale: no visible global function definition for 'read.csv'
    plot_dyad: no visible global function definition for 'is'
    read_eventdata : read_ed_file: no visible global function definition
     for 'read.csv'
    Undefined global functions or variables:
     aggregate is read.csv
    Consider adding
     importFrom("methods", "is")
     importFrom("stats", "aggregate")
     importFrom("utils", "read.csv")
    to your NAMESPACE file (and ensure that your DESCRIPTION Imports field
    contains 'methods').
Flavors: r-devel-linux-x86_64-debian-clang, r-devel-linux-x86_64-debian-gcc, r-devel-linux-x86_64-fedora-clang, r-devel-linux-x86_64-fedora-gcc, r-devel-windows-ix86+x86_64, r-devel-windows-ix86+x86_64-gcc8, r-patched-linux-x86_64, r-patched-solaris-x86, r-release-linux-x86_64, r-release-windows-ix86+x86_64, r-release-osx-x86_64, r-oldrel-windows-ix86+x86_64, r-oldrel-osx-x86_64