CRAN Package Check Results for Package events

Last updated on 2017-03-23 06:47:59.

Flavor Version Tinstall Tcheck Ttotal Status Flags
r-devel-linux-x86_64-debian-clang 0.5 1.02 14.85 15.87 NOTE
r-devel-linux-x86_64-debian-gcc 0.5 0.98 14.77 15.75 NOTE
r-devel-linux-x86_64-fedora-clang 0.5 28.45 NOTE --no-stop-on-test-error
r-devel-linux-x86_64-fedora-gcc 0.5 27.68 NOTE --no-stop-on-test-error
r-devel-macos-x86_64-clang 0.5 25.18 NOTE --no-stop-on-test-error
r-devel-windows-ix86+x86_64 0.5 4.00 38.00 42.00 NOTE
r-patched-linux-x86_64 0.5 0.78 13.36 14.14 NOTE
r-patched-solaris-sparc 0.5 167.40 NOTE
r-patched-solaris-x86 0.5 38.90 NOTE
r-release-linux-x86_64 0.5 0.81 13.18 13.99 NOTE
r-release-osx-x86_64-mavericks 0.5 NOTE
r-release-windows-ix86+x86_64 0.5 4.00 38.00 42.00 NOTE
r-oldrel-windows-ix86+x86_64 0.5 4.00 36.00 40.00 NOTE

Check Details

Version: 0.5
Check: for hidden files and directories
Result: NOTE
    Found the following hidden files and directories:
     .gitignore
    These were most likely included in error. See section ‘Package
    structure’ in the ‘Writing R Extensions’ manual.
Flavors: r-devel-linux-x86_64-debian-clang, r-devel-linux-x86_64-debian-gcc, r-devel-windows-ix86+x86_64, r-patched-linux-x86_64, r-patched-solaris-sparc, r-patched-solaris-x86, r-release-linux-x86_64, r-release-osx-x86_64-mavericks, r-release-windows-ix86+x86_64, r-oldrel-windows-ix86+x86_64

Version: 0.5
Check: DESCRIPTION meta-information
Result: NOTE
    Malformed Description field: should contain one or more complete sentences.
Flavors: r-devel-linux-x86_64-debian-clang, r-devel-linux-x86_64-debian-gcc, r-devel-windows-ix86+x86_64, r-patched-linux-x86_64, r-patched-solaris-sparc, r-patched-solaris-x86, r-release-linux-x86_64, r-release-osx-x86_64-mavericks, r-release-windows-ix86+x86_64, r-oldrel-windows-ix86+x86_64

Version: 0.5
Check: top-level files
Result: NOTE
    Non-standard file/directory found at top level:
     ‘TODO.md’
Flavors: r-devel-linux-x86_64-debian-clang, r-devel-linux-x86_64-debian-gcc, r-patched-linux-x86_64, r-release-linux-x86_64

Version: 0.5
Check: R code for possible problems
Result: NOTE
    make_dyads : ff: no visible global function definition for ‘aggregate’
    make_scale: no visible global function definition for ‘read.csv’
    plot_dyad: no visible global function definition for ‘is’
    read_eventdata : read_ed_file: no visible global function definition
     for ‘read.csv’
    Undefined global functions or variables:
     aggregate is read.csv
    Consider adding
     importFrom("methods", "is")
     importFrom("stats", "aggregate")
     importFrom("utils", "read.csv")
    to your NAMESPACE file (and ensure that your DESCRIPTION Imports field
    contains 'methods').
Flavors: r-devel-linux-x86_64-debian-clang, r-devel-linux-x86_64-debian-gcc, r-devel-windows-ix86+x86_64, r-patched-linux-x86_64, r-patched-solaris-sparc, r-patched-solaris-x86, r-release-linux-x86_64, r-release-osx-x86_64-mavericks, r-release-windows-ix86+x86_64

Version: 0.5
Flags: --no-stop-on-test-error
Check: for hidden files and directories
Result: NOTE
    Found the following hidden files and directories:
     .gitignore
    These were most likely included in error. See section ‘Package
    structure’ in the ‘Writing R Extensions’ manual.
Flavors: r-devel-linux-x86_64-fedora-clang, r-devel-linux-x86_64-fedora-gcc, r-devel-macos-x86_64-clang

Version: 0.5
Flags: --no-stop-on-test-error
Check: DESCRIPTION meta-information
Result: NOTE
    Malformed Description field: should contain one or more complete sentences.
Flavors: r-devel-linux-x86_64-fedora-clang, r-devel-linux-x86_64-fedora-gcc, r-devel-macos-x86_64-clang

Version: 0.5
Flags: --no-stop-on-test-error
Check: top-level files
Result: NOTE
    Non-standard file/directory found at top level:
     ‘TODO.md’
Flavors: r-devel-linux-x86_64-fedora-clang, r-devel-linux-x86_64-fedora-gcc

Version: 0.5
Flags: --no-stop-on-test-error
Check: R code for possible problems
Result: NOTE
    make_dyads : ff: no visible global function definition for ‘aggregate’
    make_scale: no visible global function definition for ‘read.csv’
    plot_dyad: no visible global function definition for ‘is’
    read_eventdata : read_ed_file: no visible global function definition
     for ‘read.csv’
    Undefined global functions or variables:
     aggregate is read.csv
    Consider adding
     importFrom("methods", "is")
     importFrom("stats", "aggregate")
     importFrom("utils", "read.csv")
    to your NAMESPACE file (and ensure that your DESCRIPTION Imports field
    contains 'methods').
Flavors: r-devel-linux-x86_64-fedora-clang, r-devel-linux-x86_64-fedora-gcc, r-devel-macos-x86_64-clang

Version: 0.5
Check: R code for possible problems
Result: NOTE
    read_eventdata : read_ed_file: warning in read.csv(d, sep = sep, head =
     head, strip.white = TRUE, colClasses = "character"): partial argument
     match of 'head' to 'header'
Flavor: r-oldrel-windows-ix86+x86_64