CRAN Package Check Results for Package events

Last updated on 2015-01-25 09:51:26.

Flavor Version Tinstall Tcheck Ttotal Status Flags
r-devel-linux-x86_64-debian-clang 0.5 0.86 14.72 15.58 NOTE
r-devel-linux-x86_64-debian-gcc 0.5 0.84 14.53 15.37 NOTE
r-devel-linux-x86_64-fedora-clang 0.5 32.61 NOTE
r-devel-linux-x86_64-fedora-gcc 0.5 30.55 NOTE
r-devel-osx-x86_64-clang 0.5 37.37 NOTE
r-devel-windows-ix86+x86_64 0.5 4.00 25.00 29.00 NOTE
r-patched-linux-x86_64 0.5 0.88 14.61 15.49 NOTE
r-patched-solaris-sparc 0.5 176.60 NOTE
r-patched-solaris-x86 0.5 43.90 NOTE
r-release-linux-ix86 0.5 1.20 20.75 21.96 NOTE
r-release-linux-x86_64 0.5 0.86 14.49 15.35 NOTE
r-release-osx-x86_64-mavericks 0.5 NOTE
r-release-windows-ix86+x86_64 0.5 3.00 37.00 40.00 NOTE
r-oldrel-windows-ix86+x86_64 0.5 3.00 22.00 25.00 NOTE

Check Details

Version: 0.5
Check: for hidden files and directories
Result: NOTE
    Found the following hidden files and directories:
     .gitignore
    These were most likely included in error. See section ‘Package
    structure’ in the ‘Writing R Extensions’ manual.
Flavors: r-devel-linux-x86_64-debian-clang, r-devel-linux-x86_64-debian-gcc, r-devel-linux-x86_64-fedora-clang, r-devel-linux-x86_64-fedora-gcc, r-devel-osx-x86_64-clang, r-devel-windows-ix86+x86_64, r-patched-linux-x86_64, r-patched-solaris-sparc, r-patched-solaris-x86, r-release-linux-ix86, r-release-linux-x86_64, r-release-osx-x86_64-mavericks, r-release-windows-ix86+x86_64, r-oldrel-windows-ix86+x86_64

Version: 0.5
Check: top-level files
Result: NOTE
    Non-standard file/directory found at top level:
     ‘TODO.md’
Flavors: r-devel-linux-x86_64-debian-clang, r-devel-linux-x86_64-debian-gcc, r-devel-linux-x86_64-fedora-clang, r-devel-linux-x86_64-fedora-gcc, r-patched-linux-x86_64, r-release-linux-x86_64

Version: 0.5
Check: R code for possible problems
Result: NOTE
    read_eventdata : read_ed_file: warning in read.csv(d, sep = sep, head =
     head, strip.white = TRUE, colClasses = "character"): partial argument
     match of ‘head’ to ‘header’
Flavors: r-devel-linux-x86_64-debian-clang, r-devel-linux-x86_64-debian-gcc, r-devel-linux-x86_64-fedora-clang, r-devel-linux-x86_64-fedora-gcc, r-devel-osx-x86_64-clang, r-devel-windows-ix86+x86_64, r-patched-linux-x86_64, r-patched-solaris-sparc, r-patched-solaris-x86, r-release-linux-ix86, r-release-linux-x86_64, r-release-osx-x86_64-mavericks, r-release-windows-ix86+x86_64, r-oldrel-windows-ix86+x86_64

Version: 0.5
Check: re-building of vignette outputs
Result: NOTE
    Error in re-building vignettes:
     ...
    Warning: running command '"D:\compiler\texmf\miktex\bin\texi2dvi.exe" --quiet --pdf "events.tex" --max-iterations=20 -I "D:/RCompile/recent/R/share/texmf/tex/latex" -I "D:/RCompile/recent/R/share/texmf/bibtex/bst"' had status 1
    Error: running 'texi2dvi' on 'events.tex' failed
    
    LaTeX errors:
    ! LaTeX Error: File `inconsolata.sty' not found.
    
    Type X to quit or <RETURN> to proceed,
    or enter new name. (Default extension: sty)
    
    Execution halted
Flavor: r-devel-windows-ix86+x86_64

Version: 0.5
Check: re-building of vignette outputs
Result: NOTE
    Error in re-building vignettes:
     ...
    Warning: running command '"D:\compiler\texmf\miktex\bin\texi2dvi.exe" --quiet --pdf "events.tex" --max-iterations=20 -I "D:/RCompile/recent/R-3.1.2/share/texmf/tex/latex" -I "D:/RCompile/recent/R-3.1.2/share/texmf/bibtex/bst"' had status 1
    Error: running 'texi2dvi' on 'events.tex' failed
    
    LaTeX errors:
    ! LaTeX Error: File `inconsolata.sty' not found.
    
    Type X to quit or <RETURN> to proceed,
    or enter new name. (Default extension: sty)
    
    Execution halted
Flavor: r-release-windows-ix86+x86_64

Version: 0.5
Check: re-building of vignette outputs
Result: NOTE
    Error in re-building vignettes:
     ...
    Warning: running command '"D:\compiler\texmf\miktex\bin\texi2dvi.exe" --quiet --pdf "events.tex" -I "D:/RCompile/recent/R-3.0.3/share/texmf/tex/latex" -I "D:/RCompile/recent/R-3.0.3/share/texmf/bibtex/bst"' had status 1
    Error: running 'texi2dvi' on 'events.tex' failed
    
    LaTeX errors:
    ! LaTeX Error: File `inconsolata.sty' not found.
    
    Type X to quit or <RETURN> to proceed,
    or enter new name. (Default extension: sty)
    
    Execution halted
Flavor: r-oldrel-windows-ix86+x86_64