CRAN Package Check Results for Package eventstudies

Last updated on 2014-04-24 23:48:02.

Flavor Version Tinstall Tcheck Ttotal Status Flags
r-devel-linux-x86_64-debian-clang 1.1 1.04 62.02 63.06 NOTE
r-devel-linux-x86_64-debian-gcc 1.1 1.04 61.69 62.73 NOTE
r-devel-linux-x86_64-fedora-clang 1.1 125.81 NOTE
r-devel-linux-x86_64-fedora-gcc 1.1 124.71 NOTE
r-devel-osx-x86_64-clang 1.1 109.77 NOTE
r-devel-osx-x86_64-gcc 1.1 ERROR
r-devel-windows-ix86+x86_64 1.1 4.00 99.00 103.00 NOTE
r-patched-linux-x86_64 1.1 1.02 65.54 66.56 NOTE
r-patched-solaris-sparc 1.1 677.40 NOTE
r-patched-solaris-x86 1.1 187.10 NOTE
r-release-linux-ix86 1.1 2.00 125.00 127.00 NOTE
r-release-linux-x86_64 1.1 1.16 60.78 61.94 NOTE
r-release-osx-x86_64-mavericks 1.1 WARN
r-release-windows-ix86+x86_64 1.1 4.00 98.00 102.00 NOTE
r-oldrel-windows-ix86+x86_64 1.1 4.00 102.00 106.00 NOTE

Check Details

Version: 1.1
Check: dependencies in R code
Result: NOTE
    Packages in Depends field not imported from:
     ‘boot’ ‘xts’ ‘zoo’
     These packages need to be imported from (in the NAMESPACE file)
     for when this namespace is loaded but not attached.
    See the information on DESCRIPTION files in the chapter ‘Creating R
    packages’ of the ‘Writing R Extensions’ manual.
Flavors: r-devel-linux-x86_64-debian-clang, r-devel-linux-x86_64-debian-gcc, r-devel-linux-x86_64-fedora-clang, r-devel-linux-x86_64-fedora-gcc, r-devel-osx-x86_64-clang, r-devel-windows-ix86+x86_64, r-patched-linux-x86_64, r-patched-solaris-sparc, r-patched-solaris-x86, r-release-linux-ix86, r-release-linux-x86_64, r-release-osx-x86_64-mavericks, r-release-windows-ix86+x86_64, r-oldrel-windows-ix86+x86_64

Version: 1.1
Check: Rd line widths
Result: NOTE
    Rd file 'eesPlot.Rd':
     \examples lines wider than 100 characters:
     eesPlot(z=eesData, response.series.name="nifty", event.series.name="sp500",titlestring="S&P500", ylab="(Cum.) change in NIFTY")
    
    These lines will be truncated in the PDF manual.
Flavors: r-devel-linux-x86_64-fedora-clang, r-devel-linux-x86_64-fedora-gcc

Version: 1.1
Check: package dependencies
Result: ERROR
    Packages required but not available: ‘zoo’ ‘xts’
    
    See the information on DESCRIPTION files in the chapter ‘Creating R
    packages’ of the ‘Writing R Extensions’ manual.
Flavor: r-devel-osx-x86_64-gcc

Version: 1.1
Check: re-building of vignette outputs
Result: NOTE
    Error in re-building vignettes:
     ...
     Name partially matched in data frame
    Warning in `$.data.frame`(obj, both.tail) :
     Name partially matched in data frame
    Warning in `$.data.frame`(obj, both.tail) :
     Name partially matched in data frame
    Warning in `$.data.frame`(obj, both.tail) :
     Name partially matched in data frame
    Warning in `$.data.frame`(obj, both.tail) :
     Name partially matched in data frame
    Warning in `$.data.frame`(obj, both.tail) :
     Name partially matched in data frame
    Warning in `$.data.frame`(obj, both.tail) :
     Name partially matched in data frame
    Error in texi2dvi(file = file, pdf = TRUE, clean = clean, quiet = quiet, :
     Running 'texi2dvi' on 'ees.tex' failed.
    LaTeX errors:
    ! LaTeX Error: File `a4wide.sty' not found.
    
    Type X to quit or <RETURN> to proceed,
    or enter new name. (Default extension: sty)
    
    /vign_test/eventstudies/vignettes/ees.tex:5: ==> Fatal error occurred, no outp
    ut PDF file produced!
    Calls: buildVignettes -> texi2pdf -> texi2dvi
    Execution halted
Flavor: r-release-osx-x86_64-mavericks

Version: 1.1
Check: PDF version of manual
Result: WARNING
    LaTeX errors when creating PDF version.
    This typically indicates Rd problems.
    LaTeX errors found:
    ! LaTeX Error: File `upquote.sty' not found.
    
    Type X to quit or <RETURN> to proceed,
    or enter new name. (Default extension: sty)
    
    4ecd18a/Rd2.tex:8: ==> Fatal error occurred, no output PDF file produced!
Flavor: r-release-osx-x86_64-mavericks