CRAN Package Check Results for Package eventstudies

Last updated on 2015-07-30 17:47:09.

Flavor Version Tinstall Tcheck Ttotal Status Flags
r-devel-linux-x86_64-debian-clang 1.1 0.89 52.21 53.10 NOTE
r-devel-linux-x86_64-debian-gcc 1.1 1.04 52.03 53.08 NOTE
r-devel-linux-x86_64-fedora-clang 1.1 111.06 NOTE
r-devel-linux-x86_64-fedora-gcc 1.1 103.72 NOTE
r-devel-osx-x86_64-clang 1.1 93.95 NOTE
r-devel-windows-ix86+x86_64 1.1 6.00 100.00 106.00 NOTE
r-patched-linux-x86_64 1.1 1.22 58.51 59.73 NOTE
r-patched-solaris-sparc 1.1 666.40 NOTE
r-patched-solaris-x86 1.1 177.40 NOTE
r-release-linux-x86_64 1.1 0.89 56.76 57.64 NOTE
r-release-osx-x86_64-mavericks 1.1 NOTE
r-release-windows-ix86+x86_64 1.1 5.00 96.00 101.00 NOTE
r-oldrel-windows-ix86+x86_64 1.1 7.00 99.00 106.00 NOTE

Check Details

Version: 1.1
Check: DESCRIPTION meta-information
Result: NOTE
    Malformed Description field: should contain one or more complete sentences.
Flavors: r-devel-linux-x86_64-debian-clang, r-devel-linux-x86_64-debian-gcc, r-devel-linux-x86_64-fedora-clang, r-devel-linux-x86_64-fedora-gcc, r-devel-osx-x86_64-clang, r-devel-windows-ix86+x86_64, r-patched-linux-x86_64, r-patched-solaris-sparc, r-patched-solaris-x86, r-release-linux-x86_64, r-release-osx-x86_64-mavericks, r-release-windows-ix86+x86_64

Version: 1.1
Check: dependencies in R code
Result: NOTE
    Packages in Depends field not imported from:
     ‘boot’ ‘xts’ ‘zoo’
     These packages need to be imported from (in the NAMESPACE file)
     for when this namespace is loaded but not attached.
Flavors: r-devel-linux-x86_64-debian-clang, r-devel-linux-x86_64-debian-gcc, r-devel-linux-x86_64-fedora-clang, r-devel-linux-x86_64-fedora-gcc, r-devel-osx-x86_64-clang, r-devel-windows-ix86+x86_64, r-patched-linux-x86_64, r-patched-solaris-sparc, r-patched-solaris-x86, r-release-linux-x86_64, r-release-osx-x86_64-mavericks, r-release-windows-ix86+x86_64, r-oldrel-windows-ix86+x86_64

Version: 1.1
Check: R code for possible problems
Result: NOTE
    corecomp: no visible global function definition for ‘window’
    deprintize : <anonymous>: no visible global function definition for
     ‘capture.output’
    ees: no visible global function definition for ‘zoo’
    eesPlot: no visible global function definition for ‘index’
    gen.data: no visible global function definition for ‘index’
    gen.data: no visible global function definition for ‘coredata’
    gen.data: no visible global function definition for ‘quantile’
    gen.data: no visible global function definition for ‘complete.cases’
    get.clusters.formatted: no visible global function definition for ‘xts’
    get.clusters.formatted: no visible global function definition for ‘zoo’
    inference.Ecar: no visible global function definition for ‘boot’
    inference.Ecar: no visible global function definition for ‘quantile’
    inference.change.boot: no visible global function definition for ‘boot’
    inference.change.boot: no visible global function definition for
     ‘boot.ci’
    phys2eventtime : timeshift: no visible global function definition for
     ‘index’
    phys2eventtime : timeshift: no visible global function definition for
     ‘zoo’
    phys2eventtime: no visible global function definition for ‘zoo’
    phys2eventtime: no visible global function definition for ‘na.locf’
    phys2eventtime: no visible global function definition for ‘window’
    plot.es.graph.both: no visible global function definition for ‘par’
    plot.es.graph.both: no visible global function definition for ‘plot’
    plot.es.graph.both: no visible global function definition for ‘lines’
    plot.es.graph.both: no visible global function definition for ‘points’
    plot.es.graph.both: no visible global function definition for ‘abline’
    plot.es.graph.both: no visible global function definition for ‘legend’
    plotInference: no visible global function definition for ‘plot’
    plotInference: no visible global function definition for ‘points’
    plotInference: no visible global function definition for ‘lines’
    plotInference: no visible global function definition for ‘abline’
    quantile.extreme.values: no visible global function definition for
     ‘quantile’
    remap.event.reindex: no visible global function definition for ‘window’
    sumstat: no visible global function definition for ‘xts’
    sumstat : <anonymous>: no visible global function definition for
     ‘quantile’
    sumstat : <anonymous>: no visible global function definition for
     ‘median’
    sumstat : <anonymous>: no visible global function definition for ‘sd’
    sumstat : <anonymous>: no visible global function definition for ‘IQR’
    yearly.exevent.summary: no visible global function definition for
     ‘apply.yearly’
    yearly.exevent.summary: no visible global function definition for ‘xts’
    yearly.exevent.summary : <anonymous>: no visible global function
     definition for ‘median’
    yearly.exevent.summary: no visible global function definition for
     ‘index<-’
    yearly.exevent.summary: no visible global function definition for
     ‘as.yearmon’
    yearly.exevent.summary: no visible global function definition for
     ‘index’
    Undefined global functions or variables:
     IQR abline apply.yearly as.yearmon boot boot.ci capture.output
     complete.cases coredata index index<- legend lines median na.locf par
     plot points quantile sd window xts zoo
    Consider adding
     importFrom("graphics", "abline", "legend", "lines", "par", "plot",
     "points")
     importFrom("stats", "IQR", "complete.cases", "median", "quantile",
     "sd", "window")
     importFrom("utils", "capture.output")
    to your NAMESPACE.
Flavors: r-devel-linux-x86_64-debian-clang, r-devel-linux-x86_64-debian-gcc, r-devel-linux-x86_64-fedora-clang, r-devel-linux-x86_64-fedora-gcc, r-devel-windows-ix86+x86_64

Version: 1.1
Check: Rd line widths
Result: NOTE
    Rd file 'eesPlot.Rd':
     \examples lines wider than 100 characters:
     eesPlot(z=eesData, response.series.name="nifty", event.series.name="sp500",titlestring="S&P500", ylab="(Cum.) change in NIFTY")
    
    These lines will be truncated in the PDF manual.
Flavors: r-devel-linux-x86_64-debian-clang, r-devel-linux-x86_64-debian-gcc, r-devel-linux-x86_64-fedora-clang, r-devel-linux-x86_64-fedora-gcc, r-patched-linux-x86_64, r-release-linux-x86_64

Version: 1.1
Check: R code for possible problems
Result: NOTE
    ees: no visible global function definition for ‘zoo’
    eesPlot: no visible global function definition for ‘index’
    gen.data: no visible global function definition for ‘index’
    gen.data: no visible global function definition for ‘coredata’
    get.clusters.formatted: no visible global function definition for ‘xts’
    get.clusters.formatted: no visible global function definition for ‘zoo’
    inference.Ecar: no visible global function definition for ‘boot’
    inference.change.boot: no visible global function definition for ‘boot’
    inference.change.boot: no visible global function definition for
     ‘boot.ci’
    phys2eventtime : timeshift: no visible global function definition for
     ‘index’
    phys2eventtime : timeshift: no visible global function definition for
     ‘zoo’
    phys2eventtime: no visible global function definition for ‘zoo’
    phys2eventtime: no visible global function definition for ‘na.locf’
    sumstat: no visible global function definition for ‘xts’
    yearly.exevent.summary: no visible global function definition for
     ‘apply.yearly’
    yearly.exevent.summary: no visible global function definition for ‘xts’
    yearly.exevent.summary: no visible global function definition for
     ‘index<-’
    yearly.exevent.summary: no visible global function definition for
     ‘as.yearmon’
    yearly.exevent.summary: no visible global function definition for
     ‘index’
    Undefined global functions or variables:
     apply.yearly as.yearmon boot boot.ci coredata index index<- na.locf
     xts zoo
Flavor: r-devel-osx-x86_64-clang

Version: 1.1
Check: R code for possible problems
Result: NOTE
    ees: no visible global function definition for ‘zoo’
    eesPlot: no visible global function definition for ‘index’
    gen.data: no visible global function definition for ‘index’
    gen.data: no visible global function definition for ‘coredata’
    get.clusters.formatted: no visible global function definition for ‘xts’
    get.clusters.formatted: no visible global function definition for ‘zoo’
    inference.Ecar: no visible global function definition for ‘boot’
    inference.change.boot: no visible global function definition for ‘boot’
    inference.change.boot: no visible global function definition for
     ‘boot.ci’
    phys2eventtime : timeshift: no visible global function definition for
     ‘index’
    phys2eventtime : timeshift: no visible global function definition for
     ‘zoo’
    phys2eventtime: no visible global function definition for ‘zoo’
    phys2eventtime: no visible global function definition for ‘na.locf’
    sumstat: no visible global function definition for ‘xts’
    yearly.exevent.summary: no visible global function definition for
     ‘apply.yearly’
    yearly.exevent.summary: no visible global function definition for ‘xts’
    yearly.exevent.summary: no visible global function definition for
     ‘index<-’
    yearly.exevent.summary: no visible global function definition for
     ‘as.yearmon’
    yearly.exevent.summary: no visible global function definition for
     ‘index’
Flavors: r-patched-linux-x86_64, r-patched-solaris-sparc, r-patched-solaris-x86, r-release-linux-x86_64, r-release-osx-x86_64-mavericks, r-release-windows-ix86+x86_64, r-oldrel-windows-ix86+x86_64