CRAN Package Check Results for Package eventstudies

Last updated on 2017-12-13 20:48:30 CET.

Flavor Version Tinstall Tcheck Ttotal Status Flags
r-devel-linux-x86_64-debian-clang 1.2 1.63 67.54 69.17 OK
r-devel-linux-x86_64-debian-gcc 1.2 1.78 53.91 55.69 OK
r-devel-linux-x86_64-fedora-clang 1.2 78.37 OK
r-devel-linux-x86_64-fedora-gcc 1.2 78.71 OK
r-devel-windows-ix86+x86_64 1.2 8.00 120.00 128.00 OK
r-patched-linux-x86_64 1.2 1.60 68.87 70.47 OK
r-patched-solaris-x86 1.2 106.00 OK
r-release-linux-x86_64 1.2 1.49 70.67 72.16 OK
r-release-windows-ix86+x86_64 1.2 5.00 88.00 93.00 OK
r-release-osx-x86_64 1.2 NOTE
r-oldrel-windows-ix86+x86_64 1.1 4.00 116.00 120.00 NOTE
r-oldrel-osx-x86_64 1.2 ERROR

Check Details

Version: 1.2
Check: re-building of vignette outputs
Result: NOTE
    Error in re-building vignettes:
     ...
    Warning: running command 'kpsewhich framed.sty' had status 1
    Warning in test_latex_pkg("framed", system.file("misc", "framed.sty", package = "knitr")) :
     unable to find LaTeX package 'framed'; will use a copy from knitr
    Error in texi2dvi(file = file, pdf = TRUE, clean = clean, quiet = quiet, :
     Running 'texi2dvi' on 'replications.tex' failed.
    LaTeX errors:
    ! LaTeX Error: File `a4wide.sty' not found.
    
    Type X to quit or <RETURN> to proceed,
    or enter new name. (Default extension: sty)
    
    ! Emergency stop.
    <read *>
    
    l.55 \usepackage
     [colorlinks,linkcolor=blue,citecolor=red]{hyperref}^^M
    ! ==> Fatal error occurred, no output PDF file produced!
    Calls: buildVignettes -> texi2pdf -> texi2dvi
    Execution halted
Flavor: r-release-osx-x86_64

Version: 1.1
Check: DESCRIPTION meta-information
Result: NOTE
    Malformed Description field: should contain one or more complete sentences.
Flavor: r-oldrel-windows-ix86+x86_64

Version: 1.1
Check: dependencies in R code
Result: NOTE
    Packages in Depends field not imported from:
     'boot' 'xts' 'zoo'
     These packages need to be imported from (in the NAMESPACE file)
     for when this namespace is loaded but not attached.
Flavor: r-oldrel-windows-ix86+x86_64

Version: 1.1
Check: R code for possible problems
Result: NOTE
    corecomp: no visible global function definition for 'window'
    deprintize : <anonymous>: no visible global function definition for
     'capture.output'
    ees: no visible global function definition for 'zoo'
    eesPlot: no visible global function definition for 'index'
    gen.data: no visible global function definition for 'index'
    gen.data: no visible global function definition for 'coredata'
    gen.data: no visible global function definition for 'quantile'
    gen.data: no visible global function definition for 'complete.cases'
    get.clusters.formatted: no visible global function definition for 'xts'
    get.clusters.formatted: no visible global function definition for 'zoo'
    inference.Ecar: no visible global function definition for 'boot'
    inference.Ecar: no visible global function definition for 'quantile'
    inference.change.boot: no visible global function definition for 'boot'
    inference.change.boot: no visible global function definition for
     'boot.ci'
    phys2eventtime : timeshift: no visible global function definition for
     'index'
    phys2eventtime : timeshift: no visible global function definition for
     'zoo'
    phys2eventtime: no visible global function definition for 'zoo'
    phys2eventtime: no visible global function definition for 'na.locf'
    phys2eventtime: no visible global function definition for 'window'
    plot.es.graph.both: no visible global function definition for 'par'
    plot.es.graph.both: no visible global function definition for 'plot'
    plot.es.graph.both: no visible global function definition for 'lines'
    plot.es.graph.both: no visible global function definition for 'points'
    plot.es.graph.both: no visible global function definition for 'abline'
    plot.es.graph.both: no visible global function definition for 'legend'
    plotInference: no visible global function definition for 'plot'
    plotInference: no visible global function definition for 'points'
    plotInference: no visible global function definition for 'lines'
    plotInference: no visible global function definition for 'abline'
    quantile.extreme.values: no visible global function definition for
     'quantile'
    remap.event.reindex: no visible global function definition for 'window'
    sumstat: no visible global function definition for 'xts'
    sumstat : <anonymous>: no visible global function definition for
     'quantile'
    sumstat : <anonymous>: no visible global function definition for
     'median'
    sumstat : <anonymous>: no visible global function definition for 'sd'
    sumstat : <anonymous>: no visible global function definition for 'IQR'
    yearly.exevent.summary: no visible global function definition for
     'apply.yearly'
    yearly.exevent.summary: no visible global function definition for 'xts'
    yearly.exevent.summary : <anonymous>: no visible global function
     definition for 'median'
    yearly.exevent.summary: no visible global function definition for
     'index<-'
    yearly.exevent.summary: no visible global function definition for
     'as.yearmon'
    yearly.exevent.summary: no visible global function definition for
     'index'
    Undefined global functions or variables:
     IQR abline apply.yearly as.yearmon boot boot.ci capture.output
     complete.cases coredata index index<- legend lines median na.locf par
     plot points quantile sd window xts zoo
    Consider adding
     importFrom("graphics", "abline", "legend", "lines", "par", "plot",
     "points")
     importFrom("stats", "IQR", "complete.cases", "median", "quantile",
     "sd", "window")
     importFrom("utils", "capture.output")
    to your NAMESPACE file.
Flavor: r-oldrel-windows-ix86+x86_64

Version: 1.2
Check: whether package can be installed
Result: ERROR
    Installation failed.
Flavor: r-oldrel-osx-x86_64