CRAN Package Check Results for Package eventstudies

Last updated on 2014-10-31 06:47:17.

Flavor Version Tinstall Tcheck Ttotal Status Flags
r-devel-linux-x86_64-debian-clang 1.1 1.11 60.16 61.27 NOTE
r-devel-linux-x86_64-debian-gcc 1.1 0.95 59.97 60.92 NOTE
r-devel-linux-x86_64-fedora-clang 1.1 126.86 NOTE
r-devel-linux-x86_64-fedora-gcc 1.1 126.59 NOTE
r-devel-osx-x86_64-clang 1.1 117.47 NOTE
r-devel-windows-ix86+x86_64 1.1 4.00 94.00 98.00 NOTE
r-patched-linux-x86_64 1.1 1.00 61.31 62.31 NOTE
r-patched-solaris-sparc 1.1 677.10 NOTE
r-patched-solaris-x86 1.1 190.40 NOTE
r-release-linux-ix86 1.1 1.44 84.82 86.26 NOTE
r-release-linux-x86_64 1.1 1.01 62.87 63.88 NOTE
r-release-osx-x86_64-mavericks 1.1 NOTE
r-release-windows-ix86+x86_64 1.1 4.00 96.00 100.00 NOTE
r-oldrel-windows-ix86+x86_64 1.1 4.00 101.00 105.00 NOTE

Check Details

Version: 1.1
Check: dependencies in R code
Result: NOTE
    Packages in Depends field not imported from:
     ‘boot’ ‘xts’ ‘zoo’
     These packages need to be imported from (in the NAMESPACE file)
     for when this namespace is loaded but not attached.
    See the information on DESCRIPTION files in the chapter ‘Creating R
    packages’ of the ‘Writing R Extensions’ manual.
Flavors: r-devel-linux-x86_64-debian-clang, r-devel-linux-x86_64-debian-gcc, r-devel-linux-x86_64-fedora-clang, r-devel-linux-x86_64-fedora-gcc, r-devel-osx-x86_64-clang, r-devel-windows-ix86+x86_64, r-patched-linux-x86_64, r-patched-solaris-sparc, r-patched-solaris-x86, r-release-linux-ix86, r-release-linux-x86_64, r-release-osx-x86_64-mavericks, r-release-windows-ix86+x86_64, r-oldrel-windows-ix86+x86_64

Version: 1.1
Check: R code for possible problems
Result: NOTE
    ees: no visible global function definition for ‘zoo’
    eesPlot: no visible global function definition for ‘index’
    gen.data: no visible global function definition for ‘index’
    gen.data: no visible global function definition for ‘coredata’
    get.clusters.formatted: no visible global function definition for ‘xts’
    get.clusters.formatted: no visible global function definition for ‘zoo’
    inference.Ecar: no visible global function definition for ‘boot’
    inference.change.boot: no visible global function definition for ‘boot’
    inference.change.boot: no visible global function definition for
     ‘boot.ci’
    phys2eventtime : timeshift: no visible global function definition for
     ‘index’
    phys2eventtime : timeshift: no visible global function definition for
     ‘zoo’
    phys2eventtime: no visible global function definition for ‘zoo’
    phys2eventtime: no visible global function definition for ‘na.locf’
    sumstat: no visible global function definition for ‘xts’
    yearly.exevent.summary: no visible global function definition for
     ‘apply.yearly’
    yearly.exevent.summary: no visible global function definition for ‘xts’
    yearly.exevent.summary: no visible global function definition for
     ‘index<-’
    yearly.exevent.summary: no visible global function definition for
     ‘as.yearmon’
    yearly.exevent.summary: no visible global function definition for
     ‘index’
Flavors: r-devel-linux-x86_64-debian-clang, r-devel-linux-x86_64-debian-gcc, r-devel-linux-x86_64-fedora-clang, r-devel-linux-x86_64-fedora-gcc, r-devel-osx-x86_64-clang, r-devel-windows-ix86+x86_64, r-patched-linux-x86_64, r-patched-solaris-sparc, r-patched-solaris-x86

Version: 1.1
Check: Rd line widths
Result: NOTE
    Rd file 'eesPlot.Rd':
     \examples lines wider than 100 characters:
     eesPlot(z=eesData, response.series.name="nifty", event.series.name="sp500",titlestring="S&P500", ylab="(Cum.) change in NIFTY")
    
    These lines will be truncated in the PDF manual.
Flavors: r-devel-linux-x86_64-debian-clang, r-devel-linux-x86_64-debian-gcc, r-devel-linux-x86_64-fedora-clang, r-devel-linux-x86_64-fedora-gcc, r-patched-linux-x86_64, r-release-linux-x86_64

Version: 1.1
Check: re-building of vignette outputs
Result: NOTE
    Error in re-building vignettes:
     ...
     Name partially matched in data frame
    Warning in `$.data.frame`(obj, both.tail) :
     Name partially matched in data frame
    Warning in `$.data.frame`(obj, both.tail) :
     Name partially matched in data frame
    Warning in `$.data.frame`(obj, both.tail) :
     Name partially matched in data frame
    Warning in `$.data.frame`(obj, both.tail) :
     Name partially matched in data frame
    Warning in `$.data.frame`(obj, both.tail) :
     Name partially matched in data frame
    Warning in `$.data.frame`(obj, both.tail) :
     Name partially matched in data frame
    Error in texi2dvi(file = file, pdf = TRUE, clean = clean, quiet = quiet, :
     Running 'texi2dvi' on 'ees.tex' failed.
    LaTeX errors:
    ! LaTeX Error: File `a4wide.sty' not found.
    
    Type X to quit or <RETURN> to proceed,
    or enter new name. (Default extension: sty)
    
    /vign_test/eventstudies/vignettes/ees.tex:5: ==> Fatal error occurred, no outp
    ut PDF file produced!
    Calls: buildVignettes -> texi2pdf -> texi2dvi
    Execution halted
Flavor: r-release-osx-x86_64-mavericks