CRAN Package Check Results for Package eventstudies

Last updated on 2014-08-02 07:50:19.

Flavor Version Tinstall Tcheck Ttotal Status Flags
r-devel-linux-x86_64-debian-clang 1.1 1.06 58.42 59.47 NOTE
r-devel-linux-x86_64-debian-gcc 1.1 0.96 60.28 61.23 NOTE
r-devel-linux-x86_64-fedora-clang 1.1 133.03 NOTE
r-devel-linux-x86_64-fedora-gcc 1.1 124.94 NOTE
r-devel-osx-x86_64-clang 1.1 117.51 NOTE
r-devel-windows-ix86+x86_64 1.1 4.00 99.00 103.00 NOTE
r-patched-linux-x86_64 1.1 0.96 58.50 59.46 NOTE
r-patched-solaris-sparc 1.1 680.90 NOTE
r-patched-solaris-x86 1.1 187.60 NOTE
r-release-linux-ix86 1.1 1.35 82.10 83.45 NOTE
r-release-linux-x86_64 1.1 1.00 61.44 62.44 NOTE
r-release-osx-x86_64-mavericks 1.1 NOTE
r-release-windows-ix86+x86_64 1.1 4.00 101.00 105.00 NOTE
r-oldrel-windows-ix86+x86_64 1.1 6.00 138.00 144.00 NOTE

Check Details

Version: 1.1
Check: dependencies in R code
Result: NOTE
    Packages in Depends field not imported from:
     boot xts zoo
     These packages need to be imported from (in the NAMESPACE file)
     for when this namespace is loaded but not attached.
    See the information on DESCRIPTION files in the chapter Creating R
    packages of the Writing R Extensions manual.
Flavors: r-devel-linux-x86_64-debian-clang, r-devel-linux-x86_64-debian-gcc, r-devel-linux-x86_64-fedora-clang, r-devel-linux-x86_64-fedora-gcc, r-devel-osx-x86_64-clang, r-devel-windows-ix86+x86_64, r-patched-linux-x86_64, r-patched-solaris-sparc, r-patched-solaris-x86, r-release-linux-ix86, r-release-linux-x86_64, r-release-osx-x86_64-mavericks, r-release-windows-ix86+x86_64, r-oldrel-windows-ix86+x86_64

Version: 1.1
Check: Rd line widths
Result: NOTE
    Rd file 'eesPlot.Rd':
     \examples lines wider than 100 characters:
     eesPlot(z=eesData, response.series.name="nifty", event.series.name="sp500",titlestring="S&P500", ylab="(Cum.) change in NIFTY")
    
    These lines will be truncated in the PDF manual.
Flavors: r-devel-linux-x86_64-fedora-clang, r-devel-linux-x86_64-fedora-gcc

Version: 1.1
Check: re-building of vignette outputs
Result: NOTE
    Error in re-building vignettes:
     ...
     Name partially matched in data frame
    Warning in `$.data.frame`(obj, both.tail) :
     Name partially matched in data frame
    Warning in `$.data.frame`(obj, both.tail) :
     Name partially matched in data frame
    Warning in `$.data.frame`(obj, both.tail) :
     Name partially matched in data frame
    Warning in `$.data.frame`(obj, both.tail) :
     Name partially matched in data frame
    Warning in `$.data.frame`(obj, both.tail) :
     Name partially matched in data frame
    Warning in `$.data.frame`(obj, both.tail) :
     Name partially matched in data frame
    Error in texi2dvi(file = file, pdf = TRUE, clean = clean, quiet = quiet, :
     Running 'texi2dvi' on 'ees.tex' failed.
    LaTeX errors:
    ! LaTeX Error: File `a4wide.sty' not found.
    
    Type X to quit or <RETURN> to proceed,
    or enter new name. (Default extension: sty)
    
    /vign_test/eventstudies/vignettes/ees.tex:5: ==> Fatal error occurred, no outp
    ut PDF file produced!
    Calls: buildVignettes -> texi2pdf -> texi2dvi
    Execution halted
Flavor: r-release-osx-x86_64-mavericks