CRAN Package Check Results for Package eventstudies

Last updated on 2015-03-02 05:47:38.

Flavor Version Tinstall Tcheck Ttotal Status Flags
r-devel-linux-x86_64-debian-clang 1.1 0.90 58.60 59.50 NOTE
r-devel-linux-x86_64-debian-gcc 1.1 0.88 57.63 58.51 NOTE
r-devel-linux-x86_64-fedora-clang 1.1 115.43 NOTE
r-devel-linux-x86_64-fedora-gcc 1.1 110.81 NOTE
r-devel-osx-x86_64-clang 1.1 111.99 NOTE
r-devel-windows-ix86+x86_64 1.1 7.00 133.00 140.00 NOTE
r-patched-linux-x86_64 1.1 1.03 62.62 63.64 NOTE
r-patched-solaris-sparc 1.1 673.60 NOTE
r-patched-solaris-x86 1.1 197.40 NOTE
r-release-linux-ix86 1.1 1.43 91.91 93.34 NOTE
r-release-linux-x86_64 1.1 1.02 62.15 63.17 NOTE
r-release-osx-x86_64-mavericks 1.1 NOTE
r-release-windows-ix86+x86_64 1.1 9.00 138.00 147.00 NOTE
r-oldrel-windows-ix86+x86_64 1.1 5.00 103.00 108.00 NOTE

Check Details

Version: 1.1
Check: DESCRIPTION meta-information
Result: NOTE
    Malformed Description field: should contain one or more complete sentences.
Flavors: r-devel-linux-x86_64-debian-clang, r-devel-linux-x86_64-debian-gcc, r-devel-linux-x86_64-fedora-clang, r-devel-linux-x86_64-fedora-gcc, r-devel-osx-x86_64-clang, r-devel-windows-ix86+x86_64

Version: 1.1
Check: dependencies in R code
Result: NOTE
    Packages in Depends field not imported from:
     ‘boot’ ‘xts’ ‘zoo’
     These packages need to be imported from (in the NAMESPACE file)
     for when this namespace is loaded but not attached.
Flavors: r-devel-linux-x86_64-debian-clang, r-devel-linux-x86_64-debian-gcc, r-devel-linux-x86_64-fedora-clang, r-devel-linux-x86_64-fedora-gcc, r-devel-osx-x86_64-clang, r-devel-windows-ix86+x86_64, r-patched-linux-x86_64, r-patched-solaris-x86

Version: 1.1
Check: R code for possible problems
Result: NOTE
    ees: no visible global function definition for ‘zoo’
    eesPlot: no visible global function definition for ‘index’
    gen.data: no visible global function definition for ‘index’
    gen.data: no visible global function definition for ‘coredata’
    get.clusters.formatted: no visible global function definition for ‘xts’
    get.clusters.formatted: no visible global function definition for ‘zoo’
    inference.Ecar: no visible global function definition for ‘boot’
    inference.change.boot: no visible global function definition for ‘boot’
    inference.change.boot: no visible global function definition for
     ‘boot.ci’
    phys2eventtime : timeshift: no visible global function definition for
     ‘index’
    phys2eventtime : timeshift: no visible global function definition for
     ‘zoo’
    phys2eventtime: no visible global function definition for ‘zoo’
    phys2eventtime: no visible global function definition for ‘na.locf’
    sumstat: no visible global function definition for ‘xts’
    yearly.exevent.summary: no visible global function definition for
     ‘apply.yearly’
    yearly.exevent.summary: no visible global function definition for ‘xts’
    yearly.exevent.summary: no visible global function definition for
     ‘index<-’
    yearly.exevent.summary: no visible global function definition for
     ‘as.yearmon’
    yearly.exevent.summary: no visible global function definition for
     ‘index’
Flavors: r-devel-linux-x86_64-debian-clang, r-devel-linux-x86_64-debian-gcc, r-devel-linux-x86_64-fedora-clang, r-devel-linux-x86_64-fedora-gcc, r-devel-osx-x86_64-clang, r-devel-windows-ix86+x86_64, r-patched-linux-x86_64, r-patched-solaris-sparc, r-patched-solaris-x86, r-release-linux-ix86, r-release-linux-x86_64, r-release-osx-x86_64-mavericks, r-release-windows-ix86+x86_64

Version: 1.1
Check: Rd line widths
Result: NOTE
    Rd file 'eesPlot.Rd':
     \examples lines wider than 100 characters:
     eesPlot(z=eesData, response.series.name="nifty", event.series.name="sp500",titlestring="S&P500", ylab="(Cum.) change in NIFTY")
    
    These lines will be truncated in the PDF manual.
Flavors: r-devel-linux-x86_64-debian-clang, r-devel-linux-x86_64-debian-gcc, r-devel-linux-x86_64-fedora-clang, r-devel-linux-x86_64-fedora-gcc, r-patched-linux-x86_64, r-release-linux-ix86, r-release-linux-x86_64

Version: 1.1
Check: dependencies in R code
Result: NOTE
    Packages in Depends field not imported from:
     ‘boot’ ‘xts’ ‘zoo’
     These packages need to be imported from (in the NAMESPACE file)
     for when this namespace is loaded but not attached.
    See the information on DESCRIPTION files in the chapter ‘Creating R
    packages’ of the ‘Writing R Extensions’ manual.
Flavors: r-patched-solaris-sparc, r-release-linux-ix86, r-release-linux-x86_64, r-release-osx-x86_64-mavericks, r-release-windows-ix86+x86_64, r-oldrel-windows-ix86+x86_64