CRAN Package Check Results for Package evgam

Last updated on 2022-12-02 06:51:13 CET.

Flavor Version Tinstall Tcheck Ttotal Status Flags
r-devel-linux-x86_64-debian-clang 1.0.0 223.77 64.91 288.68 OK
r-devel-linux-x86_64-debian-gcc 1.0.0 169.91 50.43 220.34 OK
r-devel-linux-x86_64-fedora-clang 1.0.0 447.48 OK
r-devel-linux-x86_64-fedora-gcc 1.0.0 419.99 OK
r-devel-windows-x86_64 1.0.0 255.00 126.00 381.00 OK
r-patched-linux-x86_64 1.0.0 188.92 62.11 251.03 OK
r-release-linux-x86_64 1.0.0 182.74 62.42 245.16 OK
r-release-macos-arm64 1.0.0 92.00 NOTE
r-release-macos-x86_64 1.0.0 110.00 NOTE
r-release-windows-x86_64 1.0.0 188.00 126.00 314.00 OK
r-oldrel-macos-arm64 1.0.0 86.00 NOTE
r-oldrel-macos-x86_64 1.0.0 108.00 NOTE
r-oldrel-windows-ix86+x86_64 1.0.0 539.00 120.00 659.00 OK

Check Details

Version: 1.0.0
Check: installed package size
Result: NOTE
     installed size is 7.5Mb
     sub-directories of 1Mb or more:
     libs 6.7Mb
Flavors: r-release-macos-arm64, r-release-macos-x86_64, r-oldrel-macos-arm64, r-oldrel-macos-x86_64